2a06:98c0:3600::103 - - [17/Jun/2026:10:30:19 -0400] "GET /como-preparar-envios HTTP/1.1" 301 0 "https://www.google.com/search?q=transaboraico.cl" "Mozilla/5.0 (Macintosh; Intel Mac OS X 10_15_7) AppleWebKit/537.36 (KHTML, like Gecko) Chrome/131.0.0.0 Safari/537.36"
2a06:98c0:3600::103 - - [17/Jun/2026:10:30:19 -0400] "GET /contacto HTTP/1.1" 301 0 "https://www.google.com/search?q=transaboraico.cl" "Mozilla/5.0 (Windows NT 10.0; Win64; x64; rv:133.0) Gecko/20100101 Firefox/133.0"
2a06:98c0:3600::103 - - [17/Jun/2026:10:30:22 -0400] "GET /seguimiento HTTP/1.1" 301 795 "https://www.google.com/search?q=transaboraico.cl" "Mozilla/5.0 (Windows NT 10.0; Win64; x64; rv:133.0) Gecko/20100101 Firefox/133.0"
2a06:98c0:3600::103 - - [17/Jun/2026:10:30:19 -0400] "GET /empresa HTTP/1.1" 301 0 "https://www.google.com/search?q=transaboraico.cl" "Mozilla/5.0 (Windows NT 10.0; Win64; x64) AppleWebKit/537.36 (KHTML, like Gecko) Chrome/131.0.0.0 Safari/537.36"
2a06:98c0:3600::103 - - [17/Jun/2026:10:30:23 -0400] "GET /como-preparar-envios/ HTTP/1.1" 200 17752 "https://www.google.com/search?q=transaboraico.cl" "Mozilla/5.0 (Macintosh; Intel Mac OS X 10_15_7) AppleWebKit/537.36 (KHTML, like Gecko) Chrome/131.0.0.0 Safari/537.36"
2a06:98c0:3600::103 - - [17/Jun/2026:10:30:24 -0400] "GET /normas-de-transporte/ HTTP/1.1" 200 21434 "https://www.google.com/search?q=transaboraico.cl" "Mozilla/5.0 (Windows NT 10.0; Win64; x64; rv:133.0) Gecko/20100101 Firefox/133.0"
2a06:98c0:3600::103 - - [17/Jun/2026:10:30:24 -0400] "GET /contacto/ HTTP/1.1" 200 17783 "https://www.google.com/search?q=transaboraico.cl" "Mozilla/5.0 (Windows NT 10.0; Win64; x64; rv:133.0) Gecko/20100101 Firefox/133.0"
2a06:98c0:3600::103 - - [17/Jun/2026:10:30:24 -0400] "GET /tiempo-de-entrega/ HTTP/1.1" 200 16889 "https://www.google.com/search?q=transaboraico.cl" "Mozilla/5.0 (Macintosh; Intel Mac OS X 10_15_7) AppleWebKit/537.36 (KHTML, like Gecko) Chrome/131.0.0.0 Safari/537.36"
2a06:98c0:3600::103 - - [17/Jun/2026:10:30:22 -0400] "GET /facturacion HTTP/1.1" 301 0 "https://www.google.com/search?q=transaboraico.cl" "Mozilla/5.0 (Macintosh; Intel Mac OS X 10_15_7) AppleWebKit/537.36 (KHTML, like Gecko) Chrome/131.0.0.0 Safari/537.36"
2a06:98c0:3600::103 - - [17/Jun/2026:10:30:24 -0400] "GET /cobertura/ HTTP/1.1" 200 17149 "https://www.google.com/search?q=transaboraico.cl" "Mozilla/5.0 (Windows NT 10.0; Win64; x64; rv:133.0) Gecko/20100101 Firefox/133.0"
2a06:98c0:3600::103 - - [17/Jun/2026:10:30:24 -0400] "GET /seguimiento_/ HTTP/1.1" 200 16147 "https://www.google.com/search?q=transaboraico.cl" "Mozilla/5.0 (Macintosh; Intel Mac OS X 10_15_7) AppleWebKit/537.36 (KHTML, like Gecko) Chrome/131.0.0.0 Safari/537.36"
104.210.140.135 - - [17/Jun/2026:10:48:50 -0400] "GET /robots.txt HTTP/2" 200 173 "-" "Mozilla/5.0 (Macintosh; Intel Mac OS X 10_15_7) AppleWebKit/537.36 (KHTML, like Gecko) Chrome/131.0.0.0 Safari/537.36; compatible; OAI-SearchBot/1.0; +https://openai.com/searchbot"
207.210.83.200 - - [17/Jun/2026:11:05:21 -0400] "POST /wp-cron.php?doing_wp_cron=1781708721.7199680805206298828125 HTTP/1.1" 200 0 "-" "WordPress/7.0; https://transaboraico.cl"
186.40.198.0 - - [17/Jun/2026:11:07:35 -0400] "GET /wp-content/uploads/2022/06/natura.png HTTP/2" 200 5965 "https://transaboraico.cl/" "Mozilla/5.0 (Windows NT 10.0; Win64; x64) AppleWebKit/537.36 (KHTML, like Gecko) Chrome/149.0.0.0 Safari/537.36"
2a06:98c0:3600::103 - - [17/Jun/2026:10:30:10 -0400] "GET / HTTP/1.1" 200 26032 "https://www.google.com/search?q=transaboraico.cl" "Mozilla/5.0 (Macintosh; Intel Mac OS X 10_15_7) AppleWebKit/537.36 (KHTML, like Gecko) Chrome/131.0.0.0 Safari/537.36"
2a06:98c0:3600::103 - - [17/Jun/2026:10:30:13 -0400] "GET /Casino-online/sitemap.xmlSitemap: HTTP/1.1" 404 15394 "https://www.google.com/search?q=transaboraico.cl" "Mozilla/5.0 (Windows NT 10.0; Win64; x64) AppleWebKit/537.36 (KHTML, like Gecko) Chrome/131.0.0.0 Safari/537.36"
2a06:98c0:3600::103 - - [17/Jun/2026:10:30:19 -0400] "GET /mercaderia-prohibida HTTP/1.1" 301 795 "https://www.google.com/search?q=transaboraico.cl" "Mozilla/5.0 (Windows NT 10.0; Win64; x64) AppleWebKit/537.36 (KHTML, like Gecko) Chrome/131.0.0.0 Safari/537.36"
2a06:98c0:3600::103 - - [17/Jun/2026:10:30:19 -0400] "GET /normas-de-transporte HTTP/1.1" 301 0 "https://www.google.com/search?q=transaboraico.cl" "Mozilla/5.0 (Windows NT 10.0; Win64; x64; rv:133.0) Gecko/20100101 Firefox/133.0"
2a06:98c0:3600::103 - - [17/Jun/2026:10:30:20 -0400] "GET /cobertura HTTP/1.1" 301 0 "https://www.google.com/search?q=transaboraico.cl" "Mozilla/5.0 (Windows NT 10.0; Win64; x64; rv:133.0) Gecko/20100101 Firefox/133.0"
2a06:98c0:3600::103 - - [17/Jun/2026:10:30:24 -0400] "GET /soporte/ HTTP/1.1" 200 17324 "https://www.google.com/search?q=transaboraico.cl" "Mozilla/5.0 (Macintosh; Intel Mac OS X 10_15_7) AppleWebKit/537.36 (KHTML, like Gecko) Chrome/131.0.0.0 Safari/537.36"
2a06:98c0:3600::103 - - [17/Jun/2026:10:30:24 -0400] "GET /seguimiento/ HTTP/1.1" 200 56509 "https://www.google.com/search?q=transaboraico.cl" "Mozilla/5.0 (Windows NT 10.0; Win64; x64; rv:133.0) Gecko/20100101 Firefox/133.0"
216.73.217.63 - - [17/Jun/2026:10:44:23 -0400] "GET /robots.txt HTTP/2" 200 173 "-" "Mozilla/5.0 AppleWebKit/537.36 (KHTML, like Gecko; compatible; ClaudeBot/1.0; +claudebot@anthropic.com)"
216.73.217.63 - - [17/Jun/2026:10:44:24 -0400] "GET /?feed=xmlsitemap1711 HTTP/2" 404 178 "-" "Mozilla/5.0 AppleWebKit/537.36 (KHTML, like Gecko; compatible; ClaudeBot/1.0; +claudebot@anthropic.com)"
207.210.83.200 - - [17/Jun/2026:10:48:44 -0400] "POST /wp-cron.php?doing_wp_cron=1781707724.0172419548034667968750 HTTP/1.1" 200 0 "-" "WordPress/7.0; https://transaboraico.cl"
216.73.217.63 - - [17/Jun/2026:10:48:42 -0400] "GET /?p=1065 HTTP/2" 301 0 "-" "Mozilla/5.0 AppleWebKit/537.36 (KHTML, like Gecko; compatible; ClaudeBot/1.0; +claudebot@anthropic.com)"
216.73.217.63 - - [17/Jun/2026:10:48:44 -0400] "GET /2025/11/20/casino-gran-madrid-bono-sin-dep%C3%B3sito/ HTTP/2" 200 17866 "https://transaboraico.cl/?p=1065" "Mozilla/5.0 AppleWebKit/537.36 (KHTML, like Gecko; compatible; ClaudeBot/1.0; +claudebot@anthropic.com)"
207.210.83.200 - - [17/Jun/2026:11:00:08 -0400] "POST /wp-cron.php?doing_wp_cron=1781708408.1336650848388671875000 HTTP/1.1" 200 0 "-" "WordPress/7.0; https://transaboraico.cl"
40.77.167.71 - - [17/Jun/2026:11:05:19 -0400] "GET /?p=3103 HTTP/2" 301 0 "-" "Mozilla/5.0 AppleWebKit/537.36 (KHTML, like Gecko; compatible; bingbot/2.0; +http://www.bing.com/bingbot.htm) Chrome/116.0.1938.76 Safari/537.36"
207.210.83.200 - - [17/Jun/2026:11:13:59 -0400] "POST /wp-cron.php?doing_wp_cron=1781709239.5514929294586181640625 HTTP/1.1" 200 0 "-" "WordPress/7.0; https://transaboraico.cl"
196.115.228.143 - - [17/Jun/2026:11:13:57 -0400] "GET /brand-a-z/aveeno.html HTTP/1.1" 404 17009 "-" "Mozilla/5.0 (Macintosh; Intel Mac OS X 10_14_6) AppleWebKit/537.36 (KHTML, like Gecko) Chrome/94.0.4606.81 Safari/537.36"
52.167.144.169 - - [17/Jun/2026:11:14:21 -0400] "GET /wp-content/uploads/2021/12/san-jose.jpg HTTP/2" 301 0 "-" "Mozilla/5.0 AppleWebKit/537.36 (KHTML, like Gecko; compatible; bingbot/2.0; +http://www.bing.com/bingbot.htm) Chrome/116.0.1938.76 Safari/537.36"
52.167.144.193 - - [17/Jun/2026:11:14:32 -0400] "GET /wp-content/uploads/2021/12/san-jose.jpg HTTP/2" 404 15388 "-" "Mozilla/5.0 AppleWebKit/537.36 (KHTML, like Gecko; compatible; bingbot/2.0; +http://www.bing.com/bingbot.htm) Chrome/116.0.1938.76 Safari/537.36"
207.210.83.200 - - [17/Jun/2026:11:15:59 -0400] "POST /wp-cron.php?doing_wp_cron=1781709359.5494379997253417968750 HTTP/1.1" 200 0 "-" "WordPress/7.0; https://transaboraico.cl"
40.77.167.154 - - [17/Jun/2026:11:15:57 -0400] "GET /2025/11/20/jugar-al-bingo-online/ HTTP/2" 200 18050 "-" "Mozilla/5.0 AppleWebKit/537.36 (KHTML, like Gecko; compatible; bingbot/2.0; +http://www.bing.com/bingbot.htm) Chrome/116.0.1938.76 Safari/537.36"
3.226.202.248 - - [17/Jun/2026:11:18:02 -0400] "GET /robots.txt HTTP/1.1" 200 193 "-" "Mozilla/5.0 (Macintosh; Intel Mac OS X 10_10_1) AppleWebKit/600.2.5 (KHTML, like Gecko) Version/8.0.2 Safari/600.2.5 (Gort)"
207.210.83.200 - - [17/Jun/2026:11:38:02 -0400] "POST /wp-cron.php?doing_wp_cron=1781710682.8613650798797607421875 HTTP/1.1" 200 0 "-" "WordPress/7.0; https://transaboraico.cl"
216.73.217.63 - - [17/Jun/2026:11:38:01 -0400] "GET /Casino-online/sitemap.xml%20http://transaboraico.cl/w8.php?m=4&t=1 HTTP/2" 301 0 "-" "Mozilla/5.0 AppleWebKit/537.36 (KHTML, like Gecko; compatible; ClaudeBot/1.0; +claudebot@anthropic.com)"
216.73.217.63 - - [17/Jun/2026:11:38:03 -0400] "GET /Casino-online/sitemap.xml%20http:/transaboraico.cl/w8.php?m=4&t=1 HTTP/2" 404 15395 "https://transaboraico.cl/Casino-online/sitemap.xml%20http://transaboraico.cl/w8.php?m=4&t=1" "Mozilla/5.0 AppleWebKit/537.36 (KHTML, like Gecko; compatible; ClaudeBot/1.0; +claudebot@anthropic.com)"
207.210.83.200 - - [17/Jun/2026:11:38:14 -0400] "POST /wp-cron.php?doing_wp_cron=1781710694.1456201076507568359375 HTTP/1.1" 200 0 "-" "WordPress/7.0; https://transaboraico.cl"
52.167.144.190 - - [17/Jun/2026:11:40:20 -0400] "GET /2025/11/20/casinos-online-mendoza/ HTTP/2" 200 17761 "-" "Mozilla/5.0 AppleWebKit/537.36 (KHTML, like Gecko; compatible; bingbot/2.0; +http://www.bing.com/bingbot.htm) Chrome/116.0.1938.76 Safari/537.36"
200.55.245.154 - - [17/Jun/2026:12:16:40 -0400] "GET /2025/11/20/casino-juego-murcia/ HTTP/1.1" 200 17807 "https://transaboraico.cl/" "Mozilla/5.0 (X11; Linux x86_64; rv:125.0) Gecko/20100101 Firefox/125.0"
190.5.41.183 - - [17/Jun/2026:12:20:15 -0400] "GET / HTTP/3" 200 26034 "-" "Mozilla/5.0 (Windows NT 10.0; Win64; x64) AppleWebKit/537.36 (KHTML, like Gecko) Chrome/149.0.0.0 Safari/537.36"
190.5.41.183 - - [17/Jun/2026:12:20:15 -0400] "GET /wp-content/plugins/complianz-gdpr/assets/css/cookieblocker.min.css?ver=1779237595 HTTP/3" 200 615 "https://transaboraico.cl/" "Mozilla/5.0 (Windows NT 10.0; Win64; x64) AppleWebKit/537.36 (KHTML, like Gecko) Chrome/149.0.0.0 Safari/537.36"
190.5.41.183 - - [17/Jun/2026:12:20:15 -0400] "GET /wp-content/themes/hello-elementor/assets/css/reset.css?ver=3.4.9 HTTP/3" 200 1590 "https://transaboraico.cl/" "Mozilla/5.0 (Windows NT 10.0; Win64; x64) AppleWebKit/537.36 (KHTML, like Gecko) Chrome/149.0.0.0 Safari/537.36"
190.5.41.183 - - [17/Jun/2026:12:20:15 -0400] "GET /wp-content/themes/hello-elementor/assets/css/header-footer.css?ver=3.4.9 HTTP/3" 200 1261 "https://transaboraico.cl/" "Mozilla/5.0 (Windows NT 10.0; Win64; x64) AppleWebKit/537.36 (KHTML, like Gecko) Chrome/149.0.0.0 Safari/537.36"
190.5.41.183 - - [17/Jun/2026:12:20:15 -0400] "GET /wp-content/themes/hello-elementor/assets/css/theme.css?ver=3.4.9 HTTP/3" 200 1126 "https://transaboraico.cl/" "Mozilla/5.0 (Windows NT 10.0; Win64; x64) AppleWebKit/537.36 (KHTML, like Gecko) Chrome/149.0.0.0 Safari/537.36"
190.5.41.183 - - [17/Jun/2026:12:20:15 -0400] "GET /wp-content/uploads/elementor/css/post-6.css?ver=1781707607 HTTP/3" 200 457 "https://transaboraico.cl/" "Mozilla/5.0 (Windows NT 10.0; Win64; x64) AppleWebKit/537.36 (KHTML, like Gecko) Chrome/149.0.0.0 Safari/537.36"
190.5.41.183 - - [17/Jun/2026:12:20:15 -0400] "GET /wp-content/plugins/elementor/assets/css/widget-image.min.css?ver=4.1.0 HTTP/3" 200 96 "https://transaboraico.cl/" "Mozilla/5.0 (Windows NT 10.0; Win64; x64) AppleWebKit/537.36 (KHTML, like Gecko) Chrome/149.0.0.0 Safari/537.36"
190.5.41.183 - - [17/Jun/2026:12:20:15 -0400] "GET /wp-content/plugins/elementor/assets/lib/animations/styles/fadeInDown.min.css?ver=4.1.0 HTTP/3" 200 137 "https://transaboraico.cl/" "Mozilla/5.0 (Windows NT 10.0; Win64; x64) AppleWebKit/537.36 (KHTML, like Gecko) Chrome/149.0.0.0 Safari/537.36"
190.5.41.183 - - [17/Jun/2026:12:20:15 -0400] "GET /wp-content/plugins/elementor-pro/assets/css/modules/sticky.min.css?ver=4.0.2 HTTP/3" 200 162 "https://transaboraico.cl/" "Mozilla/5.0 (Windows NT 10.0; Win64; x64) AppleWebKit/537.36 (KHTML, like Gecko) Chrome/149.0.0.0 Safari/537.36"
190.5.41.183 - - [17/Jun/2026:12:20:15 -0400] "GET /wp-content/plugins/elementor-pro/assets/css/widget-nav-menu.min.css?ver=4.0.2 HTTP/3" 200 3241 "https://transaboraico.cl/" "Mozilla/5.0 (Windows NT 10.0; Win64; x64) AppleWebKit/537.36 (KHTML, like Gecko) Chrome/149.0.0.0 Safari/537.36"
190.5.41.183 - - [17/Jun/2026:12:20:15 -0400] "GET /wp-content/plugins/elementor/assets/css/widget-social-icons.min.css?ver=4.1.0 HTTP/3" 200 1039 "https://transaboraico.cl/" "Mozilla/5.0 (Windows NT 10.0; Win64; x64) AppleWebKit/537.36 (KHTML, like Gecko) Chrome/149.0.0.0 Safari/537.36"
190.5.41.183 - - [17/Jun/2026:12:20:15 -0400] "GET /wp-content/plugins/elementor/assets/css/conditionals/apple-webkit.min.css?ver=4.1.0 HTTP/3" 200 464 "https://transaboraico.cl/" "Mozilla/5.0 (Windows NT 10.0; Win64; x64) AppleWebKit/537.36 (KHTML, like Gecko) Chrome/149.0.0.0 Safari/537.36"
190.5.41.183 - - [17/Jun/2026:12:20:15 -0400] "GET /wp-content/plugins/elementor/assets/css/widget-heading.min.css?ver=4.1.0 HTTP/3" 200 126 "https://transaboraico.cl/" "Mozilla/5.0 (Windows NT 10.0; Win64; x64) AppleWebKit/537.36 (KHTML, like Gecko) Chrome/149.0.0.0 Safari/537.36"
190.5.41.183 - - [17/Jun/2026:12:20:15 -0400] "GET /wp-content/plugins/elementor/assets/css/widget-icon-list.min.css?ver=4.1.0 HTTP/3" 200 928 "https://transaboraico.cl/" "Mozilla/5.0 (Windows NT 10.0; Win64; x64) AppleWebKit/537.36 (KHTML, like Gecko) Chrome/149.0.0.0 Safari/537.36"
190.5.41.183 - - [17/Jun/2026:12:20:15 -0400] "GET /wp-content/plugins/elementor/assets/lib/animations/styles/fadeInUp.min.css?ver=4.1.0 HTTP/3" 200 130 "https://transaboraico.cl/" "Mozilla/5.0 (Windows NT 10.0; Win64; x64) AppleWebKit/537.36 (KHTML, like Gecko) Chrome/149.0.0.0 Safari/537.36"
190.5.41.183 - - [17/Jun/2026:12:20:15 -0400] "GET /wp-content/plugins/elementor/assets/lib/animations/styles/fadeIn.min.css?ver=4.1.0 HTTP/3" 200 77 "https://transaboraico.cl/" "Mozilla/5.0 (Windows NT 10.0; Win64; x64) AppleWebKit/537.36 (KHTML, like Gecko) Chrome/149.0.0.0 Safari/537.36"
190.5.41.183 - - [17/Jun/2026:12:20:15 -0400] "GET /wp-content/plugins/elementor/assets/css/conditionals/e-swiper.min.css?ver=4.1.0 HTTP/3" 200 699 "https://transaboraico.cl/" "Mozilla/5.0 (Windows NT 10.0; Win64; x64) AppleWebKit/537.36 (KHTML, like Gecko) Chrome/149.0.0.0 Safari/537.36"
190.5.41.183 - - [17/Jun/2026:12:20:15 -0400] "GET /wp-content/plugins/elementor-pro/assets/css/widget-testimonial-carousel.min.css?ver=4.0.2 HTTP/3" 200 1398 "https://transaboraico.cl/" "Mozilla/5.0 (Windows NT 10.0; Win64; x64) AppleWebKit/537.36 (KHTML, like Gecko) Chrome/149.0.0.0 Safari/537.36"
190.5.41.183 - - [17/Jun/2026:12:20:15 -0400] "GET /wp-content/plugins/elementor-pro/assets/css/widget-carousel-module-base.min.css?ver=4.0.2 HTTP/3" 200 582 "https://transaboraico.cl/" "Mozilla/5.0 (Windows NT 10.0; Win64; x64) AppleWebKit/537.36 (KHTML, like Gecko) Chrome/149.0.0.0 Safari/537.36"
190.5.41.183 - - [17/Jun/2026:12:20:15 -0400] "GET /wp-content/plugins/elementor/assets/css/widget-counter.min.css?ver=4.1.0 HTTP/3" 200 208 "https://transaboraico.cl/" "Mozilla/5.0 (Windows NT 10.0; Win64; x64) AppleWebKit/537.36 (KHTML, like Gecko) Chrome/149.0.0.0 Safari/537.36"
190.5.41.183 - - [17/Jun/2026:12:20:15 -0400] "GET /wp-content/plugins/elementor/assets/css/widget-spacer.min.css?ver=4.1.0 HTTP/3" 200 287 "https://transaboraico.cl/" "Mozilla/5.0 (Windows NT 10.0; Win64; x64) AppleWebKit/537.36 (KHTML, like Gecko) Chrome/149.0.0.0 Safari/537.36"
190.5.41.183 - - [17/Jun/2026:12:20:15 -0400] "GET /wp-content/plugins/elementor/assets/lib/animations/styles/fadeInLeft.min.css?ver=4.1.0 HTTP/3" 200 137 "https://transaboraico.cl/" "Mozilla/5.0 (Windows NT 10.0; Win64; x64) AppleWebKit/537.36 (KHTML, like Gecko) Chrome/149.0.0.0 Safari/537.36"
190.5.41.183 - - [17/Jun/2026:12:20:15 -0400] "GET /wp-content/plugins/elementor-pro/assets/css/widget-form.min.css?ver=4.0.2 HTTP/3" 200 1405 "https://transaboraico.cl/" "Mozilla/5.0 (Windows NT 10.0; Win64; x64) AppleWebKit/537.36 (KHTML, like Gecko) Chrome/149.0.0.0 Safari/537.36"
190.5.41.183 - - [17/Jun/2026:12:20:15 -0400] "GET /wp-content/uploads/elementor/css/post-25.css?ver=1781707607 HTTP/3" 200 955 "https://transaboraico.cl/" "Mozilla/5.0 (Windows NT 10.0; Win64; x64) AppleWebKit/537.36 (KHTML, like Gecko) Chrome/149.0.0.0 Safari/537.36"
190.5.41.183 - - [17/Jun/2026:12:20:15 -0400] "GET /wp-content/plugins/elementor/assets/css/widget-progress.min.css?ver=4.1.0 HTTP/3" 200 313 "https://transaboraico.cl/" "Mozilla/5.0 (Windows NT 10.0; Win64; x64) AppleWebKit/537.36 (KHTML, like Gecko) Chrome/149.0.0.0 Safari/537.36"
190.5.41.183 - - [17/Jun/2026:12:20:15 -0400] "GET /wp-content/uploads/elementor/css/post-36.css?ver=1781707607 HTTP/3" 200 1267 "https://transaboraico.cl/" "Mozilla/5.0 (Windows NT 10.0; Win64; x64) AppleWebKit/537.36 (KHTML, like Gecko) Chrome/149.0.0.0 Safari/537.36"
190.5.41.183 - - [17/Jun/2026:12:20:15 -0400] "GET /wp-content/plugins/elementor/assets/lib/font-awesome/css/regular.min.css?ver=5.15.3 HTTP/3" 200 283 "https://transaboraico.cl/" "Mozilla/5.0 (Windows NT 10.0; Win64; x64) AppleWebKit/537.36 (KHTML, like Gecko) Chrome/149.0.0.0 Safari/537.36"
190.5.41.183 - - [17/Jun/2026:12:20:15 -0400] "GET /wp-content/plugins/elementor/assets/lib/font-awesome/css/solid.min.css?ver=5.15.3 HTTP/3" 200 286 "https://transaboraico.cl/" "Mozilla/5.0 (Windows NT 10.0; Win64; x64) AppleWebKit/537.36 (KHTML, like Gecko) Chrome/149.0.0.0 Safari/537.36"
190.5.41.183 - - [17/Jun/2026:12:20:15 -0400] "GET /wp-content/plugins/elementor/assets/lib/font-awesome/css/brands.min.css?ver=5.15.3 HTTP/3" 200 284 "https://transaboraico.cl/" "Mozilla/5.0 (Windows NT 10.0; Win64; x64) AppleWebKit/537.36 (KHTML, like Gecko) Chrome/149.0.0.0 Safari/537.36"
190.5.41.183 - - [17/Jun/2026:12:20:15 -0400] "GET /wp-content/uploads/elementor/css/post-424.css?ver=1781713053 HTTP/3" 200 530 "https://transaboraico.cl/" "Mozilla/5.0 (Windows NT 10.0; Win64; x64) AppleWebKit/537.36 (KHTML, like Gecko) Chrome/149.0.0.0 Safari/537.36"
190.5.41.183 - - [17/Jun/2026:12:20:15 -0400] "GET /wp-content/uploads/elementor/css/post-427.css?ver=1781713053 HTTP/3" 200 513 "https://transaboraico.cl/" "Mozilla/5.0 (Windows NT 10.0; Win64; x64) AppleWebKit/537.36 (KHTML, like Gecko) Chrome/149.0.0.0 Safari/537.36"
190.5.41.183 - - [17/Jun/2026:12:20:15 -0400] "GET /wp-content/plugins/elementor/assets/css/widget-accordion.min.css?ver=4.1.0 HTTP/3" 200 353 "https://transaboraico.cl/" "Mozilla/5.0 (Windows NT 10.0; Win64; x64) AppleWebKit/537.36 (KHTML, like Gecko) Chrome/149.0.0.0 Safari/537.36"
190.5.41.183 - - [17/Jun/2026:12:20:15 -0400] "GET /wp-content/plugins/elementor/assets/css/frontend.min.css?ver=4.1.0 HTTP/3" 200 6613 "https://transaboraico.cl/" "Mozilla/5.0 (Windows NT 10.0; Win64; x64) AppleWebKit/537.36 (KHTML, like Gecko) Chrome/149.0.0.0 Safari/537.36"
190.5.41.183 - - [17/Jun/2026:12:20:15 -0400] "GET /wp-content/plugins/elementor/assets/lib/eicons/css/elementor-icons.min.css?ver=5.49.0 HTTP/3" 200 4114 "https://transaboraico.cl/" "Mozilla/5.0 (Windows NT 10.0; Win64; x64) AppleWebKit/537.36 (KHTML, like Gecko) Chrome/149.0.0.0 Safari/537.36"
190.5.41.183 - - [17/Jun/2026:12:20:15 -0400] "GET /wp-content/plugins/elementor/assets/lib/swiper/v8/css/swiper.min.css?ver=8.4.5 HTTP/3" 200 4248 "https://transaboraico.cl/" "Mozilla/5.0 (Windows NT 10.0; Win64; x64) AppleWebKit/537.36 (KHTML, like Gecko) Chrome/149.0.0.0 Safari/537.36"
190.5.41.183 - - [17/Jun/2026:12:20:15 -0400] "GET /wp-content/uploads/elementor/css/post-7.css?ver=1781713052 HTTP/3" 200 4564 "https://transaboraico.cl/" "Mozilla/5.0 (Windows NT 10.0; Win64; x64) AppleWebKit/537.36 (KHTML, like Gecko) Chrome/149.0.0.0 Safari/537.36"
190.5.41.183 - - [17/Jun/2026:12:20:15 -0400] "GET /wp-content/plugins/creame-whatsapp-me/public/css/joinchat.min.css?ver=6.2.3 HTTP/3" 200 5187 "https://transaboraico.cl/" "Mozilla/5.0 (Windows NT 10.0; Win64; x64) AppleWebKit/537.36 (KHTML, like Gecko) Chrome/149.0.0.0 Safari/537.36"
190.5.41.183 - - [17/Jun/2026:12:20:15 -0400] "GET /wp-includes/js/jquery/jquery-migrate.min.js?ver=3.4.1 HTTP/3" 200 4678 "https://transaboraico.cl/" "Mozilla/5.0 (Windows NT 10.0; Win64; x64) AppleWebKit/537.36 (KHTML, like Gecko) Chrome/149.0.0.0 Safari/537.36"
190.5.41.183 - - [17/Jun/2026:12:20:15 -0400] "GET /wp-content/plugins/elementor/assets/lib/font-awesome/css/fontawesome.min.css?ver=5.15.3 HTTP/3" 200 12164 "https://transaboraico.cl/" "Mozilla/5.0 (Windows NT 10.0; Win64; x64) AppleWebKit/537.36 (KHTML, like Gecko) Chrome/149.0.0.0 Safari/537.36"
190.5.41.183 - - [17/Jun/2026:12:20:15 -0400] "GET /wp-content/uploads/2022/06/LOGOaboraico.png HTTP/3" 200 9717 "https://transaboraico.cl/" "Mozilla/5.0 (Windows NT 10.0; Win64; x64) AppleWebKit/537.36 (KHTML, like Gecko) Chrome/149.0.0.0 Safari/537.36"
190.5.41.183 - - [17/Jun/2026:12:20:15 -0400] "GET /wp-includes/js/jquery/jquery.min.js?ver=3.7.1 HTTP/3" 200 29744 "https://transaboraico.cl/" "Mozilla/5.0 (Windows NT 10.0; Win64; x64) AppleWebKit/537.36 (KHTML, like Gecko) Chrome/149.0.0.0 Safari/537.36"
190.5.41.183 - - [17/Jun/2026:12:20:16 -0400] "GET /wp-content/plugins/elementor/assets/js/webpack.runtime.min.js?ver=4.1.0 HTTP/3" 200 2338 "https://transaboraico.cl/" "Mozilla/5.0 (Windows NT 10.0; Win64; x64) AppleWebKit/537.36 (KHTML, like Gecko) Chrome/149.0.0.0 Safari/537.36"
190.5.41.183 - - [17/Jun/2026:12:20:16 -0400] "GET /wp-content/plugins/elementor/assets/js/frontend-modules.min.js?ver=4.1.0 HTTP/3" 200 15445 "https://transaboraico.cl/" "Mozilla/5.0 (Windows NT 10.0; Win64; x64) AppleWebKit/537.36 (KHTML, like Gecko) Chrome/149.0.0.0 Safari/537.36"
190.5.41.183 - - [17/Jun/2026:12:20:16 -0400] "GET /wp-content/themes/hello-elementor/assets/js/hello-frontend.js?ver=3.4.9 HTTP/3" 200 493 "https://transaboraico.cl/" "Mozilla/5.0 (Windows NT 10.0; Win64; x64) AppleWebKit/537.36 (KHTML, like Gecko) Chrome/149.0.0.0 Safari/537.36"
190.5.41.183 - - [17/Jun/2026:12:20:16 -0400] "GET /wp-content/plugins/elementor/assets/lib/jquery-numerator/jquery-numerator.min.js?ver=0.2.1 HTTP/3" 200 677 "https://transaboraico.cl/" "Mozilla/5.0 (Windows NT 10.0; Win64; x64) AppleWebKit/537.36 (KHTML, like Gecko) Chrome/149.0.0.0 Safari/537.36"
190.5.41.183 - - [17/Jun/2026:12:20:16 -0400] "GET /wp-content/plugins/elementor/assets/lib/font-awesome/webfonts/fa-solid-900.woff2 HTTP/3" 200 78196 "https://transaboraico.cl/wp-content/plugins/elementor/assets/lib/font-awesome/css/solid.min.css?ver=5.15.3" "Mozilla/5.0 (Windows NT 10.0; Win64; x64) AppleWebKit/537.36 (KHTML, like Gecko) Chrome/149.0.0.0 Safari/537.36"
190.5.41.183 - - [17/Jun/2026:12:20:16 -0400] "GET /wp-content/plugins/elementor/assets/lib/font-awesome/webfonts/fa-regular-400.woff2 HTTP/3" 200 13276 "https://transaboraico.cl/wp-content/plugins/elementor/assets/lib/font-awesome/css/regular.min.css?ver=5.15.3" "Mozilla/5.0 (Windows NT 10.0; Win64; x64) AppleWebKit/537.36 (KHTML, like Gecko) Chrome/149.0.0.0 Safari/537.36"
190.5.41.183 - - [17/Jun/2026:12:20:16 -0400] "GET /wp-includes/js/jquery/ui/core.min.js?ver=1.13.3 HTTP/3" 200 6812 "https://transaboraico.cl/" "Mozilla/5.0 (Windows NT 10.0; Win64; x64) AppleWebKit/537.36 (KHTML, like Gecko) Chrome/149.0.0.0 Safari/537.36"
190.5.41.183 - - [17/Jun/2026:12:20:16 -0400] "GET /wp-content/plugins/elementor/assets/lib/font-awesome/webfonts/fa-brands-400.woff2 HTTP/3" 200 81612 "https://transaboraico.cl/wp-content/plugins/elementor/assets/lib/font-awesome/css/brands.min.css?ver=5.15.3" "Mozilla/5.0 (Windows NT 10.0; Win64; x64) AppleWebKit/537.36 (KHTML, like Gecko) Chrome/149.0.0.0 Safari/537.36"
190.5.41.183 - - [17/Jun/2026:12:20:16 -0400] "GET /wp-content/plugins/elementor/assets/js/frontend.min.js?ver=4.1.0 HTTP/3" 200 10124 "https://transaboraico.cl/" "Mozilla/5.0 (Windows NT 10.0; Win64; x64) AppleWebKit/537.36 (KHTML, like Gecko) Chrome/149.0.0.0 Safari/537.36"
190.5.41.183 - - [17/Jun/2026:12:20:16 -0400] "GET /wp-content/plugins/elementor-pro/assets/lib/sticky/jquery.sticky.min.js?ver=4.0.2 HTTP/3" 200 1442 "https://transaboraico.cl/" "Mozilla/5.0 (Windows NT 10.0; Win64; x64) AppleWebKit/537.36 (KHTML, like Gecko) Chrome/149.0.0.0 Safari/537.36"
190.5.41.183 - - [17/Jun/2026:12:20:16 -0400] "GET /wp-content/plugins/elementor-pro/assets/js/webpack-pro.runtime.min.js?ver=4.0.2 HTTP/3" 200 2611 "https://transaboraico.cl/" "Mozilla/5.0 (Windows NT 10.0; Win64; x64) AppleWebKit/537.36 (KHTML, like Gecko) Chrome/149.0.0.0 Safari/537.36"
190.5.41.183 - - [17/Jun/2026:12:20:16 -0400] "GET /wp-includes/js/dist/hooks.min.js?ver=7496969728ca0f95732d HTTP/3" 200 1712 "https://transaboraico.cl/" "Mozilla/5.0 (Windows NT 10.0; Win64; x64) AppleWebKit/537.36 (KHTML, like Gecko) Chrome/149.0.0.0 Safari/537.36"
190.5.41.183 - - [17/Jun/2026:12:20:16 -0400] "GET /wp-includes/js/dist/i18n.min.js?ver=781d11515ad3d91786ec HTTP/3" 200 2330 "https://transaboraico.cl/" "Mozilla/5.0 (Windows NT 10.0; Win64; x64) AppleWebKit/537.36 (KHTML, like Gecko) Chrome/149.0.0.0 Safari/537.36"
190.5.41.183 - - [17/Jun/2026:12:20:16 -0400] "GET /wp-content/plugins/elementor-pro/assets/lib/smartmenus/jquery.smartmenus.min.js?ver=1.2.1 HTTP/3" 200 6867 "https://transaboraico.cl/" "Mozilla/5.0 (Windows NT 10.0; Win64; x64) AppleWebKit/537.36 (KHTML, like Gecko) Chrome/149.0.0.0 Safari/537.36"
190.5.41.183 - - [17/Jun/2026:12:20:16 -0400] "GET /wp-content/plugins/wp-smushit/app/assets/js/smush-lazy-load.min.js?ver=4.0.3 HTTP/3" 200 7822 "https://transaboraico.cl/" "Mozilla/5.0 (Windows NT 10.0; Win64; x64) AppleWebKit/537.36 (KHTML, like Gecko) Chrome/149.0.0.0 Safari/537.36"
190.5.41.183 - - [17/Jun/2026:12:20:16 -0400] "GET /wp-content/plugins/elementor/assets/lib/swiper/v8/swiper.min.js?ver=8.4.5 HTTP/3" 200 38152 "https://transaboraico.cl/" "Mozilla/5.0 (Windows NT 10.0; Win64; x64) AppleWebKit/537.36 (KHTML, like Gecko) Chrome/149.0.0.0 Safari/537.36"
190.5.41.183 - - [17/Jun/2026:12:20:16 -0400] "GET /wp-content/plugins/elementor-pro/assets/js/frontend.min.js?ver=4.0.2 HTTP/3" 200 6191 "https://transaboraico.cl/" "Mozilla/5.0 (Windows NT 10.0; Win64; x64) AppleWebKit/537.36 (KHTML, like Gecko) Chrome/149.0.0.0 Safari/537.36"
190.5.41.183 - - [17/Jun/2026:12:20:16 -0400] "GET /wp-content/plugins/burst-statistics/assets/js/timeme/timeme.min.js?ver=1779852933 HTTP/3" 200 1831 "https://transaboraico.cl/" "Mozilla/5.0 (Windows NT 10.0; Win64; x64) AppleWebKit/537.36 (KHTML, like Gecko) Chrome/149.0.0.0 Safari/537.36"
190.5.41.183 - - [17/Jun/2026:12:20:16 -0400] "GET /wp-content/uploads/burst/js/burst.min.js?ver=1781643379 HTTP/3" 200 3147 "https://transaboraico.cl/" "Mozilla/5.0 (Windows NT 10.0; Win64; x64) AppleWebKit/537.36 (KHTML, like Gecko) Chrome/149.0.0.0 Safari/537.36"
190.5.41.183 - - [17/Jun/2026:12:20:16 -0400] "GET /wp-content/plugins/elementor-pro/assets/js/elements-handlers.min.js?ver=4.0.2 HTTP/3" 200 10079 "https://transaboraico.cl/" "Mozilla/5.0 (Windows NT 10.0; Win64; x64) AppleWebKit/537.36 (KHTML, like Gecko) Chrome/149.0.0.0 Safari/537.36"
190.5.41.183 - - [17/Jun/2026:12:20:16 -0400] "GET /wp-content/plugins/creame-whatsapp-me/public/js/joinchat.min.js?ver=6.2.3 HTTP/3" 200 3630 "https://transaboraico.cl/" "Mozilla/5.0 (Windows NT 10.0; Win64; x64) AppleWebKit/537.36 (KHTML, like Gecko) Chrome/149.0.0.0 Safari/537.36"
190.5.41.183 - - [17/Jun/2026:12:20:16 -0400] "GET /wp-content/plugins/complianz-gdpr/cookiebanner/js/complianz.min.js?ver=1779237596 HTTP/3" 200 10477 "https://transaboraico.cl/" "Mozilla/5.0 (Windows NT 10.0; Win64; x64) AppleWebKit/537.36 (KHTML, like Gecko) Chrome/149.0.0.0 Safari/537.36"
190.5.41.183 - - [17/Jun/2026:12:20:16 -0400] "GET /wp-content/uploads/2022/06/prm-world-map.png HTTP/3" 200 9945 "https://transaboraico.cl/wp-content/uploads/elementor/css/post-7.css?ver=1781713052" "Mozilla/5.0 (Windows NT 10.0; Win64; x64) AppleWebKit/537.36 (KHTML, like Gecko) Chrome/149.0.0.0 Safari/537.36"
190.5.41.183 - - [17/Jun/2026:12:20:17 -0400] "GET /wp-content/uploads/complianz/css/banner-2-optout.css?v=5 HTTP/3" 200 2828 "https://transaboraico.cl/" "Mozilla/5.0 (Windows NT 10.0; Win64; x64) AppleWebKit/537.36 (KHTML, like Gecko) Chrome/149.0.0.0 Safari/537.36"
190.5.41.183 - - [17/Jun/2026:12:20:17 -0400] "GET /wp-content/plugins/elementor-pro/assets/js/nav-menu.3afa8f5eb1fef7c22561.bundle.min.js HTTP/3" 200 1720 "https://transaboraico.cl/" "Mozilla/5.0 (Windows NT 10.0; Win64; x64) AppleWebKit/537.36 (KHTML, like Gecko) Chrome/149.0.0.0 Safari/537.36"
190.5.41.183 - - [17/Jun/2026:12:20:17 -0400] "GET /wp-content/plugins/elementor-pro/assets/js/carousel.e2af910b095554625156.bundle.min.js HTTP/3" 200 1587 "https://transaboraico.cl/" "Mozilla/5.0 (Windows NT 10.0; Win64; x64) AppleWebKit/537.36 (KHTML, like Gecko) Chrome/149.0.0.0 Safari/537.36"
190.5.41.183 - - [17/Jun/2026:12:20:17 -0400] "GET /wp-content/plugins/elementor/assets/js/shared-frontend-handlers.03caa53373b56d3bab67.bundle.min.js HTTP/3" 200 2511 "https://transaboraico.cl/" "Mozilla/5.0 (Windows NT 10.0; Win64; x64) AppleWebKit/537.36 (KHTML, like Gecko) Chrome/149.0.0.0 Safari/537.36"
190.5.41.183 - - [17/Jun/2026:12:20:17 -0400] "GET /wp-includes/js/wp-emoji-release.min.js?ver=7.0 HTTP/3" 200 4949 "https://transaboraico.cl/" "Mozilla/5.0 (Windows NT 10.0; Win64; x64) AppleWebKit/537.36 (KHTML, like Gecko) Chrome/149.0.0.0 Safari/537.36"
190.5.41.183 - - [17/Jun/2026:12:20:17 -0400] "GET /wp-content/plugins/elementor-pro/assets/js/popup.61d4fcab8891b2e07802.bundle.min.js HTTP/3" 200 390 "https://transaboraico.cl/" "Mozilla/5.0 (Windows NT 10.0; Win64; x64) AppleWebKit/537.36 (KHTML, like Gecko) Chrome/149.0.0.0 Safari/537.36"
190.5.41.183 - - [17/Jun/2026:12:20:17 -0400] "GET /wp-content/plugins/elementor/assets/js/accordion.8b0db5058afeb74622f5.bundle.min.js HTTP/3" 200 1282 "https://transaboraico.cl/" "Mozilla/5.0 (Windows NT 10.0; Win64; x64) AppleWebKit/537.36 (KHTML, like Gecko) Chrome/149.0.0.0 Safari/537.36"
190.5.41.183 - - [17/Jun/2026:12:20:17 -0400] "GET /wp-content/plugins/elementor/assets/js/counter.12335f45aaa79d244f24.bundle.min.js HTTP/3" 200 415 "https://transaboraico.cl/" "Mozilla/5.0 (Windows NT 10.0; Win64; x64) AppleWebKit/537.36 (KHTML, like Gecko) Chrome/149.0.0.0 Safari/537.36"
190.5.41.183 - - [17/Jun/2026:12:20:17 -0400] "GET /wp-content/plugins/elementor-pro/assets/js/form.cfd61a9174be80f835c6.bundle.min.js HTTP/3" 200 4943 "https://transaboraico.cl/" "Mozilla/5.0 (Windows NT 10.0; Win64; x64) AppleWebKit/537.36 (KHTML, like Gecko) Chrome/149.0.0.0 Safari/537.36"
190.5.41.183 - - [17/Jun/2026:12:20:17 -0400] "GET /wp-content/plugins/elementor/assets/js/text-editor.45609661e409413f1cef.bundle.min.js HTTP/3" 200 592 "https://transaboraico.cl/" "Mozilla/5.0 (Windows NT 10.0; Win64; x64) AppleWebKit/537.36 (KHTML, like Gecko) Chrome/149.0.0.0 Safari/537.36"
190.5.41.183 - - [17/Jun/2026:12:20:17 -0400] "GET /wp-content/plugins/elementor/assets/js/progress.0ea083b809812c0e3aa1.bundle.min.js HTTP/3" 200 407 "https://transaboraico.cl/" "Mozilla/5.0 (Windows NT 10.0; Win64; x64) AppleWebKit/537.36 (KHTML, like Gecko) Chrome/149.0.0.0 Safari/537.36"
190.5.41.183 - - [17/Jun/2026:12:20:17 -0400] "GET /wp-content/plugins/elementor/assets/js/section-frontend-handlers.d85ab872da118940910d.bundle.min.js HTTP/3" 200 229 "https://transaboraico.cl/" "Mozilla/5.0 (Windows NT 10.0; Win64; x64) AppleWebKit/537.36 (KHTML, like Gecko) Chrome/149.0.0.0 Safari/537.36"
190.5.41.183 - - [17/Jun/2026:12:20:16 -0400] "GET /wp-content/uploads/2022/06/Hero4s2-e1655149132915.jpeg HTTP/3" 200 143619 "https://transaboraico.cl/wp-content/uploads/elementor/css/post-7.css?ver=1781713052" "Mozilla/5.0 (Windows NT 10.0; Win64; x64) AppleWebKit/537.36 (KHTML, like Gecko) Chrome/149.0.0.0 Safari/537.36"
190.5.41.183 - - [17/Jun/2026:12:20:16 -0400] "GET /wp-content/uploads/2022/06/courier.jpeg HTTP/3" 200 159290 "https://transaboraico.cl/wp-content/uploads/elementor/css/post-7.css?ver=1781713052" "Mozilla/5.0 (Windows NT 10.0; Win64; x64) AppleWebKit/537.36 (KHTML, like Gecko) Chrome/149.0.0.0 Safari/537.36"
190.5.41.183 - - [17/Jun/2026:12:20:17 -0400] "POST /wp-content/plugins/burst-statistics/endpoint.php HTTP/3" 200 0 "https://transaboraico.cl/" "Mozilla/5.0 (Windows NT 10.0; Win64; x64) AppleWebKit/537.36 (KHTML, like Gecko) Chrome/149.0.0.0 Safari/537.36"
190.5.41.183 - - [17/Jun/2026:12:20:16 -0400] "GET /wp-content/uploads/2022/06/Triangle-Vector-PNG-Clipart.png HTTP/3" 200 205288 "https://transaboraico.cl/wp-content/uploads/elementor/css/post-7.css?ver=1781713052" "Mozilla/5.0 (Windows NT 10.0; Win64; x64) AppleWebKit/537.36 (KHTML, like Gecko) Chrome/149.0.0.0 Safari/537.36"
190.5.41.183 - - [17/Jun/2026:12:20:16 -0400] "GET /wp-content/uploads/2022/06/courier-delivering-parcels.jpeg HTTP/3" 200 220744 "https://transaboraico.cl/wp-content/uploads/elementor/css/post-7.css?ver=1781713052" "Mozilla/5.0 (Windows NT 10.0; Win64; x64) AppleWebKit/537.36 (KHTML, like Gecko) Chrome/149.0.0.0 Safari/537.36"
190.5.41.183 - - [17/Jun/2026:12:20:18 -0400] "GET /wp-content/uploads/2022/06/cropped-LOGOaboraico-32x32.png HTTP/3" 200 620 "https://transaboraico.cl/" "Mozilla/5.0 (Windows NT 10.0; Win64; x64) AppleWebKit/537.36 (KHTML, like Gecko) Chrome/149.0.0.0 Safari/537.36"
190.5.41.183 - - [17/Jun/2026:12:20:19 -0400] "GET /wp-content/uploads/2022/06/natura.png HTTP/3" 200 5965 "https://transaboraico.cl/" "Mozilla/5.0 (Windows NT 10.0; Win64; x64) AppleWebKit/537.36 (KHTML, like Gecko) Chrome/149.0.0.0 Safari/537.36"
190.5.41.183 - - [17/Jun/2026:12:20:19 -0400] "GET /wp-content/uploads/2022/06/Unimarc-831x1024.png HTTP/3" 200 13819 "https://transaboraico.cl/" "Mozilla/5.0 (Windows NT 10.0; Win64; x64) AppleWebKit/537.36 (KHTML, like Gecko) Chrome/149.0.0.0 Safari/537.36"
190.5.41.183 - - [17/Jun/2026:12:20:19 -0400] "GET /wp-content/uploads/2022/06/integra-1024x341.png HTTP/3" 200 16029 "https://transaboraico.cl/" "Mozilla/5.0 (Windows NT 10.0; Win64; x64) AppleWebKit/537.36 (KHTML, like Gecko) Chrome/149.0.0.0 Safari/537.36"
190.5.41.183 - - [17/Jun/2026:12:20:19 -0400] "GET /wp-content/uploads/2022/06/Telefonica_Del_Sur-1.png HTTP/3" 200 3494 "https://transaboraico.cl/" "Mozilla/5.0 (Windows NT 10.0; Win64; x64) AppleWebKit/537.36 (KHTML, like Gecko) Chrome/149.0.0.0 Safari/537.36"
190.5.41.183 - - [17/Jun/2026:12:20:19 -0400] "GET /wp-content/uploads/2022/06/Logo_SuberBodega_Acuenta-1024x416.png HTTP/3" 200 17959 "https://transaboraico.cl/" "Mozilla/5.0 (Windows NT 10.0; Win64; x64) AppleWebKit/537.36 (KHTML, like Gecko) Chrome/149.0.0.0 Safari/537.36"
190.5.41.183 - - [17/Jun/2026:12:20:19 -0400] "GET /wp-content/uploads/2022/06/Falabella-1024x400.png HTTP/3" 200 9581 "https://transaboraico.cl/" "Mozilla/5.0 (Windows NT 10.0; Win64; x64) AppleWebKit/537.36 (KHTML, like Gecko) Chrome/149.0.0.0 Safari/537.36"
190.5.41.183 - - [17/Jun/2026:12:20:19 -0400] "GET /wp-content/uploads/2022/06/Ripley_Logo-e1656089223151-1024x123.png HTTP/3" 200 5467 "https://transaboraico.cl/" "Mozilla/5.0 (Windows NT 10.0; Win64; x64) AppleWebKit/537.36 (KHTML, like Gecko) Chrome/149.0.0.0 Safari/537.36"
190.5.41.183 - - [17/Jun/2026:12:20:19 -0400] "GET /wp-content/uploads/2022/06/CLA_CajaLosAndes-e1656089328964.png HTTP/3" 200 4648 "https://transaboraico.cl/" "Mozilla/5.0 (Windows NT 10.0; Win64; x64) AppleWebKit/537.36 (KHTML, like Gecko) Chrome/149.0.0.0 Safari/537.36"
190.5.41.183 - - [17/Jun/2026:12:20:19 -0400] "GET /wp-content/uploads/2022/06/groupon-e1656089296903-1024x447.png HTTP/3" 200 13756 "https://transaboraico.cl/" "Mozilla/5.0 (Windows NT 10.0; Win64; x64) AppleWebKit/537.36 (KHTML, like Gecko) Chrome/149.0.0.0 Safari/537.36"
190.5.41.183 - - [17/Jun/2026:12:20:20 -0400] "GET /wp-content/uploads/2022/06/Logo_correoschile-e1656089308216-1024x143.png HTTP/3" 200 8729 "https://transaboraico.cl/" "Mozilla/5.0 (Windows NT 10.0; Win64; x64) AppleWebKit/537.36 (KHTML, like Gecko) Chrome/149.0.0.0 Safari/537.36"
190.5.41.183 - - [17/Jun/2026:12:20:31 -0400] "POST /wp-content/plugins/burst-statistics/endpoint.php HTTP/3" 200 0 "https://transaboraico.cl/" "Mozilla/5.0 (Windows NT 10.0; Win64; x64) AppleWebKit/537.36 (KHTML, like Gecko) Chrome/149.0.0.0 Safari/537.36"
190.5.41.183 - - [17/Jun/2026:12:20:31 -0400] "GET /retiros/ HTTP/3" 200 19332 "https://transaboraico.cl/" "Mozilla/5.0 (Windows NT 10.0; Win64; x64) AppleWebKit/537.36 (KHTML, like Gecko) Chrome/149.0.0.0 Safari/537.36"
190.5.41.183 - - [17/Jun/2026:12:20:34 -0400] "GET /wp-content/plugins/elementor-pro/assets/css/conditionals/popup.min.css?ver=4.0.2 HTTP/3" 200 328 "https://transaboraico.cl/retiros/" "Mozilla/5.0 (Windows NT 10.0; Win64; x64) AppleWebKit/537.36 (KHTML, like Gecko) Chrome/149.0.0.0 Safari/537.36"
190.5.41.183 - - [17/Jun/2026:12:20:34 -0400] "GET /wp-content/plugins/elementor/assets/lib/flatpickr/flatpickr.min.js?ver=4.6.13 HTTP/3" 200 14078 "https://transaboraico.cl/retiros/" "Mozilla/5.0 (Windows NT 10.0; Win64; x64) AppleWebKit/537.36 (KHTML, like Gecko) Chrome/149.0.0.0 Safari/537.36"
190.5.41.183 - - [17/Jun/2026:12:20:34 -0400] "GET /wp-content/uploads/elementor/css/post-592.css?ver=1781713233 HTTP/3" 200 1524 "https://transaboraico.cl/retiros/" "Mozilla/5.0 (Windows NT 10.0; Win64; x64) AppleWebKit/537.36 (KHTML, like Gecko) Chrome/149.0.0.0 Safari/537.36"
190.5.41.183 - - [17/Jun/2026:12:20:34 -0400] "GET /wp-content/uploads/elementor/css/post-699.css?ver=1781713233 HTTP/3" 200 358 "https://transaboraico.cl/retiros/" "Mozilla/5.0 (Windows NT 10.0; Win64; x64) AppleWebKit/537.36 (KHTML, like Gecko) Chrome/149.0.0.0 Safari/537.36"
190.5.41.183 - - [17/Jun/2026:12:20:34 -0400] "GET /wp-content/plugins/elementor/assets/lib/flatpickr/flatpickr.min.css?ver=4.6.13 HTTP/3" 200 2797 "https://transaboraico.cl/retiros/" "Mozilla/5.0 (Windows NT 10.0; Win64; x64) AppleWebKit/537.36 (KHTML, like Gecko) Chrome/149.0.0.0 Safari/537.36"
190.5.41.183 - - [17/Jun/2026:12:20:34 -0400] "GET /wp-content/plugins/elementor/assets/lib/dialog/dialog.min.js?ver=4.9.3 HTTP/3" 200 3593 "https://transaboraico.cl/retiros/" "Mozilla/5.0 (Windows NT 10.0; Win64; x64) AppleWebKit/537.36 (KHTML, like Gecko) Chrome/149.0.0.0 Safari/537.36"
190.5.41.183 - - [17/Jun/2026:12:20:34 -0400] "GET /wp-content/plugins/elementor/assets/lib/eicons/fonts/eicons.woff2?5.49.0 HTTP/3" 200 106044 "https://transaboraico.cl/wp-content/plugins/elementor/assets/lib/eicons/css/elementor-icons.min.css?ver=5.49.0" "Mozilla/5.0 (Windows NT 10.0; Win64; x64) AppleWebKit/537.36 (KHTML, like Gecko) Chrome/149.0.0.0 Safari/537.36"
190.5.41.183 - - [17/Jun/2026:12:20:34 -0400] "POST /wp-content/plugins/burst-statistics/endpoint.php HTTP/3" 200 0 "https://transaboraico.cl/" "Mozilla/5.0 (Windows NT 10.0; Win64; x64) AppleWebKit/537.36 (KHTML, like Gecko) Chrome/149.0.0.0 Safari/537.36"
190.5.41.183 - - [17/Jun/2026:12:20:34 -0400] "POST /wp-content/plugins/burst-statistics/endpoint.php HTTP/3" 200 0 "https://transaboraico.cl/retiros/" "Mozilla/5.0 (Windows NT 10.0; Win64; x64) AppleWebKit/537.36 (KHTML, like Gecko) Chrome/149.0.0.0 Safari/537.36"
190.5.41.183 - - [17/Jun/2026:12:20:35 -0400] "GET /wp-content/plugins/elementor/assets/css/conditionals/dialog.min.css?ver=4.1.0 HTTP/3" 200 1428 "https://transaboraico.cl/retiros/" "Mozilla/5.0 (Windows NT 10.0; Win64; x64) AppleWebKit/537.36 (KHTML, like Gecko) Chrome/149.0.0.0 Safari/537.36"
190.5.41.183 - - [17/Jun/2026:12:20:35 -0400] "GET /wp-content/uploads/2024/03/requisitos-de-embalaje-1-250x250-1-150x150.jpg HTTP/3" 200 7117 "https://transaboraico.cl/retiros/" "Mozilla/5.0 (Windows NT 10.0; Win64; x64) AppleWebKit/537.36 (KHTML, like Gecko) Chrome/149.0.0.0 Safari/537.36"
190.5.41.183 - - [17/Jun/2026:12:20:48 -0400] "POST /wp-content/plugins/burst-statistics/endpoint.php HTTP/3" 200 0 "https://transaboraico.cl/retiros/" "Mozilla/5.0 (Windows NT 10.0; Win64; x64) AppleWebKit/537.36 (KHTML, like Gecko) Chrome/149.0.0.0 Safari/537.36"
52.167.144.179 - - [17/Jun/2026:11:00:06 -0400] "GET /?p=4798 HTTP/2" 301 0 "-" "Mozilla/5.0 AppleWebKit/537.36 (KHTML, like Gecko; compatible; bingbot/2.0; +http://www.bing.com/bingbot.htm) Chrome/116.0.1938.76 Safari/537.36"
207.210.83.200 - - [17/Jun/2026:11:14:22 -0400] "POST /wp-cron.php?doing_wp_cron=1781709262.8318829536437988281250 HTTP/1.1" 200 0 "-" "WordPress/7.0; https://transaboraico.cl"
52.167.144.197 - - [17/Jun/2026:11:38:12 -0400] "GET /?p=2492 HTTP/2" 301 0 "-" "Mozilla/5.0 AppleWebKit/537.36 (KHTML, like Gecko; compatible; bingbot/2.0; +http://www.bing.com/bingbot.htm) Chrome/116.0.1938.76 Safari/537.36"
207.210.83.200 - - [17/Jun/2026:11:40:10 -0400] "POST /wp-cron.php?doing_wp_cron=1781710810.8320920467376708984375 HTTP/1.1" 200 0 "-" "WordPress/7.0; https://transaboraico.cl"
216.73.217.63 - - [17/Jun/2026:11:40:08 -0400] "GET /?feed=xmlsitemap1711 HTTP/2" 404 178 "-" "Mozilla/5.0 AppleWebKit/537.36 (KHTML, like Gecko; compatible; ClaudeBot/1.0; +claudebot@anthropic.com)"
207.210.83.200 - - [17/Jun/2026:12:16:37 -0400] "POST /wp-cron.php?doing_wp_cron=1781712997.5559530258178710937500 HTTP/1.1" 200 0 "-" "WordPress/7.0; https://transaboraico.cl"
207.210.83.200 - - [17/Jun/2026:12:20:15 -0400] "POST /wp-cron.php?doing_wp_cron=1781713215.4914290904998779296875 HTTP/1.1" 200 0 "-" "WordPress/7.0; https://transaboraico.cl"
190.5.41.183 - - [17/Jun/2026:12:20:13 -0400] "GET / HTTP/2" 301 0 "-" "Mozilla/5.0 (Windows NT 10.0; Win64; x64) AppleWebKit/537.36 (KHTML, like Gecko) Chrome/149.0.0.0 Safari/537.36"
186.40.198.0 - - [17/Jun/2026:11:07:37 -0400] "POST /wp-content/plugins/burst-statistics/endpoint.php HTTP/2" 200 0 "https://transaboraico.cl/" "Mozilla/5.0 (Windows NT 10.0; Win64; x64) AppleWebKit/537.36 (KHTML, like Gecko) Chrome/149.0.0.0 Safari/537.36"
177.44.126.241 - - [17/Jun/2026:12:16:34 -0400] "GET /?p=1272 HTTP/1.1" 301 0 "https://transaboraico.cl/" "Mozilla/5.0 (X11; Linux x86_64; rv:125.0) Gecko/20100101 Firefox/125.0"
207.210.83.200 - - [17/Jun/2026:12:16:42 -0400] "POST /wp-cron.php?doing_wp_cron=1781713002.0532829761505126953125 HTTP/1.1" 200 0 "-" "WordPress/7.0; https://transaboraico.cl"
112.34.110.5 - - [17/Jun/2026:12:17:30 -0400] "GET / HTTP/1.1" 200 26034 "http://www.baidu.com/" "Mozilla/5.0 (iPhone; CPU iPhone OS 16_6 like Mac OS X) AppleWebKit/605.1.15     (KHTML, like Gecko) Version/16.6 Mobile/15E148 Safari/604.1"
190.5.41.183 - - [17/Jun/2026:12:25:08 -0400] "POST /wp-content/plugins/burst-statistics/endpoint.php HTTP/3" 200 0 "https://transaboraico.cl/retiros/" "Mozilla/5.0 (Windows NT 10.0; Win64; x64) AppleWebKit/537.36 (KHTML, like Gecko) Chrome/149.0.0.0 Safari/537.36"
190.5.41.183 - - [17/Jun/2026:12:25:32 -0400] "POST /wp-admin/admin-ajax.php HTTP/3" 200 99 "https://transaboraico.cl/retiros/" "Mozilla/5.0 (Windows NT 10.0; Win64; x64) AppleWebKit/537.36 (KHTML, like Gecko) Chrome/149.0.0.0 Safari/537.36"
207.210.83.200 - - [17/Jun/2026:12:25:34 -0400] "POST /wp-cron.php?doing_wp_cron=1781713534.4962849617004394531250 HTTP/1.1" 200 0 "-" "WordPress/7.0; https://transaboraico.cl"
190.5.41.183 - - [17/Jun/2026:12:32:06 -0400] "POST /wp-content/plugins/burst-statistics/endpoint.php HTTP/3" 200 0 "https://transaboraico.cl/retiros/" "Mozilla/5.0 (Windows NT 10.0; Win64; x64) AppleWebKit/537.36 (KHTML, like Gecko) Chrome/149.0.0.0 Safari/537.36"
74.125.217.39 - - [17/Jun/2026:12:34:52 -0400] "GET /mercaderia-prohibida/ HTTP/1.1" 200 57469 "-" "Mozilla/5.0 (compatible; Google-Site-Verification/1.0)"
216.73.217.63 - - [17/Jun/2026:12:35:53 -0400] "GET /robots.txt HTTP/2" 200 173 "-" "Mozilla/5.0 AppleWebKit/537.36 (KHTML, like Gecko; compatible; ClaudeBot/1.0; +claudebot@anthropic.com)"
216.73.217.63 - - [17/Jun/2026:12:35:53 -0400] "GET /Casino-online/sitemap.xml%20http://transaboraico.cl/w8.php?m=4&t=1 HTTP/2" 301 0 "-" "Mozilla/5.0 AppleWebKit/537.36 (KHTML, like Gecko; compatible; ClaudeBot/1.0; +claudebot@anthropic.com)"
216.73.217.63 - - [17/Jun/2026:12:35:54 -0400] "GET /Casino-online/sitemap.xml%20http:/transaboraico.cl/w8.php?m=4&t=1 HTTP/2" 404 15395 "https://transaboraico.cl/Casino-online/sitemap.xml%20http://transaboraico.cl/w8.php?m=4&t=1" "Mozilla/5.0 AppleWebKit/537.36 (KHTML, like Gecko; compatible; ClaudeBot/1.0; +claudebot@anthropic.com)"
74.125.217.37 - - [17/Jun/2026:12:34:53 -0400] "GET /seguimiento/ HTTP/1.1" 200 56444 "-" "Mozilla/5.0 (compatible; Google-Site-Verification/1.0)"
216.73.217.63 - - [17/Jun/2026:12:37:56 -0400] "GET /?feed=xmlsitemap1711 HTTP/2" 404 178 "-" "Mozilla/5.0 AppleWebKit/537.36 (KHTML, like Gecko; compatible; ClaudeBot/1.0; +claudebot@anthropic.com)"
207.210.83.200 - - [17/Jun/2026:12:43:45 -0400] "POST /wp-cron.php?doing_wp_cron=1781714625.5902640819549560546875 HTTP/1.1" 200 0 "-" "WordPress/7.0; https://transaboraico.cl"
41.24.87.55 - - [17/Jun/2026:12:43:43 -0400] "GET /brand-a-z/havaianas.html HTTP/1.1" 404 17012 "-" "Mozilla/5.0 (Windows NT 6.3; WOW64) AppleWebKit/537.36 (KHTML, like Gecko) Chrome/88.0.4324.150 Safari/537.36"
162.62.132.25 - - [17/Jun/2026:12:53:58 -0400] "GET / HTTP/1.1" 200 29645 "http://transaboraico.cl" "Mozilla/5.0 (iPhone; CPU iPhone OS 13_2_3 like Mac OS X) AppleWebKit/605.1.15 (KHTML, like Gecko) Version/13.0.3 Mobile/15E148 Safari/604.1"
52.167.144.175 - - [17/Jun/2026:12:58:54 -0400] "GET /wp-content/uploads/2021/10/cropped-paillaco-scaled-1.jpg HTTP/2" 301 0 "-" "Mozilla/5.0 AppleWebKit/537.36 (KHTML, like Gecko; compatible; bingbot/2.0; +http://www.bing.com/bingbot.htm) Chrome/116.0.1938.76 Safari/537.36"
207.210.83.200 - - [17/Jun/2026:12:59:05 -0400] "POST /wp-cron.php?doing_wp_cron=1781715545.9487531185150146484375 HTTP/1.1" 200 0 "-" "WordPress/7.0; https://transaboraico.cl"
52.167.144.238 - - [17/Jun/2026:12:59:03 -0400] "GET /wp-content/uploads/2021/10/cropped-paillaco-scaled-1.jpg HTTP/2" 404 15386 "-" "Mozilla/5.0 AppleWebKit/537.36 (KHTML, like Gecko; compatible; bingbot/2.0; +http://www.bing.com/bingbot.htm) Chrome/116.0.1938.76 Safari/537.36"
52.167.144.175 - - [17/Jun/2026:13:04:04 -0400] "GET /wp-content/uploads/2020/11/cropped-clientes_logos-1.jpg HTTP/2" 301 0 "-" "Mozilla/5.0 AppleWebKit/537.36 (KHTML, like Gecko; compatible; bingbot/2.0; +http://www.bing.com/bingbot.htm) Chrome/116.0.1938.76 Safari/537.36"
52.167.144.238 - - [17/Jun/2026:13:04:14 -0400] "GET /wp-content/uploads/2020/11/cropped-clientes_logos-1.jpg HTTP/2" 404 15391 "-" "Mozilla/5.0 AppleWebKit/537.36 (KHTML, like Gecko; compatible; bingbot/2.0; +http://www.bing.com/bingbot.htm) Chrome/116.0.1938.76 Safari/537.36"
207.210.83.200 - - [17/Jun/2026:12:58:55 -0400] "POST /wp-cron.php?doing_wp_cron=1781715535.8813729286193847656250 HTTP/1.1" 200 0 "-" "WordPress/7.0; https://transaboraico.cl"
207.210.83.200 - - [17/Jun/2026:13:04:06 -0400] "POST /wp-cron.php?doing_wp_cron=1781715846.0186951160430908203125 HTTP/1.1" 200 0 "-" "WordPress/7.0; https://transaboraico.cl"
207.210.83.200 - - [17/Jun/2026:13:26:09 -0400] "POST /wp-cron.php?doing_wp_cron=1781717169.3070509433746337890625 HTTP/1.1" 200 0 "-" "WordPress/7.0; https://transaboraico.cl"
190.95.113.175 - - [17/Jun/2026:13:26:05 -0400] "POST /wp-admin/admin-ajax.php HTTP/2" 200 99 "https://transaboraico.cl/retiros/" "Mozilla/5.0 (Windows NT 10.0; Win64; x64) AppleWebKit/537.36 (KHTML, like Gecko) Chrome/149.0.0.0 Safari/537.36"
190.95.113.175 - - [17/Jun/2026:13:26:09 -0400] "POST /wp-content/plugins/burst-statistics/endpoint.php HTTP/2" 200 0 "https://transaboraico.cl/retiros/" "Mozilla/5.0 (Windows NT 10.0; Win64; x64) AppleWebKit/537.36 (KHTML, like Gecko) Chrome/149.0.0.0 Safari/537.36"
34.26.204.126 - - [17/Jun/2026:13:29:43 -0400] "HEAD / HTTP/2" 200 0 "http://www.transaboraico.cl/" "Mozilla/5.0 (iPhone; CPU iPhone OS 16_7 like Mac OS X) AppleWebKit/605.1.15 (KHTML, like Gecko) Version/16.7 Mobile/15E148 Safari/604.1"
52.167.144.237 - - [17/Jun/2026:13:29:53 -0400] "GET /?p=3593 HTTP/2" 301 0 "-" "Mozilla/5.0 AppleWebKit/537.36 (KHTML, like Gecko; compatible; bingbot/2.0; +http://www.bing.com/bingbot.htm) Chrome/116.0.1938.76 Safari/537.36"
190.95.113.175 - - [17/Jun/2026:13:23:24 -0400] "GET /retiros/ HTTP/2" 200 19332 "-" "Mozilla/5.0 (Windows NT 10.0; Win64; x64) AppleWebKit/537.36 (KHTML, like Gecko) Chrome/149.0.0.0 Safari/537.36"
190.95.113.175 - - [17/Jun/2026:13:23:24 -0400] "GET /wp-content/uploads/elementor/css/post-6.css?ver=1781707607 HTTP/2" 200 457 "https://transaboraico.cl/retiros/" "Mozilla/5.0 (Windows NT 10.0; Win64; x64) AppleWebKit/537.36 (KHTML, like Gecko) Chrome/149.0.0.0 Safari/537.36"
190.95.113.175 - - [17/Jun/2026:13:23:24 -0400] "GET /wp-content/uploads/elementor/css/post-592.css?ver=1781713233 HTTP/2" 200 1524 "https://transaboraico.cl/retiros/" "Mozilla/5.0 (Windows NT 10.0; Win64; x64) AppleWebKit/537.36 (KHTML, like Gecko) Chrome/149.0.0.0 Safari/537.36"
190.95.113.175 - - [17/Jun/2026:13:23:24 -0400] "GET /wp-content/uploads/elementor/css/post-36.css?ver=1781707607 HTTP/2" 200 1267 "https://transaboraico.cl/retiros/" "Mozilla/5.0 (Windows NT 10.0; Win64; x64) AppleWebKit/537.36 (KHTML, like Gecko) Chrome/149.0.0.0 Safari/537.36"
190.95.113.175 - - [17/Jun/2026:13:23:24 -0400] "GET /wp-content/uploads/elementor/css/post-25.css?ver=1781707607 HTTP/2" 200 955 "https://transaboraico.cl/retiros/" "Mozilla/5.0 (Windows NT 10.0; Win64; x64) AppleWebKit/537.36 (KHTML, like Gecko) Chrome/149.0.0.0 Safari/537.36"
190.95.113.175 - - [17/Jun/2026:13:23:24 -0400] "GET /wp-content/uploads/elementor/css/post-699.css?ver=1781713233 HTTP/2" 200 358 "https://transaboraico.cl/retiros/" "Mozilla/5.0 (Windows NT 10.0; Win64; x64) AppleWebKit/537.36 (KHTML, like Gecko) Chrome/149.0.0.0 Safari/537.36"
190.95.113.175 - - [17/Jun/2026:13:23:24 -0400] "GET /wp-content/uploads/burst/js/burst.min.js?ver=1781643379 HTTP/2" 200 3147 "https://transaboraico.cl/retiros/" "Mozilla/5.0 (Windows NT 10.0; Win64; x64) AppleWebKit/537.36 (KHTML, like Gecko) Chrome/149.0.0.0 Safari/537.36"
