HEX
Server: LiteSpeed
System: Linux s470.v2nets.com 4.18.0-553.123.2.lve.el8.x86_64 #1 SMP Thu May 7 23:17:13 UTC 2026 x86_64
User: ascacl (1127)
PHP: 8.2.31
Disabled: NONE
Upload Files
File: /home/ascacl/access-logs/transaboraico.cl.asca.cl-ssl_log
66.249.74.39 - - [17/Jun/2026:08:13:47 -0400] "GET /2025/11/20/blackjack-basic-strategy-espa%C3%B1ol/ HTTP/1.1" 200 17940 "-" "Mozilla/5.0 (Linux; Android 6.0.1; Nexus 5X Build/MMB29P) AppleWebKit/537.36 (KHTML, like Gecko) Chrome/148.0.7778.96 Mobile Safari/537.36 (compatible; Googlebot/2.1; +http://www.google.com/bot.html)"
207.210.83.200 - - [17/Jun/2026:08:46:11 -0400] "POST /wp-cron.php?doing_wp_cron=1781700371.5369739532470703125000 HTTP/1.1" 200 0 "-" "WordPress/7.0; https://transaboraico.cl"
40.77.167.121 - - [17/Jun/2026:08:46:20 -0400] "GET /wp-content/uploads/2021/10/cropped-lanco.jpg HTTP/2" 404 15381 "-" "Mozilla/5.0 AppleWebKit/537.36 (KHTML, like Gecko; compatible; bingbot/2.0; +http://www.bing.com/bingbot.htm) Chrome/116.0.1938.76 Safari/537.36"
207.210.83.200 - - [17/Jun/2026:08:46:38 -0400] "POST /wp-cron.php?doing_wp_cron=1781700398.1442790031433105468750 HTTP/1.1" 200 0 "-" "WordPress/7.0; https://transaboraico.cl"
49.235.136.28 - - [17/Jun/2026:08:52:56 -0400] "GET / HTTP/1.1" 200 29642 "http://www.transaboraico.cl" "Mozilla/5.0 (iPhone; CPU iPhone OS 13_2_3 like Mac OS X) AppleWebKit/605.1.15 (KHTML, like Gecko) Version/13.0.3 Mobile/15E148 Safari/604.1"
181.226.141.91 - - [17/Jun/2026:08:54:53 -0400] "GET / HTTP/3" 200 26032 "https://www.google.com/" "Mozilla/5.0 (Windows NT 10.0; Win64; x64) AppleWebKit/537.36 (KHTML, like Gecko) Chrome/149.0.0.0 Safari/537.36"
181.226.141.91 - - [17/Jun/2026:08:54:53 -0400] "GET /wp-content/themes/hello-elementor/assets/css/reset.css?ver=3.4.9 HTTP/3" 200 1590 "https://transaboraico.cl/" "Mozilla/5.0 (Windows NT 10.0; Win64; x64) AppleWebKit/537.36 (KHTML, like Gecko) Chrome/149.0.0.0 Safari/537.36"
181.226.141.91 - - [17/Jun/2026:08:54:53 -0400] "GET /wp-content/plugins/complianz-gdpr/assets/css/cookieblocker.min.css?ver=1779237595 HTTP/3" 200 615 "https://transaboraico.cl/" "Mozilla/5.0 (Windows NT 10.0; Win64; x64) AppleWebKit/537.36 (KHTML, like Gecko) Chrome/149.0.0.0 Safari/537.36"
181.226.141.91 - - [17/Jun/2026:08:54:53 -0400] "GET /wp-content/themes/hello-elementor/assets/css/theme.css?ver=3.4.9 HTTP/3" 200 1126 "https://transaboraico.cl/" "Mozilla/5.0 (Windows NT 10.0; Win64; x64) AppleWebKit/537.36 (KHTML, like Gecko) Chrome/149.0.0.0 Safari/537.36"
181.226.141.91 - - [17/Jun/2026:08:54:53 -0400] "GET /wp-content/themes/hello-elementor/assets/css/header-footer.css?ver=3.4.9 HTTP/3" 200 1261 "https://transaboraico.cl/" "Mozilla/5.0 (Windows NT 10.0; Win64; x64) AppleWebKit/537.36 (KHTML, like Gecko) Chrome/149.0.0.0 Safari/537.36"
181.226.141.91 - - [17/Jun/2026:08:54:53 -0400] "GET /wp-content/plugins/elementor/assets/css/frontend.min.css?ver=4.1.0 HTTP/3" 200 6613 "https://transaboraico.cl/" "Mozilla/5.0 (Windows NT 10.0; Win64; x64) AppleWebKit/537.36 (KHTML, like Gecko) Chrome/149.0.0.0 Safari/537.36"
181.226.141.91 - - [17/Jun/2026:08:54:53 -0400] "GET /wp-content/uploads/elementor/css/post-6.css?ver=1780671626 HTTP/3" 200 457 "https://transaboraico.cl/" "Mozilla/5.0 (Windows NT 10.0; Win64; x64) AppleWebKit/537.36 (KHTML, like Gecko) Chrome/149.0.0.0 Safari/537.36"
181.226.141.91 - - [17/Jun/2026:08:54:53 -0400] "GET /wp-content/plugins/elementor/assets/lib/animations/styles/fadeInDown.min.css?ver=4.1.0 HTTP/3" 200 137 "https://transaboraico.cl/" "Mozilla/5.0 (Windows NT 10.0; Win64; x64) AppleWebKit/537.36 (KHTML, like Gecko) Chrome/149.0.0.0 Safari/537.36"
181.226.141.91 - - [17/Jun/2026:08:54:53 -0400] "GET /wp-content/plugins/elementor/assets/css/widget-image.min.css?ver=4.1.0 HTTP/3" 200 96 "https://transaboraico.cl/" "Mozilla/5.0 (Windows NT 10.0; Win64; x64) AppleWebKit/537.36 (KHTML, like Gecko) Chrome/149.0.0.0 Safari/537.36"
181.226.141.91 - - [17/Jun/2026:08:54:53 -0400] "GET /wp-content/plugins/elementor-pro/assets/css/widget-nav-menu.min.css?ver=4.0.2 HTTP/3" 200 3241 "https://transaboraico.cl/" "Mozilla/5.0 (Windows NT 10.0; Win64; x64) AppleWebKit/537.36 (KHTML, like Gecko) Chrome/149.0.0.0 Safari/537.36"
181.226.141.91 - - [17/Jun/2026:08:54:53 -0400] "GET /wp-content/plugins/elementor/assets/css/widget-social-icons.min.css?ver=4.1.0 HTTP/3" 200 1039 "https://transaboraico.cl/" "Mozilla/5.0 (Windows NT 10.0; Win64; x64) AppleWebKit/537.36 (KHTML, like Gecko) Chrome/149.0.0.0 Safari/537.36"
181.226.141.91 - - [17/Jun/2026:08:54:53 -0400] "GET /wp-content/plugins/elementor/assets/css/conditionals/apple-webkit.min.css?ver=4.1.0 HTTP/3" 200 464 "https://transaboraico.cl/" "Mozilla/5.0 (Windows NT 10.0; Win64; x64) AppleWebKit/537.36 (KHTML, like Gecko) Chrome/149.0.0.0 Safari/537.36"
181.226.141.91 - - [17/Jun/2026:08:54:53 -0400] "GET /wp-content/plugins/elementor-pro/assets/css/modules/sticky.min.css?ver=4.0.2 HTTP/3" 200 162 "https://transaboraico.cl/" "Mozilla/5.0 (Windows NT 10.0; Win64; x64) AppleWebKit/537.36 (KHTML, like Gecko) Chrome/149.0.0.0 Safari/537.36"
181.226.141.91 - - [17/Jun/2026:08:54:53 -0400] "GET /wp-content/plugins/elementor/assets/css/widget-heading.min.css?ver=4.1.0 HTTP/3" 200 126 "https://transaboraico.cl/" "Mozilla/5.0 (Windows NT 10.0; Win64; x64) AppleWebKit/537.36 (KHTML, like Gecko) Chrome/149.0.0.0 Safari/537.36"
181.226.141.91 - - [17/Jun/2026:08:54:53 -0400] "GET /wp-content/plugins/elementor/assets/css/widget-icon-list.min.css?ver=4.1.0 HTTP/3" 200 928 "https://transaboraico.cl/" "Mozilla/5.0 (Windows NT 10.0; Win64; x64) AppleWebKit/537.36 (KHTML, like Gecko) Chrome/149.0.0.0 Safari/537.36"
181.226.141.91 - - [17/Jun/2026:08:54:53 -0400] "GET /wp-content/plugins/elementor/assets/lib/eicons/css/elementor-icons.min.css?ver=5.49.0 HTTP/3" 200 4114 "https://transaboraico.cl/" "Mozilla/5.0 (Windows NT 10.0; Win64; x64) AppleWebKit/537.36 (KHTML, like Gecko) Chrome/149.0.0.0 Safari/537.36"
181.226.141.91 - - [17/Jun/2026:08:54:53 -0400] "GET /wp-content/plugins/elementor/assets/lib/animations/styles/fadeInUp.min.css?ver=4.1.0 HTTP/3" 200 130 "https://transaboraico.cl/" "Mozilla/5.0 (Windows NT 10.0; Win64; x64) AppleWebKit/537.36 (KHTML, like Gecko) Chrome/149.0.0.0 Safari/537.36"
181.226.141.91 - - [17/Jun/2026:08:54:53 -0400] "GET /wp-content/plugins/elementor/assets/lib/animations/styles/fadeIn.min.css?ver=4.1.0 HTTP/3" 200 77 "https://transaboraico.cl/" "Mozilla/5.0 (Windows NT 10.0; Win64; x64) AppleWebKit/537.36 (KHTML, like Gecko) Chrome/149.0.0.0 Safari/537.36"
181.226.141.91 - - [17/Jun/2026:08:54:53 -0400] "GET /wp-content/plugins/elementor/assets/lib/swiper/v8/css/swiper.min.css?ver=8.4.5 HTTP/3" 200 4248 "https://transaboraico.cl/" "Mozilla/5.0 (Windows NT 10.0; Win64; x64) AppleWebKit/537.36 (KHTML, like Gecko) Chrome/149.0.0.0 Safari/537.36"
181.226.141.91 - - [17/Jun/2026:08:54:53 -0400] "GET /wp-content/plugins/elementor/assets/css/conditionals/e-swiper.min.css?ver=4.1.0 HTTP/3" 200 699 "https://transaboraico.cl/" "Mozilla/5.0 (Windows NT 10.0; Win64; x64) AppleWebKit/537.36 (KHTML, like Gecko) Chrome/149.0.0.0 Safari/537.36"
181.226.141.91 - - [17/Jun/2026:08:54:53 -0400] "GET /wp-content/plugins/elementor-pro/assets/css/widget-testimonial-carousel.min.css?ver=4.0.2 HTTP/3" 200 1398 "https://transaboraico.cl/" "Mozilla/5.0 (Windows NT 10.0; Win64; x64) AppleWebKit/537.36 (KHTML, like Gecko) Chrome/149.0.0.0 Safari/537.36"
181.226.141.91 - - [17/Jun/2026:08:54:53 -0400] "GET /wp-content/plugins/elementor-pro/assets/css/widget-carousel-module-base.min.css?ver=4.0.2 HTTP/3" 200 582 "https://transaboraico.cl/" "Mozilla/5.0 (Windows NT 10.0; Win64; x64) AppleWebKit/537.36 (KHTML, like Gecko) Chrome/149.0.0.0 Safari/537.36"
181.226.141.91 - - [17/Jun/2026:08:54:53 -0400] "GET /wp-content/plugins/elementor/assets/css/widget-counter.min.css?ver=4.1.0 HTTP/3" 200 208 "https://transaboraico.cl/" "Mozilla/5.0 (Windows NT 10.0; Win64; x64) AppleWebKit/537.36 (KHTML, like Gecko) Chrome/149.0.0.0 Safari/537.36"
181.226.141.91 - - [17/Jun/2026:08:54:53 -0400] "GET /wp-content/plugins/elementor/assets/css/widget-spacer.min.css?ver=4.1.0 HTTP/3" 200 287 "https://transaboraico.cl/" "Mozilla/5.0 (Windows NT 10.0; Win64; x64) AppleWebKit/537.36 (KHTML, like Gecko) Chrome/149.0.0.0 Safari/537.36"
181.226.141.91 - - [17/Jun/2026:08:54:53 -0400] "GET /wp-content/plugins/elementor/assets/lib/animations/styles/fadeInLeft.min.css?ver=4.1.0 HTTP/3" 200 137 "https://transaboraico.cl/" "Mozilla/5.0 (Windows NT 10.0; Win64; x64) AppleWebKit/537.36 (KHTML, like Gecko) Chrome/149.0.0.0 Safari/537.36"
181.226.141.91 - - [17/Jun/2026:08:54:53 -0400] "GET /wp-content/plugins/elementor/assets/css/widget-progress.min.css?ver=4.1.0 HTTP/3" 200 313 "https://transaboraico.cl/" "Mozilla/5.0 (Windows NT 10.0; Win64; x64) AppleWebKit/537.36 (KHTML, like Gecko) Chrome/149.0.0.0 Safari/537.36"
181.226.141.91 - - [17/Jun/2026:08:54:53 -0400] "GET /wp-content/plugins/elementor/assets/css/widget-accordion.min.css?ver=4.1.0 HTTP/3" 200 353 "https://transaboraico.cl/" "Mozilla/5.0 (Windows NT 10.0; Win64; x64) AppleWebKit/537.36 (KHTML, like Gecko) Chrome/149.0.0.0 Safari/537.36"
181.226.141.91 - - [17/Jun/2026:08:54:53 -0400] "GET /wp-content/plugins/elementor-pro/assets/css/widget-form.min.css?ver=4.0.2 HTTP/3" 200 1405 "https://transaboraico.cl/" "Mozilla/5.0 (Windows NT 10.0; Win64; x64) AppleWebKit/537.36 (KHTML, like Gecko) Chrome/149.0.0.0 Safari/537.36"
181.226.141.91 - - [17/Jun/2026:08:54:53 -0400] "GET /wp-content/uploads/elementor/css/post-7.css?ver=1780672915 HTTP/3" 200 4564 "https://transaboraico.cl/" "Mozilla/5.0 (Windows NT 10.0; Win64; x64) AppleWebKit/537.36 (KHTML, like Gecko) Chrome/149.0.0.0 Safari/537.36"
181.226.141.91 - - [17/Jun/2026:08:54:53 -0400] "GET /wp-content/uploads/elementor/css/post-36.css?ver=1780671627 HTTP/3" 200 1267 "https://transaboraico.cl/" "Mozilla/5.0 (Windows NT 10.0; Win64; x64) AppleWebKit/537.36 (KHTML, like Gecko) Chrome/149.0.0.0 Safari/537.36"
181.226.141.91 - - [17/Jun/2026:08:54:53 -0400] "GET /wp-content/uploads/elementor/css/post-25.css?ver=1780671627 HTTP/3" 200 955 "https://transaboraico.cl/" "Mozilla/5.0 (Windows NT 10.0; Win64; x64) AppleWebKit/537.36 (KHTML, like Gecko) Chrome/149.0.0.0 Safari/537.36"
181.226.141.91 - - [17/Jun/2026:08:54:53 -0400] "GET /wp-content/plugins/creame-whatsapp-me/public/css/joinchat.min.css?ver=6.2.3 HTTP/3" 200 5187 "https://transaboraico.cl/" "Mozilla/5.0 (Windows NT 10.0; Win64; x64) AppleWebKit/537.36 (KHTML, like Gecko) Chrome/149.0.0.0 Safari/537.36"
181.226.141.91 - - [17/Jun/2026:08:54:53 -0400] "GET /wp-content/plugins/elementor/assets/lib/font-awesome/css/fontawesome.min.css?ver=5.15.3 HTTP/3" 200 12164 "https://transaboraico.cl/" "Mozilla/5.0 (Windows NT 10.0; Win64; x64) AppleWebKit/537.36 (KHTML, like Gecko) Chrome/149.0.0.0 Safari/537.36"
181.226.141.91 - - [17/Jun/2026:08:54:53 -0400] "GET /wp-content/plugins/elementor/assets/lib/font-awesome/css/solid.min.css?ver=5.15.3 HTTP/3" 200 286 "https://transaboraico.cl/" "Mozilla/5.0 (Windows NT 10.0; Win64; x64) AppleWebKit/537.36 (KHTML, like Gecko) Chrome/149.0.0.0 Safari/537.36"
181.226.141.91 - - [17/Jun/2026:08:54:53 -0400] "GET /wp-content/plugins/elementor/assets/lib/font-awesome/css/regular.min.css?ver=5.15.3 HTTP/3" 200 283 "https://transaboraico.cl/" "Mozilla/5.0 (Windows NT 10.0; Win64; x64) AppleWebKit/537.36 (KHTML, like Gecko) Chrome/149.0.0.0 Safari/537.36"
181.226.141.91 - - [17/Jun/2026:08:54:53 -0400] "GET /wp-content/plugins/elementor/assets/lib/font-awesome/css/brands.min.css?ver=5.15.3 HTTP/3" 200 284 "https://transaboraico.cl/" "Mozilla/5.0 (Windows NT 10.0; Win64; x64) AppleWebKit/537.36 (KHTML, like Gecko) Chrome/149.0.0.0 Safari/537.36"
181.226.141.91 - - [17/Jun/2026:08:54:53 -0400] "GET /wp-includes/js/jquery/jquery.min.js?ver=3.7.1 HTTP/3" 200 29744 "https://transaboraico.cl/" "Mozilla/5.0 (Windows NT 10.0; Win64; x64) AppleWebKit/537.36 (KHTML, like Gecko) Chrome/149.0.0.0 Safari/537.36"
181.226.141.91 - - [17/Jun/2026:08:54:53 -0400] "GET /wp-includes/js/jquery/jquery-migrate.min.js?ver=3.4.1 HTTP/3" 200 4678 "https://transaboraico.cl/" "Mozilla/5.0 (Windows NT 10.0; Win64; x64) AppleWebKit/537.36 (KHTML, like Gecko) Chrome/149.0.0.0 Safari/537.36"
181.226.141.91 - - [17/Jun/2026:08:54:53 -0400] "GET /wp-content/uploads/elementor/css/post-424.css?ver=1780672915 HTTP/3" 200 530 "https://transaboraico.cl/" "Mozilla/5.0 (Windows NT 10.0; Win64; x64) AppleWebKit/537.36 (KHTML, like Gecko) Chrome/149.0.0.0 Safari/537.36"
181.226.141.91 - - [17/Jun/2026:08:54:53 -0400] "GET /wp-content/uploads/elementor/css/post-427.css?ver=1780672915 HTTP/3" 200 513 "https://transaboraico.cl/" "Mozilla/5.0 (Windows NT 10.0; Win64; x64) AppleWebKit/537.36 (KHTML, like Gecko) Chrome/149.0.0.0 Safari/537.36"
181.226.141.91 - - [17/Jun/2026:08:54:53 -0400] "GET /wp-content/uploads/2022/06/LOGOaboraico.png HTTP/3" 200 9717 "https://transaboraico.cl/" "Mozilla/5.0 (Windows NT 10.0; Win64; x64) AppleWebKit/537.36 (KHTML, like Gecko) Chrome/149.0.0.0 Safari/537.36"
181.226.141.91 - - [17/Jun/2026:08:54:53 -0400] "GET /wp-content/themes/hello-elementor/assets/js/hello-frontend.js?ver=3.4.9 HTTP/3" 200 493 "https://transaboraico.cl/" "Mozilla/5.0 (Windows NT 10.0; Win64; x64) AppleWebKit/537.36 (KHTML, like Gecko) Chrome/149.0.0.0 Safari/537.36"
181.226.141.91 - - [17/Jun/2026:08:54:53 -0400] "GET /wp-content/plugins/elementor/assets/js/frontend-modules.min.js?ver=4.1.0 HTTP/3" 200 15445 "https://transaboraico.cl/" "Mozilla/5.0 (Windows NT 10.0; Win64; x64) AppleWebKit/537.36 (KHTML, like Gecko) Chrome/149.0.0.0 Safari/537.36"
181.226.141.91 - - [17/Jun/2026:08:54:53 -0400] "GET /wp-content/plugins/elementor/assets/js/webpack.runtime.min.js?ver=4.1.0 HTTP/3" 200 2338 "https://transaboraico.cl/" "Mozilla/5.0 (Windows NT 10.0; Win64; x64) AppleWebKit/537.36 (KHTML, like Gecko) Chrome/149.0.0.0 Safari/537.36"
181.226.141.91 - - [17/Jun/2026:08:54:53 -0400] "GET /wp-includes/js/jquery/ui/core.min.js?ver=1.13.3 HTTP/3" 200 6812 "https://transaboraico.cl/" "Mozilla/5.0 (Windows NT 10.0; Win64; x64) AppleWebKit/537.36 (KHTML, like Gecko) Chrome/149.0.0.0 Safari/537.36"
181.226.141.91 - - [17/Jun/2026:08:54:53 -0400] "GET /wp-content/plugins/elementor/assets/js/frontend.min.js?ver=4.1.0 HTTP/3" 200 10124 "https://transaboraico.cl/" "Mozilla/5.0 (Windows NT 10.0; Win64; x64) AppleWebKit/537.36 (KHTML, like Gecko) Chrome/149.0.0.0 Safari/537.36"
181.226.141.91 - - [17/Jun/2026:08:54:53 -0400] "GET /wp-content/plugins/elementor-pro/assets/lib/smartmenus/jquery.smartmenus.min.js?ver=1.2.1 HTTP/3" 200 6867 "https://transaboraico.cl/" "Mozilla/5.0 (Windows NT 10.0; Win64; x64) AppleWebKit/537.36 (KHTML, like Gecko) Chrome/149.0.0.0 Safari/537.36"
181.226.141.91 - - [17/Jun/2026:08:54:53 -0400] "GET /wp-content/plugins/elementor-pro/assets/lib/sticky/jquery.sticky.min.js?ver=4.0.2 HTTP/3" 200 1442 "https://transaboraico.cl/" "Mozilla/5.0 (Windows NT 10.0; Win64; x64) AppleWebKit/537.36 (KHTML, like Gecko) Chrome/149.0.0.0 Safari/537.36"
181.226.141.91 - - [17/Jun/2026:08:54:53 -0400] "GET /wp-content/plugins/elementor/assets/lib/jquery-numerator/jquery-numerator.min.js?ver=0.2.1 HTTP/3" 200 677 "https://transaboraico.cl/" "Mozilla/5.0 (Windows NT 10.0; Win64; x64) AppleWebKit/537.36 (KHTML, like Gecko) Chrome/149.0.0.0 Safari/537.36"
181.226.141.91 - - [17/Jun/2026:08:54:53 -0400] "GET /wp-content/plugins/elementor/assets/lib/swiper/v8/swiper.min.js?ver=8.4.5 HTTP/3" 200 38152 "https://transaboraico.cl/" "Mozilla/5.0 (Windows NT 10.0; Win64; x64) AppleWebKit/537.36 (KHTML, like Gecko) Chrome/149.0.0.0 Safari/537.36"
181.226.141.91 - - [17/Jun/2026:08:54:53 -0400] "GET /wp-content/plugins/wp-smushit/app/assets/js/smush-lazy-load.min.js?ver=4.0.3 HTTP/3" 200 7822 "https://transaboraico.cl/" "Mozilla/5.0 (Windows NT 10.0; Win64; x64) AppleWebKit/537.36 (KHTML, like Gecko) Chrome/149.0.0.0 Safari/537.36"
181.226.141.91 - - [17/Jun/2026:08:54:53 -0400] "GET /wp-content/plugins/elementor-pro/assets/js/webpack-pro.runtime.min.js?ver=4.0.2 HTTP/3" 200 2611 "https://transaboraico.cl/" "Mozilla/5.0 (Windows NT 10.0; Win64; x64) AppleWebKit/537.36 (KHTML, like Gecko) Chrome/149.0.0.0 Safari/537.36"
181.226.141.91 - - [17/Jun/2026:08:54:53 -0400] "GET /wp-includes/js/dist/hooks.min.js?ver=7496969728ca0f95732d HTTP/3" 200 1712 "https://transaboraico.cl/" "Mozilla/5.0 (Windows NT 10.0; Win64; x64) AppleWebKit/537.36 (KHTML, like Gecko) Chrome/149.0.0.0 Safari/537.36"
181.226.141.91 - - [17/Jun/2026:08:54:53 -0400] "GET /wp-includes/js/dist/i18n.min.js?ver=781d11515ad3d91786ec HTTP/3" 200 2330 "https://transaboraico.cl/" "Mozilla/5.0 (Windows NT 10.0; Win64; x64) AppleWebKit/537.36 (KHTML, like Gecko) Chrome/149.0.0.0 Safari/537.36"
181.226.141.91 - - [17/Jun/2026:08:54:54 -0400] "GET /wp-content/plugins/elementor/assets/lib/font-awesome/webfonts/fa-solid-900.woff2 HTTP/3" 200 78196 "https://transaboraico.cl/wp-content/plugins/elementor/assets/lib/font-awesome/css/solid.min.css?ver=5.15.3" "Mozilla/5.0 (Windows NT 10.0; Win64; x64) AppleWebKit/537.36 (KHTML, like Gecko) Chrome/149.0.0.0 Safari/537.36"
181.226.141.91 - - [17/Jun/2026:08:54:54 -0400] "GET /wp-content/plugins/elementor/assets/lib/font-awesome/webfonts/fa-regular-400.woff2 HTTP/3" 200 13276 "https://transaboraico.cl/wp-content/plugins/elementor/assets/lib/font-awesome/css/regular.min.css?ver=5.15.3" "Mozilla/5.0 (Windows NT 10.0; Win64; x64) AppleWebKit/537.36 (KHTML, like Gecko) Chrome/149.0.0.0 Safari/537.36"
181.226.141.91 - - [17/Jun/2026:08:54:54 -0400] "GET /wp-content/plugins/elementor/assets/lib/font-awesome/webfonts/fa-brands-400.woff2 HTTP/3" 200 81612 "https://transaboraico.cl/wp-content/plugins/elementor/assets/lib/font-awesome/css/brands.min.css?ver=5.15.3" "Mozilla/5.0 (Windows NT 10.0; Win64; x64) AppleWebKit/537.36 (KHTML, like Gecko) Chrome/149.0.0.0 Safari/537.36"
181.226.141.91 - - [17/Jun/2026:08:54:54 -0400] "GET /wp-content/plugins/elementor-pro/assets/js/elements-handlers.min.js?ver=4.0.2 HTTP/3" 200 10079 "https://transaboraico.cl/" "Mozilla/5.0 (Windows NT 10.0; Win64; x64) AppleWebKit/537.36 (KHTML, like Gecko) Chrome/149.0.0.0 Safari/537.36"
181.226.141.91 - - [17/Jun/2026:08:54:54 -0400] "GET /wp-content/plugins/elementor-pro/assets/js/frontend.min.js?ver=4.0.2 HTTP/3" 200 6191 "https://transaboraico.cl/" "Mozilla/5.0 (Windows NT 10.0; Win64; x64) AppleWebKit/537.36 (KHTML, like Gecko) Chrome/149.0.0.0 Safari/537.36"
181.226.141.91 - - [17/Jun/2026:08:54:54 -0400] "GET /wp-content/uploads/2022/06/Hero4s2-e1655149132915.jpeg HTTP/3" 200 143619 "https://transaboraico.cl/wp-content/uploads/elementor/css/post-7.css?ver=1780672915" "Mozilla/5.0 (Windows NT 10.0; Win64; x64) AppleWebKit/537.36 (KHTML, like Gecko) Chrome/149.0.0.0 Safari/537.36"
181.226.141.91 - - [17/Jun/2026:08:54:54 -0400] "GET /wp-content/uploads/burst/js/burst.min.js?ver=1781212222 HTTP/3" 200 3147 "https://transaboraico.cl/" "Mozilla/5.0 (Windows NT 10.0; Win64; x64) AppleWebKit/537.36 (KHTML, like Gecko) Chrome/149.0.0.0 Safari/537.36"
181.226.141.91 - - [17/Jun/2026:08:54:54 -0400] "GET /wp-content/plugins/burst-statistics/assets/js/timeme/timeme.min.js?ver=1779852933 HTTP/3" 200 1831 "https://transaboraico.cl/" "Mozilla/5.0 (Windows NT 10.0; Win64; x64) AppleWebKit/537.36 (KHTML, like Gecko) Chrome/149.0.0.0 Safari/537.36"
181.226.141.91 - - [17/Jun/2026:08:54:54 -0400] "GET /wp-content/plugins/creame-whatsapp-me/public/js/joinchat.min.js?ver=6.2.3 HTTP/3" 200 3630 "https://transaboraico.cl/" "Mozilla/5.0 (Windows NT 10.0; Win64; x64) AppleWebKit/537.36 (KHTML, like Gecko) Chrome/149.0.0.0 Safari/537.36"
181.226.141.91 - - [17/Jun/2026:08:54:54 -0400] "GET /wp-content/plugins/complianz-gdpr/cookiebanner/js/complianz.min.js?ver=1779237596 HTTP/3" 200 10477 "https://transaboraico.cl/" "Mozilla/5.0 (Windows NT 10.0; Win64; x64) AppleWebKit/537.36 (KHTML, like Gecko) Chrome/149.0.0.0 Safari/537.36"
181.226.141.91 - - [17/Jun/2026:08:54:54 -0400] "GET /wp-content/uploads/2022/06/courier.jpeg HTTP/3" 200 159290 "https://transaboraico.cl/wp-content/uploads/elementor/css/post-7.css?ver=1780672915" "Mozilla/5.0 (Windows NT 10.0; Win64; x64) AppleWebKit/537.36 (KHTML, like Gecko) Chrome/149.0.0.0 Safari/537.36"
181.226.141.91 - - [17/Jun/2026:08:54:54 -0400] "GET /wp-content/uploads/2022/06/Triangle-Vector-PNG-Clipart.png HTTP/3" 200 205288 "https://transaboraico.cl/wp-content/uploads/elementor/css/post-7.css?ver=1780672915" "Mozilla/5.0 (Windows NT 10.0; Win64; x64) AppleWebKit/537.36 (KHTML, like Gecko) Chrome/149.0.0.0 Safari/537.36"
181.226.141.91 - - [17/Jun/2026:08:54:54 -0400] "GET /wp-content/uploads/complianz/css/banner-2-optout.css?v=5 HTTP/3" 200 2828 "https://transaboraico.cl/" "Mozilla/5.0 (Windows NT 10.0; Win64; x64) AppleWebKit/537.36 (KHTML, like Gecko) Chrome/149.0.0.0 Safari/537.36"
181.226.141.91 - - [17/Jun/2026:08:54:54 -0400] "GET /wp-content/uploads/2022/06/courier-delivering-parcels.jpeg HTTP/3" 200 220744 "https://transaboraico.cl/wp-content/uploads/elementor/css/post-7.css?ver=1780672915" "Mozilla/5.0 (Windows NT 10.0; Win64; x64) AppleWebKit/537.36 (KHTML, like Gecko) Chrome/149.0.0.0 Safari/537.36"
181.226.141.91 - - [17/Jun/2026:08:54:54 -0400] "GET /wp-content/uploads/2022/06/prm-world-map.png HTTP/3" 200 9945 "https://transaboraico.cl/wp-content/uploads/elementor/css/post-7.css?ver=1780672915" "Mozilla/5.0 (Windows NT 10.0; Win64; x64) AppleWebKit/537.36 (KHTML, like Gecko) Chrome/149.0.0.0 Safari/537.36"
181.226.141.91 - - [17/Jun/2026:08:54:54 -0400] "GET /wp-content/plugins/elementor/assets/js/section-frontend-handlers.d85ab872da118940910d.bundle.min.js HTTP/3" 200 229 "https://transaboraico.cl/" "Mozilla/5.0 (Windows NT 10.0; Win64; x64) AppleWebKit/537.36 (KHTML, like Gecko) Chrome/149.0.0.0 Safari/537.36"
181.226.141.91 - - [17/Jun/2026:08:54:54 -0400] "GET /wp-content/plugins/elementor/assets/js/shared-frontend-handlers.03caa53373b56d3bab67.bundle.min.js HTTP/3" 200 2511 "https://transaboraico.cl/" "Mozilla/5.0 (Windows NT 10.0; Win64; x64) AppleWebKit/537.36 (KHTML, like Gecko) Chrome/149.0.0.0 Safari/537.36"
181.226.141.91 - - [17/Jun/2026:08:54:54 -0400] "GET /wp-content/plugins/elementor-pro/assets/js/nav-menu.3afa8f5eb1fef7c22561.bundle.min.js HTTP/3" 200 1720 "https://transaboraico.cl/" "Mozilla/5.0 (Windows NT 10.0; Win64; x64) AppleWebKit/537.36 (KHTML, like Gecko) Chrome/149.0.0.0 Safari/537.36"
181.226.141.91 - - [17/Jun/2026:08:54:54 -0400] "GET /wp-content/plugins/elementor-pro/assets/js/carousel.e2af910b095554625156.bundle.min.js HTTP/3" 200 1587 "https://transaboraico.cl/" "Mozilla/5.0 (Windows NT 10.0; Win64; x64) AppleWebKit/537.36 (KHTML, like Gecko) Chrome/149.0.0.0 Safari/537.36"
181.226.141.91 - - [17/Jun/2026:08:54:54 -0400] "GET /wp-content/plugins/elementor/assets/js/text-editor.45609661e409413f1cef.bundle.min.js HTTP/3" 200 592 "https://transaboraico.cl/" "Mozilla/5.0 (Windows NT 10.0; Win64; x64) AppleWebKit/537.36 (KHTML, like Gecko) Chrome/149.0.0.0 Safari/537.36"
181.226.141.91 - - [17/Jun/2026:08:54:54 -0400] "GET /wp-content/plugins/elementor/assets/js/progress.0ea083b809812c0e3aa1.bundle.min.js HTTP/3" 200 407 "https://transaboraico.cl/" "Mozilla/5.0 (Windows NT 10.0; Win64; x64) AppleWebKit/537.36 (KHTML, like Gecko) Chrome/149.0.0.0 Safari/537.36"
181.226.141.91 - - [17/Jun/2026:08:54:54 -0400] "GET /wp-content/plugins/elementor/assets/js/counter.12335f45aaa79d244f24.bundle.min.js HTTP/3" 200 415 "https://transaboraico.cl/" "Mozilla/5.0 (Windows NT 10.0; Win64; x64) AppleWebKit/537.36 (KHTML, like Gecko) Chrome/149.0.0.0 Safari/537.36"
181.226.141.91 - - [17/Jun/2026:08:54:54 -0400] "GET /wp-content/plugins/elementor-pro/assets/js/form.cfd61a9174be80f835c6.bundle.min.js HTTP/3" 200 4943 "https://transaboraico.cl/" "Mozilla/5.0 (Windows NT 10.0; Win64; x64) AppleWebKit/537.36 (KHTML, like Gecko) Chrome/149.0.0.0 Safari/537.36"
66.249.74.38 - - [17/Jun/2026:08:14:05 -0400] "GET /wp-content/plugins/wp-smushit/app/assets/js/smush-lazy-load.min.js?ver=4.0.3 HTTP/1.1" 200 7822 "https://transaboraico.cl/2025/11/20/blackjack-basic-strategy-espa%C3%B1ol/" "Mozilla/5.0 (Linux; Android 6.0.1; Nexus 5X Build/MMB29P) AppleWebKit/537.36 (KHTML, like Gecko) Chrome/148.0.7778.96 Mobile Safari/537.36 (compatible; Googlebot/2.1; +http://www.google.com/bot.html)"
66.249.74.37 - - [17/Jun/2026:08:14:12 -0400] "GET /wp-content/plugins/elementor/assets/js/section-frontend-handlers.d85ab872da118940910d.bundle.min.js HTTP/1.1" 200 229 "https://transaboraico.cl/2025/11/20/blackjack-basic-strategy-espa%C3%B1ol/" "Mozilla/5.0 (Linux; Android 6.0.1; Nexus 5X Build/MMB29P) AppleWebKit/537.36 (KHTML, like Gecko) Chrome/148.0.7778.96 Mobile Safari/537.36 (compatible; Googlebot/2.1; +http://www.google.com/bot.html)"
207.210.83.200 - - [17/Jun/2026:08:26:00 -0400] "POST /wp-cron.php?doing_wp_cron=1781699160.0205399990081787109375 HTTP/1.1" 200 0 "-" "WordPress/7.0; https://transaboraico.cl"
52.167.144.139 - - [17/Jun/2026:08:25:58 -0400] "GET /wp-content/uploads/2021/10/Osorno.jpg HTTP/2" 301 0 "-" "Mozilla/5.0 AppleWebKit/537.36 (KHTML, like Gecko; compatible; bingbot/2.0; +http://www.bing.com/bingbot.htm) Chrome/116.0.1938.76 Safari/537.36"
40.77.167.27 - - [17/Jun/2026:08:46:10 -0400] "GET /wp-content/uploads/2021/10/cropped-lanco.jpg HTTP/2" 301 0 "-" "Mozilla/5.0 AppleWebKit/537.36 (KHTML, like Gecko; compatible; bingbot/2.0; +http://www.bing.com/bingbot.htm) Chrome/116.0.1938.76 Safari/537.36"
66.249.74.39 - - [17/Jun/2026:08:48:12 -0400] "GET /2025/11/20/jugar-50-horses-gratis/ HTTP/1.1" 200 17651 "-" "Mozilla/5.0 (Linux; Android 6.0.1; Nexus 5X Build/MMB29P) AppleWebKit/537.36 (KHTML, like Gecko) Chrome/148.0.7778.96 Mobile Safari/537.36 (compatible; Googlebot/2.1; +http://www.google.com/bot.html)"
207.210.83.200 - - [17/Jun/2026:08:55:33 -0400] "POST /wp-cron.php?doing_wp_cron=1781700933.9591479301452636718750 HTTP/1.1" 200 0 "-" "WordPress/7.0; https://transaboraico.cl"
216.73.217.63 - - [17/Jun/2026:08:55:32 -0400] "GET /?p=1122 HTTP/2" 301 0 "-" "Mozilla/5.0 AppleWebKit/537.36 (KHTML, like Gecko; compatible; ClaudeBot/1.0; +claudebot@anthropic.com)"
216.73.217.63 - - [17/Jun/2026:08:55:34 -0400] "GET /2025/11/20/juegos-casino-gratis-nuevos/ HTTP/2" 200 18026 "https://transaboraico.cl/?p=1122" "Mozilla/5.0 AppleWebKit/537.36 (KHTML, like Gecko; compatible; ClaudeBot/1.0; +claudebot@anthropic.com)"
190.5.41.216 - - [17/Jun/2026:09:02:39 -0400] "GET / HTTP/2" 304 0 "https://www.google.com/" "Mozilla/5.0 (Windows NT 10.0; Win64; x64) AppleWebKit/537.36 (KHTML, like Gecko) Chrome/149.0.0.0 Safari/537.36"
190.5.41.216 - - [17/Jun/2026:09:02:40 -0400] "GET /wp-content/plugins/elementor/assets/js/webpack.runtime.min.js?ver=4.1.0 HTTP/2" 304 0 "https://transaboraico.cl/" "Mozilla/5.0 (Windows NT 10.0; Win64; x64) AppleWebKit/537.36 (KHTML, like Gecko) Chrome/149.0.0.0 Safari/537.36"
190.5.41.216 - - [17/Jun/2026:09:02:40 -0400] "GET /wp-content/themes/hello-elementor/assets/js/hello-frontend.js?ver=3.4.9 HTTP/2" 304 0 "https://transaboraico.cl/" "Mozilla/5.0 (Windows NT 10.0; Win64; x64) AppleWebKit/537.36 (KHTML, like Gecko) Chrome/149.0.0.0 Safari/537.36"
190.5.41.216 - - [17/Jun/2026:09:02:40 -0400] "GET /wp-content/uploads/burst/js/burst.min.js?ver=1781212222 HTTP/2" 200 3147 "https://transaboraico.cl/" "Mozilla/5.0 (Windows NT 10.0; Win64; x64) AppleWebKit/537.36 (KHTML, like Gecko) Chrome/149.0.0.0 Safari/537.36"
66.249.88.196 - - [17/Jun/2026:09:02:39 -0400] "GET /.well-known/traffic-advice HTTP/1.1" 404 17020 "-" "Chrome Privacy Preserving Prefetch Proxy"
190.5.41.216 - - [17/Jun/2026:09:02:41 -0400] "GET /wp-content/plugins/elementor/assets/lib/jquery-numerator/jquery-numerator.min.js?ver=0.2.1 HTTP/2" 304 0 "https://transaboraico.cl/" "Mozilla/5.0 (Windows NT 10.0; Win64; x64) AppleWebKit/537.36 (KHTML, like Gecko) Chrome/149.0.0.0 Safari/537.36"
181.226.141.91 - - [17/Jun/2026:08:54:54 -0400] "GET /wp-content/plugins/elementor/assets/js/accordion.8b0db5058afeb74622f5.bundle.min.js HTTP/3" 200 1282 "https://transaboraico.cl/" "Mozilla/5.0 (Windows NT 10.0; Win64; x64) AppleWebKit/537.36 (KHTML, like Gecko) Chrome/149.0.0.0 Safari/537.36"
181.226.141.91 - - [17/Jun/2026:08:54:54 -0400] "GET /wp-content/plugins/elementor-pro/assets/js/popup.61d4fcab8891b2e07802.bundle.min.js HTTP/3" 200 390 "https://transaboraico.cl/" "Mozilla/5.0 (Windows NT 10.0; Win64; x64) AppleWebKit/537.36 (KHTML, like Gecko) Chrome/149.0.0.0 Safari/537.36"
181.226.141.91 - - [17/Jun/2026:08:54:54 -0400] "POST /wp-content/plugins/burst-statistics/endpoint.php HTTP/3" 200 0 "https://transaboraico.cl/" "Mozilla/5.0 (Windows NT 10.0; Win64; x64) AppleWebKit/537.36 (KHTML, like Gecko) Chrome/149.0.0.0 Safari/537.36"
181.226.141.91 - - [17/Jun/2026:08:54:54 -0400] "GET /wp-includes/js/wp-emoji-release.min.js?ver=7.0 HTTP/3" 200 4949 "https://transaboraico.cl/" "Mozilla/5.0 (Windows NT 10.0; Win64; x64) AppleWebKit/537.36 (KHTML, like Gecko) Chrome/149.0.0.0 Safari/537.36"
52.167.144.176 - - [17/Jun/2026:09:14:09 -0400] "GET /2025/11/20/ruleta-explicacion/ HTTP/2" 200 17823 "-" "Mozilla/5.0 AppleWebKit/537.36 (KHTML, like Gecko; compatible; bingbot/2.0; +http://www.bing.com/bingbot.htm) Chrome/116.0.1938.76 Safari/537.36"
207.210.83.200 - - [17/Jun/2026:08:13:49 -0400] "POST /wp-cron.php?doing_wp_cron=1781698429.0301809310913085937500 HTTP/1.1" 200 0 "-" "WordPress/7.0; https://transaboraico.cl"
66.249.74.39 - - [17/Jun/2026:08:14:05 -0400] "GET /wp-content/plugins/elementor/assets/css/widget-heading.min.css?ver=4.1.0 HTTP/1.1" 200 126 "https://transaboraico.cl/2025/11/20/blackjack-basic-strategy-espa%C3%B1ol/" "Mozilla/5.0 (Linux; Android 6.0.1; Nexus 5X Build/MMB29P) AppleWebKit/537.36 (KHTML, like Gecko) Chrome/148.0.7778.96 Mobile Safari/537.36 (compatible; Googlebot/2.1; +http://www.google.com/bot.html)"
66.249.74.39 - - [17/Jun/2026:08:14:06 -0400] "GET /wp-content/themes/hello-elementor/assets/css/reset.css?ver=3.4.9 HTTP/1.1" 200 1590 "https://transaboraico.cl/2025/11/20/blackjack-basic-strategy-espa%C3%B1ol/" "Mozilla/5.0 (Linux; Android 6.0.1; Nexus 5X Build/MMB29P) AppleWebKit/537.36 (KHTML, like Gecko) Chrome/148.0.7778.96 Mobile Safari/537.36 (compatible; Googlebot/2.1; +http://www.google.com/bot.html)"
207.210.83.200 - - [17/Jun/2026:08:23:06 -0400] "POST /wp-cron.php?doing_wp_cron=1781698986.3069779872894287109375 HTTP/1.1" 200 0 "-" "WordPress/7.0; https://transaboraico.cl"
52.167.144.24 - - [17/Jun/2026:08:23:04 -0400] "GET /?p=1805 HTTP/2" 301 0 "-" "Mozilla/5.0 AppleWebKit/537.36 (KHTML, like Gecko; compatible; bingbot/2.0; +http://www.bing.com/bingbot.htm) Chrome/116.0.1938.76 Safari/537.36"
40.77.167.154 - - [17/Jun/2026:08:26:08 -0400] "GET /wp-content/uploads/2021/10/Osorno.jpg HTTP/2" 404 15398 "-" "Mozilla/5.0 AppleWebKit/537.36 (KHTML, like Gecko; compatible; bingbot/2.0; +http://www.bing.com/bingbot.htm) Chrome/116.0.1938.76 Safari/537.36"
52.167.144.194 - - [17/Jun/2026:08:46:36 -0400] "GET /2025/11/20/juegos-gratis-de-casino-maquinitas/ HTTP/2" 200 17581 "-" "Mozilla/5.0 AppleWebKit/537.36 (KHTML, like Gecko; compatible; bingbot/2.0; +http://www.bing.com/bingbot.htm) Chrome/116.0.1938.76 Safari/537.36"
207.210.83.200 - - [17/Jun/2026:08:48:13 -0400] "POST /wp-cron.php?doing_wp_cron=1781700493.7831339836120605468750 HTTP/1.1" 200 0 "-" "WordPress/7.0; https://transaboraico.cl"
216.73.217.63 - - [17/Jun/2026:08:48:35 -0400] "GET /2025/11/20/apuestas-de-casino-en-vivo-con-bitcoin/ HTTP/2" 200 17837 "-" "Mozilla/5.0 AppleWebKit/537.36 (KHTML, like Gecko; compatible; ClaudeBot/1.0; +claudebot@anthropic.com)"
193.186.4.251 - - [17/Jun/2026:09:02:39 -0400] "GET / HTTP/2" 200 26032 "https://www.google.com/" "Mozilla/5.0 (Windows NT 10.0; Win64; x64) AppleWebKit/537.36 (KHTML, like Gecko) Chrome/149.0.0.0 Safari/537.36"
207.210.83.200 - - [17/Jun/2026:09:02:40 -0400] "POST /wp-cron.php?doing_wp_cron=1781701360.9453580379486083984375 HTTP/1.1" 200 0 "-" "WordPress/7.0; https://transaboraico.cl"
207.210.83.200 - - [17/Jun/2026:09:14:10 -0400] "POST /wp-cron.php?doing_wp_cron=1781702050.7838139533996582031250 HTTP/1.1" 200 0 "-" "WordPress/7.0; https://transaboraico.cl"
190.5.41.216 - - [17/Jun/2026:09:02:41 -0400] "GET /wp-content/plugins/burst-statistics/assets/js/timeme/timeme.min.js?ver=1779852933 HTTP/2" 304 0 "https://transaboraico.cl/" "Mozilla/5.0 (Windows NT 10.0; Win64; x64) AppleWebKit/537.36 (KHTML, like Gecko) Chrome/149.0.0.0 Safari/537.36"
190.5.41.216 - - [17/Jun/2026:09:02:41 -0400] "GET /wp-content/plugins/elementor/assets/js/frontend.min.js?ver=4.1.0 HTTP/2" 304 0 "https://transaboraico.cl/" "Mozilla/5.0 (Windows NT 10.0; Win64; x64) AppleWebKit/537.36 (KHTML, like Gecko) Chrome/149.0.0.0 Safari/537.36"
190.5.41.216 - - [17/Jun/2026:09:02:41 -0400] "GET /wp-content/plugins/elementor/assets/js/frontend-modules.min.js?ver=4.1.0 HTTP/2" 304 0 "https://transaboraico.cl/" "Mozilla/5.0 (Windows NT 10.0; Win64; x64) AppleWebKit/537.36 (KHTML, like Gecko) Chrome/149.0.0.0 Safari/537.36"
190.5.41.216 - - [17/Jun/2026:09:02:41 -0400] "GET /wp-content/plugins/elementor/assets/lib/swiper/v8/swiper.min.js?ver=8.4.5 HTTP/2" 304 0 "https://transaboraico.cl/" "Mozilla/5.0 (Windows NT 10.0; Win64; x64) AppleWebKit/537.36 (KHTML, like Gecko) Chrome/149.0.0.0 Safari/537.36"
190.5.41.216 - - [17/Jun/2026:09:02:41 -0400] "GET /wp-content/plugins/creame-whatsapp-me/public/js/joinchat.min.js?ver=6.2.3 HTTP/2" 304 0 "https://transaboraico.cl/" "Mozilla/5.0 (Windows NT 10.0; Win64; x64) AppleWebKit/537.36 (KHTML, like Gecko) Chrome/149.0.0.0 Safari/537.36"
190.5.41.216 - - [17/Jun/2026:09:02:42 -0400] "POST /wp-content/plugins/burst-statistics/endpoint.php HTTP/2" 200 0 "https://transaboraico.cl/" "Mozilla/5.0 (Windows NT 10.0; Win64; x64) AppleWebKit/537.36 (KHTML, like Gecko) Chrome/149.0.0.0 Safari/537.36"
190.5.41.216 - - [17/Jun/2026:09:02:42 -0400] "GET /wp-content/plugins/elementor/assets/js/shared-frontend-handlers.03caa53373b56d3bab67.bundle.min.js HTTP/2" 304 0 "https://transaboraico.cl/" "Mozilla/5.0 (Windows NT 10.0; Win64; x64) AppleWebKit/537.36 (KHTML, like Gecko) Chrome/149.0.0.0 Safari/537.36"
190.5.41.216 - - [17/Jun/2026:09:02:42 -0400] "GET /wp-content/plugins/elementor/assets/js/section-frontend-handlers.d85ab872da118940910d.bundle.min.js HTTP/2" 304 0 "https://transaboraico.cl/" "Mozilla/5.0 (Windows NT 10.0; Win64; x64) AppleWebKit/537.36 (KHTML, like Gecko) Chrome/149.0.0.0 Safari/537.36"
190.5.41.216 - - [17/Jun/2026:09:02:42 -0400] "GET /wp-content/plugins/elementor/assets/js/text-editor.45609661e409413f1cef.bundle.min.js HTTP/2" 304 0 "https://transaboraico.cl/" "Mozilla/5.0 (Windows NT 10.0; Win64; x64) AppleWebKit/537.36 (KHTML, like Gecko) Chrome/149.0.0.0 Safari/537.36"
190.5.41.216 - - [17/Jun/2026:09:02:42 -0400] "GET /wp-content/plugins/elementor/assets/js/counter.12335f45aaa79d244f24.bundle.min.js HTTP/2" 304 0 "https://transaboraico.cl/" "Mozilla/5.0 (Windows NT 10.0; Win64; x64) AppleWebKit/537.36 (KHTML, like Gecko) Chrome/149.0.0.0 Safari/537.36"
190.5.41.216 - - [17/Jun/2026:09:02:42 -0400] "GET /wp-content/plugins/elementor/assets/js/accordion.8b0db5058afeb74622f5.bundle.min.js HTTP/2" 304 0 "https://transaboraico.cl/" "Mozilla/5.0 (Windows NT 10.0; Win64; x64) AppleWebKit/537.36 (KHTML, like Gecko) Chrome/149.0.0.0 Safari/537.36"
190.5.41.216 - - [17/Jun/2026:09:02:42 -0400] "GET /wp-content/plugins/elementor/assets/js/progress.0ea083b809812c0e3aa1.bundle.min.js HTTP/2" 304 0 "https://transaboraico.cl/" "Mozilla/5.0 (Windows NT 10.0; Win64; x64) AppleWebKit/537.36 (KHTML, like Gecko) Chrome/149.0.0.0 Safari/537.36"
40.77.167.56 - - [17/Jun/2026:09:31:35 -0400] "GET /portada/cropped-lavado-manos.jpg HTTP/2" 404 15396 "-" "Mozilla/5.0 AppleWebKit/537.36 (KHTML, like Gecko; compatible; bingbot/2.0; +http://www.bing.com/bingbot.htm) Chrome/116.0.1938.76 Safari/537.36"
216.73.217.63 - - [17/Jun/2026:09:40:18 -0400] "GET /robots.txt HTTP/2" 200 173 "-" "Mozilla/5.0 AppleWebKit/537.36 (KHTML, like Gecko; compatible; ClaudeBot/1.0; +claudebot@anthropic.com)"
216.73.217.63 - - [17/Jun/2026:09:40:18 -0400] "GET /?p=1122 HTTP/2" 301 0 "-" "Mozilla/5.0 AppleWebKit/537.36 (KHTML, like Gecko; compatible; ClaudeBot/1.0; +claudebot@anthropic.com)"
216.73.217.63 - - [17/Jun/2026:09:40:20 -0400] "GET /2025/11/20/juegos-casino-gratis-nuevos/ HTTP/2" 200 18026 "https://transaboraico.cl/?p=1122" "Mozilla/5.0 AppleWebKit/537.36 (KHTML, like Gecko; compatible; ClaudeBot/1.0; +claudebot@anthropic.com)"
216.73.217.63 - - [17/Jun/2026:09:40:53 -0400] "GET /2025/11/20/juegos-casino-gratis-nuevos/ HTTP/2" 200 18026 "-" "Mozilla/5.0 AppleWebKit/537.36 (KHTML, like Gecko; compatible; ClaudeBot/1.0; +claudebot@anthropic.com)"
216.73.217.63 - - [17/Jun/2026:09:42:34 -0400] "GET /?p=1065 HTTP/2" 301 0 "-" "Mozilla/5.0 AppleWebKit/537.36 (KHTML, like Gecko; compatible; ClaudeBot/1.0; +claudebot@anthropic.com)"
216.73.217.63 - - [17/Jun/2026:09:42:35 -0400] "GET /2025/11/20/casino-gran-madrid-bono-sin-dep%C3%B3sito/ HTTP/2" 200 17867 "https://transaboraico.cl/?p=1065" "Mozilla/5.0 AppleWebKit/537.36 (KHTML, like Gecko; compatible; ClaudeBot/1.0; +claudebot@anthropic.com)"
181.226.141.91 - - [17/Jun/2026:09:48:18 -0400] "GET /wp-content/uploads/2022/06/integra-1024x341.png HTTP/3" 200 16029 "https://transaboraico.cl/" "Mozilla/5.0 (Windows NT 10.0; Win64; x64) AppleWebKit/537.36 (KHTML, like Gecko) Chrome/149.0.0.0 Safari/537.36"
181.226.141.91 - - [17/Jun/2026:09:48:18 -0400] "GET /wp-content/uploads/2022/06/natura.png HTTP/3" 200 5965 "https://transaboraico.cl/" "Mozilla/5.0 (Windows NT 10.0; Win64; x64) AppleWebKit/537.36 (KHTML, like Gecko) Chrome/149.0.0.0 Safari/537.36"
181.226.141.91 - - [17/Jun/2026:09:48:18 -0400] "GET /wp-content/uploads/2022/06/Unimarc-831x1024.png HTTP/3" 200 13819 "https://transaboraico.cl/" "Mozilla/5.0 (Windows NT 10.0; Win64; x64) AppleWebKit/537.36 (KHTML, like Gecko) Chrome/149.0.0.0 Safari/537.36"
181.226.141.91 - - [17/Jun/2026:09:48:18 -0400] "GET /wp-content/uploads/2022/06/Telefonica_Del_Sur-1.png HTTP/3" 200 3494 "https://transaboraico.cl/" "Mozilla/5.0 (Windows NT 10.0; Win64; x64) AppleWebKit/537.36 (KHTML, like Gecko) Chrome/149.0.0.0 Safari/537.36"
181.226.141.91 - - [17/Jun/2026:09:48:18 -0400] "GET /wp-content/uploads/2022/06/Logo_SuberBodega_Acuenta-1024x416.png HTTP/3" 200 17959 "https://transaboraico.cl/" "Mozilla/5.0 (Windows NT 10.0; Win64; x64) AppleWebKit/537.36 (KHTML, like Gecko) Chrome/149.0.0.0 Safari/537.36"
181.226.141.91 - - [17/Jun/2026:09:48:18 -0400] "GET /wp-content/uploads/2022/06/Falabella-1024x400.png HTTP/3" 200 9581 "https://transaboraico.cl/" "Mozilla/5.0 (Windows NT 10.0; Win64; x64) AppleWebKit/537.36 (KHTML, like Gecko) Chrome/149.0.0.0 Safari/537.36"
181.226.141.91 - - [17/Jun/2026:09:48:18 -0400] "POST /wp-content/plugins/burst-statistics/endpoint.php HTTP/3" 200 0 "https://transaboraico.cl/" "Mozilla/5.0 (Windows NT 10.0; Win64; x64) AppleWebKit/537.36 (KHTML, like Gecko) Chrome/149.0.0.0 Safari/537.36"
181.226.141.91 - - [17/Jun/2026:09:48:19 -0400] "GET /wp-content/uploads/2022/06/Ripley_Logo-e1656089223151-1024x123.png HTTP/3" 200 5467 "https://transaboraico.cl/" "Mozilla/5.0 (Windows NT 10.0; Win64; x64) AppleWebKit/537.36 (KHTML, like Gecko) Chrome/149.0.0.0 Safari/537.36"
181.226.141.91 - - [17/Jun/2026:09:48:19 -0400] "GET /wp-content/uploads/2022/06/groupon-e1656089296903-1024x447.png HTTP/3" 200 13756 "https://transaboraico.cl/" "Mozilla/5.0 (Windows NT 10.0; Win64; x64) AppleWebKit/537.36 (KHTML, like Gecko) Chrome/149.0.0.0 Safari/537.36"
207.210.83.200 - - [17/Jun/2026:09:31:37 -0400] "POST /wp-cron.php?doing_wp_cron=1781703097.1683580875396728515625 HTTP/1.1" 200 0 "-" "WordPress/7.0; https://transaboraico.cl"
207.210.83.200 - - [17/Jun/2026:09:34:38 -0400] "POST /wp-cron.php?doing_wp_cron=1781703278.5161199569702148437500 HTTP/1.1" 200 0 "-" "WordPress/7.0; https://transaboraico.cl"
207.210.83.200 - - [17/Jun/2026:09:44:30 -0400] "POST /wp-cron.php?doing_wp_cron=1781703870.4681758880615234375000 HTTP/1.1" 200 0 "-" "WordPress/7.0; https://transaboraico.cl"
61.6.239.76 - - [17/Jun/2026:09:44:28 -0400] "GET /bedding-furniture/cots-cot-beds.html HTTP/1.1" 404 17025 "-" "Mozilla/5.0 (Macintosh; Intel Mac OS X 10_15_6) AppleWebKit/537.36 (KHTML, like Gecko) Chrome/87.0.4280.88 Safari/537.36"
40.77.167.130 - - [17/Jun/2026:09:51:46 -0400] "GET /wp-content/uploads/2021/12/paillaco.jpg HTTP/2" 404 15389 "-" "Mozilla/5.0 AppleWebKit/537.36 (KHTML, like Gecko; compatible; bingbot/2.0; +http://www.bing.com/bingbot.htm) Chrome/116.0.1938.76 Safari/537.36"
40.77.167.51 - - [17/Jun/2026:10:06:36 -0400] "GET /?p=3141 HTTP/2" 301 0 "-" "Mozilla/5.0 AppleWebKit/537.36 (KHTML, like Gecko; compatible; bingbot/2.0; +http://www.bing.com/bingbot.htm) Chrome/116.0.1938.76 Safari/537.36"
207.210.83.200 - - [17/Jun/2026:10:09:45 -0400] "POST /wp-cron.php?doing_wp_cron=1781705385.8195950984954833984375 HTTP/1.1" 200 0 "-" "WordPress/7.0; https://transaboraico.cl"
112.34.110.147 - - [17/Jun/2026:10:11:40 -0400] "GET / HTTP/1.1" 200 26032 "http://www.baidu.com/" "Mozilla/5.0 (iPhone; CPU iPhone OS 16_6 like Mac OS X) AppleWebKit/605.1.15     (KHTML, like Gecko) Version/16.6 Mobile/15E148 Safari/604.1"
40.77.167.56 - - [17/Jun/2026:09:34:36 -0400] "GET /2025/11/20/casino-que-mas-paga-en-chile/ HTTP/2" 200 17989 "-" "Mozilla/5.0 AppleWebKit/537.36 (KHTML, like Gecko; compatible; bingbot/2.0; +http://www.bing.com/bingbot.htm) Chrome/116.0.1938.76 Safari/537.36"
49.51.52.250 - - [17/Jun/2026:09:35:41 -0400] "GET / HTTP/1.1" 200 29642 "http://www.transaboraico.cl" "Mozilla/5.0 (iPhone; CPU iPhone OS 13_2_3 like Mac OS X) AppleWebKit/605.1.15 (KHTML, like Gecko) Version/13.0.3 Mobile/15E148 Safari/604.1"
207.210.83.200 - - [17/Jun/2026:09:40:20 -0400] "POST /wp-cron.php?doing_wp_cron=1781703620.0777070522308349609375 HTTP/1.1" 200 0 "-" "WordPress/7.0; https://transaboraico.cl"
207.210.83.200 - - [17/Jun/2026:09:42:35 -0400] "POST /wp-cron.php?doing_wp_cron=1781703755.1747078895568847656250 HTTP/1.1" 200 0 "-" "WordPress/7.0; https://transaboraico.cl"
207.210.83.200 - - [17/Jun/2026:09:51:37 -0400] "POST /wp-cron.php?doing_wp_cron=1781704297.9688260555267333984375 HTTP/1.1" 200 0 "-" "WordPress/7.0; https://transaboraico.cl"
207.210.83.200 - - [17/Jun/2026:10:06:38 -0400] "POST /wp-cron.php?doing_wp_cron=1781705198.8551750183105468750000 HTTP/1.1" 200 0 "-" "WordPress/7.0; https://transaboraico.cl"
112.34.110.146 - - [17/Jun/2026:10:25:58 -0400] "GET / HTTP/1.1" 200 26032 "http://www.baidu.com/" "Mozilla/5.0 (iPhone; CPU iPhone OS 16_6 like Mac OS X) AppleWebKit/605.1.15     (KHTML, like Gecko) Version/16.6 Mobile/15E148 Safari/604.1"
181.226.141.91 - - [17/Jun/2026:09:48:19 -0400] "GET /wp-content/uploads/2022/06/CLA_CajaLosAndes-e1656089328964.png HTTP/3" 200 4648 "https://transaboraico.cl/" "Mozilla/5.0 (Windows NT 10.0; Win64; x64) AppleWebKit/537.36 (KHTML, like Gecko) Chrome/149.0.0.0 Safari/537.36"
181.226.141.91 - - [17/Jun/2026:09:50:54 -0400] "GET /wp-content/uploads/2022/06/Logo_correoschile-e1656089308216-1024x143.png HTTP/3" 200 8729 "https://transaboraico.cl/" "Mozilla/5.0 (Windows NT 10.0; Win64; x64) AppleWebKit/537.36 (KHTML, like Gecko) Chrome/149.0.0.0 Safari/537.36"
181.226.141.91 - - [17/Jun/2026:09:50:54 -0400] "POST /wp-content/plugins/burst-statistics/endpoint.php HTTP/3" 200 0 "https://transaboraico.cl/" "Mozilla/5.0 (Windows NT 10.0; Win64; x64) AppleWebKit/537.36 (KHTML, like Gecko) Chrome/149.0.0.0 Safari/537.36"
181.226.141.91 - - [17/Jun/2026:09:50:58 -0400] "POST /wp-content/plugins/burst-statistics/endpoint.php HTTP/3" 200 0 "https://transaboraico.cl/" "Mozilla/5.0 (Windows NT 10.0; Win64; x64) AppleWebKit/537.36 (KHTML, like Gecko) Chrome/149.0.0.0 Safari/537.36"
181.226.141.91 - - [17/Jun/2026:09:51:06 -0400] "POST /wp-content/plugins/burst-statistics/endpoint.php HTTP/3" 200 0 "https://transaboraico.cl/" "Mozilla/5.0 (Windows NT 10.0; Win64; x64) AppleWebKit/537.36 (KHTML, like Gecko) Chrome/149.0.0.0 Safari/537.36"
40.77.167.38 - - [17/Jun/2026:09:51:36 -0400] "GET /wp-content/uploads/2021/12/paillaco.jpg HTTP/2" 301 0 "-" "Mozilla/5.0 AppleWebKit/537.36 (KHTML, like Gecko; compatible; bingbot/2.0; +http://www.bing.com/bingbot.htm) Chrome/116.0.1938.76 Safari/537.36"
17.241.227.71 - - [17/Jun/2026:10:09:43 -0400] "GET /robots.txt HTTP/2" 200 193 "-" "Mozilla/5.0 (Macintosh; Intel Mac OS X 10_15_7) AppleWebKit/605.1.15 (KHTML, like Gecko) Version/17.4 Safari/605.1.15 (Applebot/0.1; +http://www.apple.com/go/applebot)"
17.241.227.71 - - [17/Jun/2026:10:09:44 -0400] "GET /author/administrador/feed/ HTTP/2" 301 0 "-" "Mozilla/5.0 (Macintosh; Intel Mac OS X 10_15_7) AppleWebKit/605.1.15 (KHTML, like Gecko) Version/17.4 Safari/605.1.15 (Applebot/0.1; +http://www.apple.com/go/applebot)"
17.241.227.106 - - [17/Jun/2026:10:09:46 -0400] "GET /robots.txt HTTP/2" 200 193 "-" "Mozilla/5.0 (Macintosh; Intel Mac OS X 10_15_7) AppleWebKit/605.1.15 (KHTML, like Gecko) Version/17.4 Safari/605.1.15 (Applebot/0.1; +http://www.apple.com/go/applebot)"
17.241.227.106 - - [17/Jun/2026:10:09:47 -0400] "GET /author/administrador/feed/ HTTP/2" 200 542 "-" "Mozilla/5.0 (Macintosh; Intel Mac OS X 10_15_7) AppleWebKit/605.1.15 (KHTML, like Gecko) Version/17.4 Safari/605.1.15 (Applebot/0.1; +http://www.apple.com/go/applebot)"
207.210.83.200 - - [17/Jun/2026:10:30:15 -0400] "POST /wp-cron.php?doing_wp_cron=1781706615.6811289787292480468750 HTTP/1.1" 200 0 "-" "WordPress/7.0; https://transaboraico.cl"
2a06:98c0:3600::103 - - [17/Jun/2026:10:30:19 -0400] "GET /xmlrpc.php HTTP/1.1" 403 1242 "https://www.google.com/search?q=transaboraico.cl" "Mozilla/5.0 (Windows NT 10.0; Win64; x64; rv:133.0) Gecko/20100101 Firefox/133.0"
2a06:98c0:3600::103 - - [17/Jun/2026:10:30:19 -0400] "GET /soporte HTTP/1.1" 301 0 "https://www.google.com/search?q=transaboraico.cl" "Mozilla/5.0 (Macintosh; Intel Mac OS X 10_15_7) AppleWebKit/537.36 (KHTML, like Gecko) Chrome/131.0.0.0 Safari/537.36"
2a06:98c0:3600::103 - - [17/Jun/2026:10:30:22 -0400] "GET /retiros HTTP/1.1" 301 0 "https://www.google.com/search?q=transaboraico.cl" "Mozilla/5.0 (Windows NT 10.0; Win64; x64) AppleWebKit/537.36 (KHTML, like Gecko) Chrome/131.0.0.0 Safari/537.36"
2a06:98c0:3600::103 - - [17/Jun/2026:10:30:19 -0400] "GET /tiempo-de-entrega HTTP/1.1" 301 0 "https://www.google.com/search?q=transaboraico.cl" "Mozilla/5.0 (Macintosh; Intel Mac OS X 10_15_7) AppleWebKit/537.36 (KHTML, like Gecko) Chrome/131.0.0.0 Safari/537.36"
2a06:98c0:3600::103 - - [17/Jun/2026:10:30:23 -0400] "GET /mercaderia-prohibida/ HTTP/1.1" 200 57569 "https://www.google.com/search?q=transaboraico.cl" "Mozilla/5.0 (Windows NT 10.0; Win64; x64) AppleWebKit/537.36 (KHTML, like Gecko) Chrome/131.0.0.0 Safari/537.36"
2a06:98c0:3600::103 - - [17/Jun/2026:10:30:24 -0400] "GET /retiros/ HTTP/1.1" 200 19330 "https://www.google.com/search?q=transaboraico.cl" "Mozilla/5.0 (Windows NT 10.0; Win64; x64) AppleWebKit/537.36 (KHTML, like Gecko) Chrome/131.0.0.0 Safari/537.36"
2a06:98c0:3600::103 - - [17/Jun/2026:10:30:24 -0400] "GET /empresa/ HTTP/1.1" 200 17536 "https://www.google.com/search?q=transaboraico.cl" "Mozilla/5.0 (Windows NT 10.0; Win64; x64) AppleWebKit/537.36 (KHTML, like Gecko) Chrome/131.0.0.0 Safari/537.36"
2a06:98c0:3600::103 - - [17/Jun/2026:10:30:22 -0400] "GET /seguimiento_ HTTP/1.1" 301 0 "https://www.google.com/search?q=transaboraico.cl" "Mozilla/5.0 (Macintosh; Intel Mac OS X 10_15_7) AppleWebKit/537.36 (KHTML, like Gecko) Chrome/131.0.0.0 Safari/537.36"
2a06:98c0:3600::103 - - [17/Jun/2026:10:30:24 -0400] "GET /facturacion/ HTTP/1.1" 200 16431 "https://www.google.com/search?q=transaboraico.cl" "Mozilla/5.0 (Macintosh; Intel Mac OS X 10_15_7) AppleWebKit/537.36 (KHTML, like Gecko) Chrome/131.0.0.0 Safari/537.36"
207.210.83.200 - - [17/Jun/2026:10:46:00 -0400] "POST /wp-cron.php?doing_wp_cron=1781707560.2828090190887451171875 HTTP/1.1" 200 0 "-" "WordPress/7.0; https://transaboraico.cl"
216.73.217.63 - - [17/Jun/2026:10:45:58 -0400] "GET /Casino-online/sitemap.xml%20http://transaboraico.cl/w8.php?m=4&t=1 HTTP/2" 301 0 "-" "Mozilla/5.0 AppleWebKit/537.36 (KHTML, like Gecko; compatible; ClaudeBot/1.0; +claudebot@anthropic.com)"
216.73.217.63 - - [17/Jun/2026:10:46:00 -0400] "GET /Casino-online/sitemap.xml%20http:/transaboraico.cl/w8.php?m=4&t=1 HTTP/2" 404 15395 "https://transaboraico.cl/Casino-online/sitemap.xml%20http://transaboraico.cl/w8.php?m=4&t=1" "Mozilla/5.0 AppleWebKit/537.36 (KHTML, like Gecko; compatible; ClaudeBot/1.0; +claudebot@anthropic.com)"
207.210.83.200 - - [17/Jun/2026:10:46:08 -0400] "GET /?wp_scrape_key=96bd3bbaf1ed40e3a38b31dd1d4ce900&wp_scrape_nonce=1781707566 HTTP/1.1" 200 29678 "-" "WordPress/7.0; https://transaboraico.cl"
207.210.83.200 - - [17/Jun/2026:10:46:47 -0400] "POST /wp-cron.php?doing_wp_cron=1781707607.4364259243011474609375 HTTP/1.1" 200 0 "-" "WordPress/7.0; https://transaboraico.cl"
216.73.217.63 - - [17/Jun/2026:10:46:45 -0400] "GET /2025/11/20/casino-gran-madrid-bono-sin-dep%C3%B3sito/ HTTP/2" 200 17866 "-" "Mozilla/5.0 AppleWebKit/537.36 (KHTML, like Gecko; compatible; ClaudeBot/1.0; +claudebot@anthropic.com)"
207.210.83.200 - - [17/Jun/2026:10:49:26 -0400] "POST /wp-cron.php?doing_wp_cron=1781707766.8009870052337646484375 HTTP/1.1" 200 0 "-" "WordPress/7.0; https://transaboraico.cl"
2a06:98c0:3600::103 - - [17/Jun/2026:10:30:12 -0400] "GET /robots.txt HTTP/1.1" 200 173 "https://www.google.com/search?q=transaboraico.cl" "Mozilla/5.0 (Windows NT 10.0; Win64; x64) AppleWebKit/537.36 (KHTML, like Gecko) Chrome/131.0.0.0 Safari/537.36"
2a06:98c0:3600::103 - - [17/Jun/2026:10:30:17 -0400] "GET /?feed=xmlsitemap1711 HTTP/1.1" 404 178 "https://www.google.com/search?q=transaboraico.cl" "Mozilla/5.0 (Windows NT 10.0; Win64; x64; rv:133.0) Gecko/20100101 Firefox/133.0"
