190.95.113.175 - - [17/Jun/2026:13:23:24 -0400] "POST /wp-content/plugins/burst-statistics/endpoint.php HTTP/2" 200 0 "https://transaboraico.cl/retiros/" "Mozilla/5.0 (Windows NT 10.0; Win64; x64) AppleWebKit/537.36 (KHTML, like Gecko) Chrome/149.0.0.0 Safari/537.36"
190.95.113.175 - - [17/Jun/2026:13:24:03 -0400] "POST /wp-content/plugins/burst-statistics/endpoint.php HTTP/2" 200 0 "https://transaboraico.cl/retiros/" "Mozilla/5.0 (Windows NT 10.0; Win64; x64) AppleWebKit/537.36 (KHTML, like Gecko) Chrome/149.0.0.0 Safari/537.36"
190.95.113.175 - - [17/Jun/2026:14:00:37 -0400] "POST /wp-content/plugins/burst-statistics/endpoint.php HTTP/2" 200 0 "https://transaboraico.cl/retiros/" "Mozilla/5.0 (Windows NT 10.0; Win64; x64) AppleWebKit/537.36 (KHTML, like Gecko) Chrome/149.0.0.0 Safari/537.36"
34.174.73.209 - - [17/Jun/2026:13:58:50 -0400] "HEAD / HTTP/2" 200 0 "http://mail.transaboraico.cl/" "Mozilla/5.0 (Linux; Android 14; OnePlus 12) AppleWebKit/537.36 (KHTML, like Gecko) Chrome/125.0.6422.102 Mobile Safari/537.36"
34.81.191.250 - - [17/Jun/2026:14:24:31 -0400] "GET /.git/config HTTP/1.1" 403 1242 "-" "-"
207.210.83.200 - - [17/Jun/2026:14:26:11 -0400] "POST /wp-cron.php?doing_wp_cron=1781720771.5022211074829101562500 HTTP/1.1" 200 0 "-" "WordPress/7.0; https://transaboraico.cl"
52.167.144.171 - - [17/Jun/2026:14:26:09 -0400] "GET /?p=2629 HTTP/2" 301 0 "-" "Mozilla/5.0 AppleWebKit/537.36 (KHTML, like Gecko; compatible; bingbot/2.0; +http://www.bing.com/bingbot.htm) Chrome/116.0.1938.76 Safari/537.36"
34.125.111.102 - - [17/Jun/2026:14:36:07 -0400] "GET /wp-content/uploads/2022/06/LOGOaboraico.png HTTP/1.1" 200 9717 "-" "Mozilla/5.0 AppleWebKit/537.36 (KHTML, like Gecko; compatible; ReyilBot/0.1"
216.73.217.63 - - [17/Jun/2026:14:46:21 -0400] "GET /robots.txt HTTP/2" 200 173 "-" "Mozilla/5.0 AppleWebKit/537.36 (KHTML, like Gecko; compatible; ClaudeBot/1.0; +claudebot@anthropic.com)"
216.73.217.63 - - [17/Jun/2026:14:46:21 -0400] "GET /Casino-online/sitemap.xml%20http://transaboraico.cl/w8.php?m=4&t=1 HTTP/2" 301 0 "-" "Mozilla/5.0 AppleWebKit/537.36 (KHTML, like Gecko; compatible; ClaudeBot/1.0; +claudebot@anthropic.com)"
216.73.217.63 - - [17/Jun/2026:14:46:23 -0400] "GET /Casino-online/sitemap.xml%20http:/transaboraico.cl/w8.php?m=4&t=1 HTTP/2" 404 15395 "https://transaboraico.cl/Casino-online/sitemap.xml%20http://transaboraico.cl/w8.php?m=4&t=1" "Mozilla/5.0 AppleWebKit/537.36 (KHTML, like Gecko; compatible; ClaudeBot/1.0; +claudebot@anthropic.com)"
207.210.83.200 - - [17/Jun/2026:14:46:23 -0400] "POST /wp-cron.php?doing_wp_cron=1781721983.0658850669860839843750 HTTP/1.1" 200 0 "-" "WordPress/7.0; https://transaboraico.cl"
216.73.217.63 - - [17/Jun/2026:14:48:22 -0400] "GET /?feed=xmlsitemap1711 HTTP/2" 404 178 "-" "Mozilla/5.0 AppleWebKit/537.36 (KHTML, like Gecko; compatible; ClaudeBot/1.0; +claudebot@anthropic.com)"
207.210.83.200 - - [17/Jun/2026:14:49:41 -0400] "POST /wp-cron.php?doing_wp_cron=1781722181.5050170421600341796875 HTTP/1.1" 200 0 "-" "WordPress/7.0; https://transaboraico.cl"
201.186.81.232 - - [17/Jun/2026:15:03:18 -0400] "GET /retiros/ HTTP/2" 200 0 "-" "Mozilla/5.0 (Windows NT 10.0; Win64; x64) AppleWebKit/537.36 (KHTML, like Gecko) Chrome/149.0.0.0 Safari/537.36"
201.186.81.232 - - [17/Jun/2026:15:03:18 -0400] "GET /retiros/ HTTP/2" 301 0 "-" "Mozilla/5.0 (Windows NT 10.0; Win64; x64) AppleWebKit/537.36 (KHTML, like Gecko) Chrome/149.0.0.0 Safari/537.36"
207.210.83.200 - - [17/Jun/2026:15:03:19 -0400] "POST /wp-cron.php?doing_wp_cron=1781722999.7870728969573974609375 HTTP/1.1" 200 0 "-" "WordPress/7.0; https://transaboraico.cl"
201.186.81.232 - - [17/Jun/2026:15:03:19 -0400] "GET /retiros/ HTTP/2" 200 19332 "-" "Mozilla/5.0 (Windows NT 10.0; Win64; x64) AppleWebKit/537.36 (KHTML, like Gecko) Chrome/149.0.0.0 Safari/537.36"
201.186.81.232 - - [17/Jun/2026:15:03:20 -0400] "GET /wp-content/plugins/complianz-gdpr/assets/css/cookieblocker.min.css?ver=1779237595 HTTP/2" 200 615 "https://transaboraico.cl/retiros/" "Mozilla/5.0 (Windows NT 10.0; Win64; x64) AppleWebKit/537.36 (KHTML, like Gecko) Chrome/149.0.0.0 Safari/537.36"
201.186.81.232 - - [17/Jun/2026:15:03:20 -0400] "GET /wp-content/themes/hello-elementor/assets/css/reset.css?ver=3.4.9 HTTP/2" 200 1590 "https://transaboraico.cl/retiros/" "Mozilla/5.0 (Windows NT 10.0; Win64; x64) AppleWebKit/537.36 (KHTML, like Gecko) Chrome/149.0.0.0 Safari/537.36"
201.186.81.232 - - [17/Jun/2026:15:03:20 -0400] "GET /wp-content/themes/hello-elementor/assets/css/theme.css?ver=3.4.9 HTTP/2" 200 1126 "https://transaboraico.cl/retiros/" "Mozilla/5.0 (Windows NT 10.0; Win64; x64) AppleWebKit/537.36 (KHTML, like Gecko) Chrome/149.0.0.0 Safari/537.36"
201.186.81.232 - - [17/Jun/2026:15:03:20 -0400] "GET /wp-content/themes/hello-elementor/assets/css/header-footer.css?ver=3.4.9 HTTP/2" 200 1261 "https://transaboraico.cl/retiros/" "Mozilla/5.0 (Windows NT 10.0; Win64; x64) AppleWebKit/537.36 (KHTML, like Gecko) Chrome/149.0.0.0 Safari/537.36"
201.186.81.232 - - [17/Jun/2026:15:03:20 -0400] "GET /wp-content/plugins/elementor/assets/css/frontend.min.css?ver=4.1.0 HTTP/2" 200 6613 "https://transaboraico.cl/retiros/" "Mozilla/5.0 (Windows NT 10.0; Win64; x64) AppleWebKit/537.36 (KHTML, like Gecko) Chrome/149.0.0.0 Safari/537.36"
201.186.81.232 - - [17/Jun/2026:15:03:20 -0400] "GET /wp-content/plugins/elementor/assets/css/widget-image.min.css?ver=4.1.0 HTTP/2" 200 96 "https://transaboraico.cl/retiros/" "Mozilla/5.0 (Windows NT 10.0; Win64; x64) AppleWebKit/537.36 (KHTML, like Gecko) Chrome/149.0.0.0 Safari/537.36"
201.186.81.232 - - [17/Jun/2026:15:03:20 -0400] "GET /wp-content/plugins/elementor/assets/lib/animations/styles/fadeInDown.min.css?ver=4.1.0 HTTP/2" 200 137 "https://transaboraico.cl/retiros/" "Mozilla/5.0 (Windows NT 10.0; Win64; x64) AppleWebKit/537.36 (KHTML, like Gecko) Chrome/149.0.0.0 Safari/537.36"
201.186.81.232 - - [17/Jun/2026:15:03:20 -0400] "GET /wp-content/uploads/elementor/css/post-6.css?ver=1781707607 HTTP/2" 200 457 "https://transaboraico.cl/retiros/" "Mozilla/5.0 (Windows NT 10.0; Win64; x64) AppleWebKit/537.36 (KHTML, like Gecko) Chrome/149.0.0.0 Safari/537.36"
201.186.81.232 - - [17/Jun/2026:15:03:20 -0400] "GET /wp-content/uploads/elementor/css/post-25.css?ver=1781707607 HTTP/2" 200 955 "https://transaboraico.cl/retiros/" "Mozilla/5.0 (Windows NT 10.0; Win64; x64) AppleWebKit/537.36 (KHTML, like Gecko) Chrome/149.0.0.0 Safari/537.36"
201.186.81.232 - - [17/Jun/2026:15:03:20 -0400] "GET /wp-content/plugins/elementor/assets/css/conditionals/apple-webkit.min.css?ver=4.1.0 HTTP/2" 200 464 "https://transaboraico.cl/retiros/" "Mozilla/5.0 (Windows NT 10.0; Win64; x64) AppleWebKit/537.36 (KHTML, like Gecko) Chrome/149.0.0.0 Safari/537.36"
201.186.81.232 - - [17/Jun/2026:15:03:20 -0400] "GET /wp-content/plugins/elementor/assets/lib/animations/styles/fadeInUp.min.css?ver=4.1.0 HTTP/2" 200 130 "https://transaboraico.cl/retiros/" "Mozilla/5.0 (Windows NT 10.0; Win64; x64) AppleWebKit/537.36 (KHTML, like Gecko) Chrome/149.0.0.0 Safari/537.36"
201.186.81.232 - - [17/Jun/2026:15:03:20 -0400] "GET /wp-content/plugins/elementor/assets/css/widget-social-icons.min.css?ver=4.1.0 HTTP/2" 200 1039 "https://transaboraico.cl/retiros/" "Mozilla/5.0 (Windows NT 10.0; Win64; x64) AppleWebKit/537.36 (KHTML, like Gecko) Chrome/149.0.0.0 Safari/537.36"
201.186.81.232 - - [17/Jun/2026:15:03:20 -0400] "GET /wp-content/plugins/elementor/assets/css/widget-heading.min.css?ver=4.1.0 HTTP/2" 200 126 "https://transaboraico.cl/retiros/" "Mozilla/5.0 (Windows NT 10.0; Win64; x64) AppleWebKit/537.36 (KHTML, like Gecko) Chrome/149.0.0.0 Safari/537.36"
201.186.81.232 - - [17/Jun/2026:15:03:20 -0400] "GET /wp-content/plugins/elementor-pro/assets/css/conditionals/popup.min.css?ver=4.0.2 HTTP/2" 200 328 "https://transaboraico.cl/retiros/" "Mozilla/5.0 (Windows NT 10.0; Win64; x64) AppleWebKit/537.36 (KHTML, like Gecko) Chrome/149.0.0.0 Safari/537.36"
201.186.81.232 - - [17/Jun/2026:15:03:20 -0400] "GET /wp-content/plugins/elementor-pro/assets/css/modules/sticky.min.css?ver=4.0.2 HTTP/2" 200 162 "https://transaboraico.cl/retiros/" "Mozilla/5.0 (Windows NT 10.0; Win64; x64) AppleWebKit/537.36 (KHTML, like Gecko) Chrome/149.0.0.0 Safari/537.36"
201.186.81.232 - - [17/Jun/2026:15:03:20 -0400] "GET /wp-content/plugins/elementor-pro/assets/css/widget-form.min.css?ver=4.0.2 HTTP/2" 200 1405 "https://transaboraico.cl/retiros/" "Mozilla/5.0 (Windows NT 10.0; Win64; x64) AppleWebKit/537.36 (KHTML, like Gecko) Chrome/149.0.0.0 Safari/537.36"
201.186.81.232 - - [17/Jun/2026:15:03:20 -0400] "GET /wp-content/plugins/elementor/assets/css/widget-icon-list.min.css?ver=4.1.0 HTTP/2" 200 928 "https://transaboraico.cl/retiros/" "Mozilla/5.0 (Windows NT 10.0; Win64; x64) AppleWebKit/537.36 (KHTML, like Gecko) Chrome/149.0.0.0 Safari/537.36"
201.186.81.232 - - [17/Jun/2026:15:03:20 -0400] "GET /wp-content/plugins/creame-whatsapp-me/public/css/joinchat.min.css?ver=6.2.3 HTTP/2" 200 5187 "https://transaboraico.cl/retiros/" "Mozilla/5.0 (Windows NT 10.0; Win64; x64) AppleWebKit/537.36 (KHTML, like Gecko) Chrome/149.0.0.0 Safari/537.36"
201.186.81.232 - - [17/Jun/2026:15:03:20 -0400] "GET /wp-content/uploads/elementor/css/post-36.css?ver=1781707607 HTTP/2" 200 1267 "https://transaboraico.cl/retiros/" "Mozilla/5.0 (Windows NT 10.0; Win64; x64) AppleWebKit/537.36 (KHTML, like Gecko) Chrome/149.0.0.0 Safari/537.36"
201.186.81.232 - - [17/Jun/2026:15:03:20 -0400] "GET /wp-content/plugins/elementor/assets/lib/font-awesome/css/solid.min.css?ver=5.15.3 HTTP/2" 200 286 "https://transaboraico.cl/retiros/" "Mozilla/5.0 (Windows NT 10.0; Win64; x64) AppleWebKit/537.36 (KHTML, like Gecko) Chrome/149.0.0.0 Safari/537.36"
201.186.81.232 - - [17/Jun/2026:15:03:20 -0400] "GET /wp-content/uploads/2022/06/LOGOaboraico-768x353.png HTTP/2" 200 12187 "https://transaboraico.cl/retiros/" "Mozilla/5.0 (Windows NT 10.0; Win64; x64) AppleWebKit/537.36 (KHTML, like Gecko) Chrome/149.0.0.0 Safari/537.36"
201.186.81.232 - - [17/Jun/2026:15:03:20 -0400] "GET /wp-content/uploads/elementor/css/post-592.css?ver=1781713233 HTTP/2" 200 1524 "https://transaboraico.cl/retiros/" "Mozilla/5.0 (Windows NT 10.0; Win64; x64) AppleWebKit/537.36 (KHTML, like Gecko) Chrome/149.0.0.0 Safari/537.36"
201.186.81.232 - - [17/Jun/2026:15:03:20 -0400] "GET /wp-content/plugins/elementor/assets/lib/font-awesome/css/brands.min.css?ver=5.15.3 HTTP/2" 200 284 "https://transaboraico.cl/retiros/" "Mozilla/5.0 (Windows NT 10.0; Win64; x64) AppleWebKit/537.36 (KHTML, like Gecko) Chrome/149.0.0.0 Safari/537.36"
201.186.81.232 - - [17/Jun/2026:15:03:20 -0400] "GET /wp-content/plugins/elementor-pro/assets/css/widget-nav-menu.min.css?ver=4.0.2 HTTP/2" 200 3241 "https://transaboraico.cl/retiros/" "Mozilla/5.0 (Windows NT 10.0; Win64; x64) AppleWebKit/537.36 (KHTML, like Gecko) Chrome/149.0.0.0 Safari/537.36"
201.186.81.232 - - [17/Jun/2026:15:03:20 -0400] "GET /wp-content/plugins/elementor/assets/lib/eicons/css/elementor-icons.min.css?ver=5.49.0 HTTP/2" 200 4114 "https://transaboraico.cl/retiros/" "Mozilla/5.0 (Windows NT 10.0; Win64; x64) AppleWebKit/537.36 (KHTML, like Gecko) Chrome/149.0.0.0 Safari/537.36"
201.186.81.232 - - [17/Jun/2026:15:03:20 -0400] "GET /wp-includes/js/jquery/jquery-migrate.min.js?ver=3.4.1 HTTP/2" 200 4678 "https://transaboraico.cl/retiros/" "Mozilla/5.0 (Windows NT 10.0; Win64; x64) AppleWebKit/537.36 (KHTML, like Gecko) Chrome/149.0.0.0 Safari/537.36"
201.186.81.232 - - [17/Jun/2026:15:03:20 -0400] "GET /wp-content/uploads/elementor/css/post-699.css?ver=1781713233 HTTP/2" 200 358 "https://transaboraico.cl/retiros/" "Mozilla/5.0 (Windows NT 10.0; Win64; x64) AppleWebKit/537.36 (KHTML, like Gecko) Chrome/149.0.0.0 Safari/537.36"
201.186.81.232 - - [17/Jun/2026:15:03:20 -0400] "GET /wp-content/plugins/elementor/assets/lib/font-awesome/css/fontawesome.min.css?ver=5.15.3 HTTP/2" 200 12164 "https://transaboraico.cl/retiros/" "Mozilla/5.0 (Windows NT 10.0; Win64; x64) AppleWebKit/537.36 (KHTML, like Gecko) Chrome/149.0.0.0 Safari/537.36"
201.186.81.232 - - [17/Jun/2026:15:03:20 -0400] "GET /wp-includes/js/jquery/jquery.min.js?ver=3.7.1 HTTP/2" 200 29744 "https://transaboraico.cl/retiros/" "Mozilla/5.0 (Windows NT 10.0; Win64; x64) AppleWebKit/537.36 (KHTML, like Gecko) Chrome/149.0.0.0 Safari/537.36"
201.186.81.232 - - [17/Jun/2026:15:03:20 -0400] "GET /wp-content/themes/hello-elementor/assets/js/hello-frontend.js?ver=3.4.9 HTTP/2" 200 493 "https://transaboraico.cl/retiros/" "Mozilla/5.0 (Windows NT 10.0; Win64; x64) AppleWebKit/537.36 (KHTML, like Gecko) Chrome/149.0.0.0 Safari/537.36"
201.186.81.232 - - [17/Jun/2026:15:03:20 -0400] "GET /wp-content/plugins/elementor/assets/lib/flatpickr/flatpickr.min.css?ver=4.6.13 HTTP/2" 200 2797 "https://transaboraico.cl/retiros/" "Mozilla/5.0 (Windows NT 10.0; Win64; x64) AppleWebKit/537.36 (KHTML, like Gecko) Chrome/149.0.0.0 Safari/537.36"
201.186.81.232 - - [17/Jun/2026:15:03:20 -0400] "GET /wp-content/plugins/elementor/assets/js/webpack.runtime.min.js?ver=4.1.0 HTTP/2" 200 2338 "https://transaboraico.cl/retiros/" "Mozilla/5.0 (Windows NT 10.0; Win64; x64) AppleWebKit/537.36 (KHTML, like Gecko) Chrome/149.0.0.0 Safari/537.36"
201.186.81.232 - - [17/Jun/2026:15:03:20 -0400] "GET /wp-content/plugins/elementor/assets/js/frontend.min.js?ver=4.1.0 HTTP/2" 200 10124 "https://transaboraico.cl/retiros/" "Mozilla/5.0 (Windows NT 10.0; Win64; x64) AppleWebKit/537.36 (KHTML, like Gecko) Chrome/149.0.0.0 Safari/537.36"
201.186.81.232 - - [17/Jun/2026:15:03:20 -0400] "GET /wp-includes/js/jquery/ui/core.min.js?ver=1.13.3 HTTP/2" 200 6812 "https://transaboraico.cl/retiros/" "Mozilla/5.0 (Windows NT 10.0; Win64; x64) AppleWebKit/537.36 (KHTML, like Gecko) Chrome/149.0.0.0 Safari/537.36"
201.186.81.232 - - [17/Jun/2026:15:03:20 -0400] "GET /wp-content/plugins/elementor-pro/assets/lib/smartmenus/jquery.smartmenus.min.js?ver=1.2.1 HTTP/2" 200 6867 "https://transaboraico.cl/retiros/" "Mozilla/5.0 (Windows NT 10.0; Win64; x64) AppleWebKit/537.36 (KHTML, like Gecko) Chrome/149.0.0.0 Safari/537.36"
201.186.81.232 - - [17/Jun/2026:15:03:20 -0400] "GET /wp-content/plugins/elementor/assets/js/frontend-modules.min.js?ver=4.1.0 HTTP/2" 200 15445 "https://transaboraico.cl/retiros/" "Mozilla/5.0 (Windows NT 10.0; Win64; x64) AppleWebKit/537.36 (KHTML, like Gecko) Chrome/149.0.0.0 Safari/537.36"
201.186.81.232 - - [17/Jun/2026:15:03:20 -0400] "GET /wp-content/uploads/2022/06/LOGOaboraico.png HTTP/2" 200 9717 "https://transaboraico.cl/retiros/" "Mozilla/5.0 (Windows NT 10.0; Win64; x64) AppleWebKit/537.36 (KHTML, like Gecko) Chrome/149.0.0.0 Safari/537.36"
201.186.81.232 - - [17/Jun/2026:15:03:20 -0400] "GET /wp-content/plugins/elementor-pro/assets/lib/sticky/jquery.sticky.min.js?ver=4.0.2 HTTP/2" 200 1442 "https://transaboraico.cl/retiros/" "Mozilla/5.0 (Windows NT 10.0; Win64; x64) AppleWebKit/537.36 (KHTML, like Gecko) Chrome/149.0.0.0 Safari/537.36"
201.186.81.232 - - [17/Jun/2026:15:03:20 -0400] "GET /wp-content/plugins/wp-smushit/app/assets/js/smush-lazy-load.min.js?ver=4.0.3 HTTP/2" 200 7822 "https://transaboraico.cl/retiros/" "Mozilla/5.0 (Windows NT 10.0; Win64; x64) AppleWebKit/537.36 (KHTML, like Gecko) Chrome/149.0.0.0 Safari/537.36"
201.186.81.232 - - [17/Jun/2026:15:03:20 -0400] "GET /wp-content/plugins/elementor-pro/assets/js/webpack-pro.runtime.min.js?ver=4.0.2 HTTP/2" 200 2611 "https://transaboraico.cl/retiros/" "Mozilla/5.0 (Windows NT 10.0; Win64; x64) AppleWebKit/537.36 (KHTML, like Gecko) Chrome/149.0.0.0 Safari/537.36"
201.186.81.232 - - [17/Jun/2026:15:03:20 -0400] "GET /wp-includes/js/dist/hooks.min.js?ver=7496969728ca0f95732d HTTP/2" 200 1712 "https://transaboraico.cl/retiros/" "Mozilla/5.0 (Windows NT 10.0; Win64; x64) AppleWebKit/537.36 (KHTML, like Gecko) Chrome/149.0.0.0 Safari/537.36"
201.186.81.232 - - [17/Jun/2026:15:03:20 -0400] "GET /wp-content/plugins/elementor-pro/assets/js/frontend.min.js?ver=4.0.2 HTTP/2" 200 6191 "https://transaboraico.cl/retiros/" "Mozilla/5.0 (Windows NT 10.0; Win64; x64) AppleWebKit/537.36 (KHTML, like Gecko) Chrome/149.0.0.0 Safari/537.36"
201.186.81.232 - - [17/Jun/2026:15:03:20 -0400] "GET /wp-includes/js/dist/i18n.min.js?ver=781d11515ad3d91786ec HTTP/2" 200 2330 "https://transaboraico.cl/retiros/" "Mozilla/5.0 (Windows NT 10.0; Win64; x64) AppleWebKit/537.36 (KHTML, like Gecko) Chrome/149.0.0.0 Safari/537.36"
201.186.81.232 - - [17/Jun/2026:15:03:20 -0400] "GET /wp-content/plugins/elementor/assets/lib/flatpickr/flatpickr.min.js?ver=4.6.13 HTTP/2" 200 14078 "https://transaboraico.cl/retiros/" "Mozilla/5.0 (Windows NT 10.0; Win64; x64) AppleWebKit/537.36 (KHTML, like Gecko) Chrome/149.0.0.0 Safari/537.36"
201.186.81.232 - - [17/Jun/2026:15:03:20 -0400] "GET /wp-content/uploads/2022/06/Hero4s2-e1655149132915.jpeg HTTP/2" 200 143619 "https://transaboraico.cl/wp-content/uploads/elementor/css/post-592.css?ver=1781713233" "Mozilla/5.0 (Windows NT 10.0; Win64; x64) AppleWebKit/537.36 (KHTML, like Gecko) Chrome/149.0.0.0 Safari/537.36"
201.186.81.232 - - [17/Jun/2026:15:03:20 -0400] "GET /wp-content/uploads/2022/06/Triangle-Vector-PNG-Clipart.png HTTP/2" 200 205288 "https://transaboraico.cl/wp-content/uploads/elementor/css/post-592.css?ver=1781713233" "Mozilla/5.0 (Windows NT 10.0; Win64; x64) AppleWebKit/537.36 (KHTML, like Gecko) Chrome/149.0.0.0 Safari/537.36"
201.186.81.232 - - [17/Jun/2026:15:03:20 -0400] "GET /wp-content/plugins/elementor/assets/lib/eicons/fonts/eicons.woff2?5.49.0 HTTP/2" 200 106044 "https://transaboraico.cl/wp-content/plugins/elementor/assets/lib/eicons/css/elementor-icons.min.css?ver=5.49.0" "Mozilla/5.0 (Windows NT 10.0; Win64; x64) AppleWebKit/537.36 (KHTML, like Gecko) Chrome/149.0.0.0 Safari/537.36"
201.186.81.232 - - [17/Jun/2026:15:03:20 -0400] "GET /wp-content/plugins/elementor/assets/lib/font-awesome/webfonts/fa-brands-400.woff2 HTTP/2" 200 81612 "https://transaboraico.cl/wp-content/plugins/elementor/assets/lib/font-awesome/css/brands.min.css?ver=5.15.3" "Mozilla/5.0 (Windows NT 10.0; Win64; x64) AppleWebKit/537.36 (KHTML, like Gecko) Chrome/149.0.0.0 Safari/537.36"
201.186.81.232 - - [17/Jun/2026:15:03:20 -0400] "GET /wp-content/plugins/elementor-pro/assets/js/elements-handlers.min.js?ver=4.0.2 HTTP/2" 200 10079 "https://transaboraico.cl/retiros/" "Mozilla/5.0 (Windows NT 10.0; Win64; x64) AppleWebKit/537.36 (KHTML, like Gecko) Chrome/149.0.0.0 Safari/537.36"
201.186.81.232 - - [17/Jun/2026:15:03:20 -0400] "GET /wp-content/plugins/burst-statistics/assets/js/timeme/timeme.min.js?ver=1779852933 HTTP/2" 200 1831 "https://transaboraico.cl/retiros/" "Mozilla/5.0 (Windows NT 10.0; Win64; x64) AppleWebKit/537.36 (KHTML, like Gecko) Chrome/149.0.0.0 Safari/537.36"
201.186.81.232 - - [17/Jun/2026:15:03:20 -0400] "GET /wp-content/uploads/burst/js/burst.min.js?ver=1781643379 HTTP/2" 200 3147 "https://transaboraico.cl/retiros/" "Mozilla/5.0 (Windows NT 10.0; Win64; x64) AppleWebKit/537.36 (KHTML, like Gecko) Chrome/149.0.0.0 Safari/537.36"
201.186.81.232 - - [17/Jun/2026:15:03:20 -0400] "GET /wp-content/plugins/creame-whatsapp-me/public/js/joinchat.min.js?ver=6.2.3 HTTP/2" 200 3630 "https://transaboraico.cl/retiros/" "Mozilla/5.0 (Windows NT 10.0; Win64; x64) AppleWebKit/537.36 (KHTML, like Gecko) Chrome/149.0.0.0 Safari/537.36"
201.186.81.232 - - [17/Jun/2026:15:03:20 -0400] "GET /wp-content/plugins/complianz-gdpr/cookiebanner/js/complianz.min.js?ver=1779237596 HTTP/2" 200 10477 "https://transaboraico.cl/retiros/" "Mozilla/5.0 (Windows NT 10.0; Win64; x64) AppleWebKit/537.36 (KHTML, like Gecko) Chrome/149.0.0.0 Safari/537.36"
201.186.81.232 - - [17/Jun/2026:15:03:20 -0400] "GET /wp-content/uploads/complianz/css/banner-2-optout.css?v=5 HTTP/2" 200 2828 "https://transaboraico.cl/retiros/" "Mozilla/5.0 (Windows NT 10.0; Win64; x64) AppleWebKit/537.36 (KHTML, like Gecko) Chrome/149.0.0.0 Safari/537.36"
201.186.81.232 - - [17/Jun/2026:15:03:20 -0400] "GET /wp-content/plugins/elementor/assets/lib/dialog/dialog.min.js?ver=4.9.3 HTTP/2" 200 3593 "https://transaboraico.cl/retiros/" "Mozilla/5.0 (Windows NT 10.0; Win64; x64) AppleWebKit/537.36 (KHTML, like Gecko) Chrome/149.0.0.0 Safari/537.36"
201.186.81.232 - - [17/Jun/2026:15:03:20 -0400] "GET /wp-content/plugins/elementor/assets/js/section-frontend-handlers.d85ab872da118940910d.bundle.min.js HTTP/2" 200 229 "https://transaboraico.cl/retiros/" "Mozilla/5.0 (Windows NT 10.0; Win64; x64) AppleWebKit/537.36 (KHTML, like Gecko) Chrome/149.0.0.0 Safari/537.36"
201.186.81.232 - - [17/Jun/2026:15:03:20 -0400] "GET /wp-content/plugins/elementor/assets/js/shared-frontend-handlers.03caa53373b56d3bab67.bundle.min.js HTTP/2" 200 2511 "https://transaboraico.cl/retiros/" "Mozilla/5.0 (Windows NT 10.0; Win64; x64) AppleWebKit/537.36 (KHTML, like Gecko) Chrome/149.0.0.0 Safari/537.36"
201.186.81.232 - - [17/Jun/2026:15:03:20 -0400] "GET /wp-content/plugins/elementor-pro/assets/js/nav-menu.3afa8f5eb1fef7c22561.bundle.min.js HTTP/2" 200 1720 "https://transaboraico.cl/retiros/" "Mozilla/5.0 (Windows NT 10.0; Win64; x64) AppleWebKit/537.36 (KHTML, like Gecko) Chrome/149.0.0.0 Safari/537.36"
201.186.81.232 - - [17/Jun/2026:15:03:20 -0400] "GET /wp-content/plugins/elementor/assets/js/text-editor.45609661e409413f1cef.bundle.min.js HTTP/2" 200 592 "https://transaboraico.cl/retiros/" "Mozilla/5.0 (Windows NT 10.0; Win64; x64) AppleWebKit/537.36 (KHTML, like Gecko) Chrome/149.0.0.0 Safari/537.36"
201.186.81.232 - - [17/Jun/2026:15:03:20 -0400] "GET /wp-content/plugins/elementor-pro/assets/js/form.cfd61a9174be80f835c6.bundle.min.js HTTP/2" 200 4943 "https://transaboraico.cl/retiros/" "Mozilla/5.0 (Windows NT 10.0; Win64; x64) AppleWebKit/537.36 (KHTML, like Gecko) Chrome/149.0.0.0 Safari/537.36"
201.186.81.232 - - [17/Jun/2026:15:03:20 -0400] "GET /wp-content/plugins/elementor-pro/assets/js/popup.61d4fcab8891b2e07802.bundle.min.js HTTP/2" 200 390 "https://transaboraico.cl/retiros/" "Mozilla/5.0 (Windows NT 10.0; Win64; x64) AppleWebKit/537.36 (KHTML, like Gecko) Chrome/149.0.0.0 Safari/537.36"
201.186.81.232 - - [17/Jun/2026:15:03:20 -0400] "GET /wp-content/plugins/elementor/assets/lib/font-awesome/webfonts/fa-solid-900.woff2 HTTP/2" 200 78196 "https://transaboraico.cl/wp-content/plugins/elementor/assets/lib/font-awesome/css/solid.min.css?ver=5.15.3" "Mozilla/5.0 (Windows NT 10.0; Win64; x64) AppleWebKit/537.36 (KHTML, like Gecko) Chrome/149.0.0.0 Safari/537.36"
201.186.81.232 - - [17/Jun/2026:15:03:20 -0400] "GET /wp-includes/js/wp-emoji-release.min.js?ver=7.0 HTTP/2" 200 4949 "https://transaboraico.cl/retiros/" "Mozilla/5.0 (Windows NT 10.0; Win64; x64) AppleWebKit/537.36 (KHTML, like Gecko) Chrome/149.0.0.0 Safari/537.36"
66.249.74.39 - - [17/Jun/2026:14:49:39 -0400] "GET /Casino-online/sitemap.xml HTTP/1.1" 404 15377 "-" "Mozilla/5.0 (compatible; Googlebot/2.1; +http://www.google.com/bot.html)"
207.210.83.200 - - [17/Jun/2026:14:48:24 -0400] "POST /wp-cron.php?doing_wp_cron=1781722104.2966740131378173828125 HTTP/1.1" 200 0 "-" "WordPress/7.0; https://transaboraico.cl"
201.186.81.232 - - [17/Jun/2026:15:03:20 -0400] "POST /wp-content/plugins/burst-statistics/endpoint.php HTTP/2" 200 0 "https://transaboraico.cl/retiros/" "Mozilla/5.0 (Windows NT 10.0; Win64; x64) AppleWebKit/537.36 (KHTML, like Gecko) Chrome/149.0.0.0 Safari/537.36"
201.186.81.232 - - [17/Jun/2026:15:03:20 -0400] "GET /wp-content/uploads/2022/06/cropped-LOGOaboraico-32x32.png HTTP/2" 200 620 "https://transaboraico.cl/retiros/" "Mozilla/5.0 (Windows NT 10.0; Win64; x64) AppleWebKit/537.36 (KHTML, like Gecko) Chrome/149.0.0.0 Safari/537.36"
201.186.81.232 - - [17/Jun/2026:15:03:21 -0400] "GET /wp-content/plugins/elementor/assets/css/conditionals/dialog.min.css?ver=4.1.0 HTTP/2" 200 1428 "https://transaboraico.cl/retiros/" "Mozilla/5.0 (Windows NT 10.0; Win64; x64) AppleWebKit/537.36 (KHTML, like Gecko) Chrome/149.0.0.0 Safari/537.36"
201.186.81.232 - - [17/Jun/2026:15:03:21 -0400] "GET /wp-content/uploads/2024/03/requisitos-de-embalaje-1-250x250-1-150x150.jpg HTTP/2" 200 7117 "https://transaboraico.cl/retiros/" "Mozilla/5.0 (Windows NT 10.0; Win64; x64) AppleWebKit/537.36 (KHTML, like Gecko) Chrome/149.0.0.0 Safari/537.36"
201.186.81.232 - - [17/Jun/2026:15:13:04 -0400] "POST /wp-content/plugins/burst-statistics/endpoint.php HTTP/3" 200 0 "https://transaboraico.cl/retiros/" "Mozilla/5.0 (Windows NT 10.0; Win64; x64) AppleWebKit/537.36 (KHTML, like Gecko) Chrome/149.0.0.0 Safari/537.36"
69.63.184.31 - - [17/Jun/2026:15:14:30 -0400] "GET /wp-content/uploads/2020/11/cropped-logo_aboraico.jpg HTTP/2" 301 0 "-" "facebookexternalhit/1.1 (+http://www.facebook.com/externalhit_uatext.php)"
207.210.83.200 - - [17/Jun/2026:15:15:50 -0400] "POST /wp-cron.php?doing_wp_cron=1781723750.0991470813751220703125 HTTP/1.1" 200 0 "-" "WordPress/7.0; https://transaboraico.cl"
207.210.83.200 - - [17/Jun/2026:15:04:19 -0400] "POST /wp-cron.php?doing_wp_cron=1781723059.9353480339050292968750 HTTP/1.1" 200 0 "-" "WordPress/7.0; https://transaboraico.cl"
37.61.114.176 - - [17/Jun/2026:15:04:18 -0400] "GET /kids-accessories/hair-accessories.html HTTP/1.1" 404 17015 "-" "Mozilla/5.0 (Windows NT 10.0; Win64; x64) AppleWebKit/537.36 (KHTML, like Gecko) Chrome/87.0.4280.88 Safari/537.36"
69.63.184.31 - - [17/Jun/2026:15:14:33 -0400] "GET /wp-content/uploads/2020/11/cropped-logo_aboraico.jpg HTTP/2" 404 65158 "-" "facebookexternalhit/1.1 (+http://www.facebook.com/externalhit_uatext.php)"
201.186.81.232 - - [17/Jun/2026:15:15:47 -0400] "POST /wp-content/plugins/burst-statistics/endpoint.php HTTP/3" 200 0 "https://transaboraico.cl/retiros/" "Mozilla/5.0 (Windows NT 10.0; Win64; x64) AppleWebKit/537.36 (KHTML, like Gecko) Chrome/149.0.0.0 Safari/537.36"
201.186.81.232 - - [17/Jun/2026:15:15:47 -0400] "POST /wp-admin/admin-ajax.php HTTP/3" 200 99 "https://transaboraico.cl/retiros/" "Mozilla/5.0 (Windows NT 10.0; Win64; x64) AppleWebKit/537.36 (KHTML, like Gecko) Chrome/149.0.0.0 Safari/537.36"
201.186.81.232 - - [17/Jun/2026:15:05:17 -0400] "POST /wp-content/plugins/burst-statistics/endpoint.php HTTP/2" 200 0 "https://transaboraico.cl/retiros/" "Mozilla/5.0 (Windows NT 10.0; Win64; x64) AppleWebKit/537.36 (KHTML, like Gecko) Chrome/149.0.0.0 Safari/537.36"
201.186.81.232 - - [17/Jun/2026:15:06:05 -0400] "POST /wp-content/plugins/burst-statistics/endpoint.php HTTP/2" 200 0 "https://transaboraico.cl/retiros/" "Mozilla/5.0 (Windows NT 10.0; Win64; x64) AppleWebKit/537.36 (KHTML, like Gecko) Chrome/149.0.0.0 Safari/537.36"
207.210.83.200 - - [17/Jun/2026:15:14:32 -0400] "POST /wp-cron.php?doing_wp_cron=1781723672.4553809165954589843750 HTTP/1.1" 200 0 "-" "WordPress/7.0; https://transaboraico.cl"
52.167.144.197 - - [17/Jun/2026:15:25:51 -0400] "GET /?p=5342 HTTP/2" 301 0 "-" "Mozilla/5.0 AppleWebKit/537.36 (KHTML, like Gecko; compatible; bingbot/2.0; +http://www.bing.com/bingbot.htm) Chrome/116.0.1938.76 Safari/537.36"
52.167.144.197 - - [17/Jun/2026:15:25:53 -0400] "GET /portada/cropped-lavado-manos.jpg HTTP/2" 404 15390 "-" "Mozilla/5.0 AppleWebKit/537.36 (KHTML, like Gecko; compatible; bingbot/2.0; +http://www.bing.com/bingbot.htm) Chrome/116.0.1938.76 Safari/537.36"
201.186.81.232 - - [17/Jun/2026:15:28:56 -0400] "POST /wp-content/plugins/burst-statistics/endpoint.php HTTP/3" 200 0 "https://transaboraico.cl/retiros/" "Mozilla/5.0 (Windows NT 10.0; Win64; x64) AppleWebKit/537.36 (KHTML, like Gecko) Chrome/149.0.0.0 Safari/537.36"
138.246.253.24 - - [17/Jun/2026:15:35:41 -0400] "GET /robots.txt HTTP/1.1" 200 422 "-" "Mozilla/5.0 (Windows NT 10.0; Win64; x64) AppleWebKit/537.36 (KHTML, like Gecko) Chrome/103.0.5060.134 Safari/537.36"
66.249.74.37 - - [17/Jun/2026:15:36:55 -0400] "GET /2025/11/20/casinos-mexicanos-con-giros-gratis-sin-dep%C3%B3sito/ HTTP/1.1" 200 18090 "-" "Mozilla/5.0 (Linux; Android 6.0.1; Nexus 5X Build/MMB29P) AppleWebKit/537.36 (KHTML, like Gecko) Chrome/148.0.7778.96 Mobile Safari/537.36 (compatible; Googlebot/2.1; +http://www.google.com/bot.html)"
201.186.81.232 - - [17/Jun/2026:15:24:27 -0400] "POST /wp-content/plugins/burst-statistics/endpoint.php HTTP/3" 200 0 "https://transaboraico.cl/retiros/" "Mozilla/5.0 (Windows NT 10.0; Win64; x64) AppleWebKit/537.36 (KHTML, like Gecko) Chrome/149.0.0.0 Safari/537.36"
201.186.81.232 - - [17/Jun/2026:15:24:28 -0400] "POST /wp-content/plugins/burst-statistics/endpoint.php HTTP/3" 200 0 "https://transaboraico.cl/retiros/" "Mozilla/5.0 (Windows NT 10.0; Win64; x64) AppleWebKit/537.36 (KHTML, like Gecko) Chrome/149.0.0.0 Safari/537.36"
207.210.83.200 - - [17/Jun/2026:15:25:52 -0400] "POST /wp-cron.php?doing_wp_cron=1781724352.7987909317016601562500 HTTP/1.1" 200 0 "-" "WordPress/7.0; https://transaboraico.cl"
66.249.74.39 - - [17/Jun/2026:15:26:46 -0400] "GET /wp-content/uploads/2022/06/Ripley_Logo-e1656089223151-1024x123.png HTTP/1.1" 304 0 "-" "Googlebot-Image/1.0"
207.210.83.200 - - [17/Jun/2026:15:27:38 -0400] "POST /wp-cron.php?doing_wp_cron=1781724458.8476650714874267578125 HTTP/1.1" 200 0 "-" "WordPress/7.0; https://transaboraico.cl"
34.174.126.0 - - [17/Jun/2026:15:35:09 -0400] "HEAD / HTTP/2" 200 0 "http://transaboraico.cl/" "Mozilla/5.0 (iPhone; CPU iPhone OS 17_5 like Mac OS X) AppleWebKit/605.1.15 (KHTML, like Gecko) Version/17.5 Mobile/15E148 Safari/604.1"
40.77.167.20 - - [17/Jun/2026:15:27:37 -0400] "GET /?p=5011 HTTP/2" 301 0 "-" "Mozilla/5.0 AppleWebKit/537.36 (KHTML, like Gecko; compatible; bingbot/2.0; +http://www.bing.com/bingbot.htm) Chrome/116.0.1938.76 Safari/537.36"
207.210.83.200 - - [17/Jun/2026:15:36:56 -0400] "POST /wp-cron.php?doing_wp_cron=1781725016.8438560962677001953125 HTTP/1.1" 200 0 "-" "WordPress/7.0; https://transaboraico.cl"
207.210.83.200 - - [17/Jun/2026:15:48:37 -0400] "POST /wp-cron.php?doing_wp_cron=1781725717.5086190700531005859375 HTTP/1.1" 200 0 "-" "WordPress/7.0; https://transaboraico.cl"
186.40.198.0 - - [17/Jun/2026:15:39:06 -0400] "GET /wp-content/uploads/burst/js/burst.min.js?ver=1781212222 HTTP/3" 200 3147 "https://transaboraico.cl/" "Mozilla/5.0 (Windows NT 10.0; Win64; x64) AppleWebKit/537.36 (KHTML, like Gecko) Chrome/149.0.0.0 Safari/537.36"
186.40.198.0 - - [17/Jun/2026:15:39:07 -0400] "POST /wp-content/plugins/burst-statistics/endpoint.php HTTP/3" 200 0 "https://transaboraico.cl/" "Mozilla/5.0 (Windows NT 10.0; Win64; x64) AppleWebKit/537.36 (KHTML, like Gecko) Chrome/149.0.0.0 Safari/537.36"
186.40.198.0 - - [17/Jun/2026:15:39:07 -0400] "POST /wp-content/plugins/burst-statistics/endpoint.php HTTP/3" 200 0 "https://transaboraico.cl/" "Mozilla/5.0 (Windows NT 10.0; Win64; x64) AppleWebKit/537.36 (KHTML, like Gecko) Chrome/149.0.0.0 Safari/537.36"
201.186.81.232 - - [17/Jun/2026:15:43:36 -0400] "POST /wp-content/plugins/burst-statistics/endpoint.php HTTP/2" 200 0 "https://transaboraico.cl/retiros/" "Mozilla/5.0 (Windows NT 10.0; Win64; x64) AppleWebKit/537.36 (KHTML, like Gecko) Chrome/149.0.0.0 Safari/537.36"
66.249.74.37 - - [17/Jun/2026:15:51:08 -0400] "GET /wp-content/uploads/elementor/css/post-6.css?ver=1780704000 HTTP/1.1" 200 457 "https://transaboraico.cl/2025/11/20/casinos-mexicanos-con-giros-gratis-sin-dep%C3%B3sito/" "Mozilla/5.0 (Linux; Android 6.0.1; Nexus 5X Build/MMB29P) AppleWebKit/537.36 (KHTML, like Gecko) Chrome/148.0.7778.96 Mobile Safari/537.36 (compatible; Googlebot/2.1; +http://www.google.com/bot.html)"
66.249.74.38 - - [17/Jun/2026:15:51:08 -0400] "GET /wp-content/uploads/elementor/css/post-36.css?ver=1780704000 HTTP/1.1" 200 1267 "https://transaboraico.cl/2025/11/20/casinos-mexicanos-con-giros-gratis-sin-dep%C3%B3sito/" "Mozilla/5.0 (Linux; Android 6.0.1; Nexus 5X Build/MMB29P) AppleWebKit/537.36 (KHTML, like Gecko) Chrome/148.0.7778.96 Mobile Safari/537.36 (compatible; Googlebot/2.1; +http://www.google.com/bot.html)"
177.192.15.77 - - [17/Jun/2026:15:48:35 -0400] "GET /brand-a-z/spectra.html HTTP/1.1" 404 17010 "-" "Mozilla/5.0 (Windows NT 10.0; Win64; x64) AppleWebKit/537.36 (KHTML, like Gecko) Chrome/88.0.4324.43 Safari/537.36"
66.249.74.38 - - [17/Jun/2026:15:51:08 -0400] "GET /wp-content/uploads/elementor/css/post-25.css?ver=1780704000 HTTP/1.1" 200 955 "https://transaboraico.cl/2025/11/20/casinos-mexicanos-con-giros-gratis-sin-dep%C3%B3sito/" "Mozilla/5.0 (Linux; Android 6.0.1; Nexus 5X Build/MMB29P) AppleWebKit/537.36 (KHTML, like Gecko) Chrome/148.0.7778.96 Mobile Safari/537.36 (compatible; Googlebot/2.1; +http://www.google.com/bot.html)"
66.249.74.37 - - [17/Jun/2026:15:51:09 -0400] "GET /wp-content/plugins/elementor-pro/assets/lib/smartmenus/jquery.smartmenus.min.js?ver=1.2.1 HTTP/1.1" 200 6867 "https://transaboraico.cl/2025/11/20/casinos-mexicanos-con-giros-gratis-sin-dep%C3%B3sito/" "Mozilla/5.0 (Linux; Android 6.0.1; Nexus 5X Build/MMB29P) AppleWebKit/537.36 (KHTML, like Gecko) Chrome/148.0.7778.96 Mobile Safari/537.36 (compatible; Googlebot/2.1; +http://www.google.com/bot.html)"
104.210.140.140 - - [17/Jun/2026:15:58:42 -0400] "GET /robots.txt HTTP/2" 200 173 "-" "Mozilla/5.0 (Macintosh; Intel Mac OS X 10_15_7) AppleWebKit/537.36 (KHTML, like Gecko) Chrome/131.0.0.0 Safari/537.36; compatible; OAI-SearchBot/1.0; +https://openai.com/searchbot"
201.186.81.232 - - [17/Jun/2026:15:59:33 -0400] "POST /wp-content/plugins/burst-statistics/endpoint.php HTTP/2" 200 0 "https://transaboraico.cl/retiros/" "Mozilla/5.0 (Windows NT 10.0; Win64; x64) AppleWebKit/537.36 (KHTML, like Gecko) Chrome/149.0.0.0 Safari/537.36"
201.186.81.232 - - [17/Jun/2026:15:59:47 -0400] "POST /wp-content/plugins/burst-statistics/endpoint.php HTTP/2" 200 0 "https://transaboraico.cl/retiros/" "Mozilla/5.0 (Windows NT 10.0; Win64; x64) AppleWebKit/537.36 (KHTML, like Gecko) Chrome/149.0.0.0 Safari/537.36"
102.215.238.9 - - [17/Jun/2026:16:01:43 -0400] "GET /brand-a-z/magformers.html HTTP/1.1" 404 17011 "-" "Mozilla/5.0 (Windows NT 6.3; Win64; x64) AppleWebKit/537.36 (KHTML, like Gecko) Chrome/77.0.3865.90 Safari/537.36"
207.210.83.200 - - [17/Jun/2026:16:01:45 -0400] "POST /wp-cron.php?doing_wp_cron=1781726505.3378028869628906250000 HTTP/1.1" 200 0 "-" "WordPress/7.0; https://transaboraico.cl"
207.210.83.200 - - [17/Jun/2026:16:07:22 -0400] "POST /wp-cron.php?doing_wp_cron=1781726842.6422750949859619140625 HTTP/1.1" 200 0 "-" "WordPress/7.0; https://transaboraico.cl"
102.102.62.53 - - [17/Jun/2026:16:07:21 -0400] "GET /brand-a-z/little-bird-told-me.html HTTP/1.1" 404 17020 "-" "Mozilla/5.0 (Windows NT 6.3; WOW64) AppleWebKit/537.36 (KHTML, like Gecko) Chrome/41.0.2225.0 Safari/537.36"
201.186.81.232 - - [17/Jun/2026:16:16:29 -0400] "POST /wp-content/plugins/burst-statistics/endpoint.php HTTP/2" 200 0 "https://transaboraico.cl/retiros/" "Mozilla/5.0 (Windows NT 10.0; Win64; x64) AppleWebKit/537.36 (KHTML, like Gecko) Chrome/149.0.0.0 Safari/537.36"
52.44.174.136 - - [17/Jun/2026:16:40:53 -0400] "GET /2025/11/20/como-jugar-al-mister-beast-casino/ HTTP/1.1" 403 1242 "-" "Mozilla/5.0 AppleWebKit/537.36 (KHTML, like Gecko; compatible; Amazonbot/0.1; +https://developer.amazon.com/support/amazonbot) Chrome/119.0.6045.214 Safari/537.36"
40.77.167.74 - - [17/Jun/2026:16:45:50 -0400] "GET /wp-content/uploads/2020/11/cropped-cropped-distancia3.jpg HTTP/2" 404 15381 "-" "Mozilla/5.0 AppleWebKit/537.36 (KHTML, like Gecko; compatible; bingbot/2.0; +http://www.bing.com/bingbot.htm) Chrome/116.0.1938.76 Safari/537.36"
52.167.144.174 - - [17/Jun/2026:16:45:39 -0400] "GET /wp-content/uploads/2020/11/cropped-cropped-distancia3.jpg HTTP/2" 301 0 "-" "Mozilla/5.0 AppleWebKit/537.36 (KHTML, like Gecko; compatible; bingbot/2.0; +http://www.bing.com/bingbot.htm) Chrome/116.0.1938.76 Safari/537.36"
207.210.83.200 - - [17/Jun/2026:16:45:42 -0400] "POST /wp-cron.php?doing_wp_cron=1781729142.6717588901519775390625 HTTP/1.1" 200 0 "-" "WordPress/7.0; https://transaboraico.cl"
207.210.83.200 - - [17/Jun/2026:16:57:24 -0400] "POST /wp-cron.php?doing_wp_cron=1781729844.7199780941009521484375 HTTP/1.1" 200 0 "-" "WordPress/7.0; https://transaboraico.cl"
181.226.81.240 - - [17/Jun/2026:16:58:02 -0400] "GET / HTTP/2" 200 26034 "https://www.google.com/" "Mozilla/5.0 (Windows NT 10.0; Win64; x64) AppleWebKit/537.36 (KHTML, like Gecko) Chrome/148.0.0.0 Safari/537.36"
181.226.81.240 - - [17/Jun/2026:16:58:02 -0400] "GET /wp-content/plugins/complianz-gdpr/assets/css/cookieblocker.min.css?ver=1779237595 HTTP/2" 200 615 "https://transaboraico.cl/" "Mozilla/5.0 (Windows NT 10.0; Win64; x64) AppleWebKit/537.36 (KHTML, like Gecko) Chrome/148.0.0.0 Safari/537.36"
181.226.81.240 - - [17/Jun/2026:16:58:02 -0400] "GET /wp-content/themes/hello-elementor/assets/css/theme.css?ver=3.4.9 HTTP/2" 200 1126 "https://transaboraico.cl/" "Mozilla/5.0 (Windows NT 10.0; Win64; x64) AppleWebKit/537.36 (KHTML, like Gecko) Chrome/148.0.0.0 Safari/537.36"
181.226.81.240 - - [17/Jun/2026:16:58:02 -0400] "GET /wp-content/themes/hello-elementor/assets/css/reset.css?ver=3.4.9 HTTP/2" 200 1590 "https://transaboraico.cl/" "Mozilla/5.0 (Windows NT 10.0; Win64; x64) AppleWebKit/537.36 (KHTML, like Gecko) Chrome/148.0.0.0 Safari/537.36"
181.226.81.240 - - [17/Jun/2026:16:58:02 -0400] "GET /wp-content/plugins/elementor-pro/assets/css/widget-nav-menu.min.css?ver=4.0.2 HTTP/2" 200 3241 "https://transaboraico.cl/" "Mozilla/5.0 (Windows NT 10.0; Win64; x64) AppleWebKit/537.36 (KHTML, like Gecko) Chrome/148.0.0.0 Safari/537.36"
181.226.81.240 - - [17/Jun/2026:16:58:02 -0400] "GET /wp-content/plugins/elementor/assets/css/widget-image.min.css?ver=4.1.0 HTTP/2" 200 96 "https://transaboraico.cl/" "Mozilla/5.0 (Windows NT 10.0; Win64; x64) AppleWebKit/537.36 (KHTML, like Gecko) Chrome/148.0.0.0 Safari/537.36"
181.226.81.240 - - [17/Jun/2026:16:58:02 -0400] "GET /wp-content/plugins/elementor/assets/css/frontend.min.css?ver=4.1.0 HTTP/2" 200 6613 "https://transaboraico.cl/" "Mozilla/5.0 (Windows NT 10.0; Win64; x64) AppleWebKit/537.36 (KHTML, like Gecko) Chrome/148.0.0.0 Safari/537.36"
181.226.81.240 - - [17/Jun/2026:16:58:02 -0400] "GET /wp-content/uploads/elementor/css/post-6.css?ver=1781707607 HTTP/2" 200 457 "https://transaboraico.cl/" "Mozilla/5.0 (Windows NT 10.0; Win64; x64) AppleWebKit/537.36 (KHTML, like Gecko) Chrome/148.0.0.0 Safari/537.36"
181.226.81.240 - - [17/Jun/2026:16:58:02 -0400] "GET /wp-content/plugins/elementor/assets/css/conditionals/apple-webkit.min.css?ver=4.1.0 HTTP/2" 200 464 "https://transaboraico.cl/" "Mozilla/5.0 (Windows NT 10.0; Win64; x64) AppleWebKit/537.36 (KHTML, like Gecko) Chrome/148.0.0.0 Safari/537.36"
181.226.81.240 - - [17/Jun/2026:16:58:02 -0400] "GET /wp-content/plugins/elementor/assets/css/widget-social-icons.min.css?ver=4.1.0 HTTP/2" 200 1039 "https://transaboraico.cl/" "Mozilla/5.0 (Windows NT 10.0; Win64; x64) AppleWebKit/537.36 (KHTML, like Gecko) Chrome/148.0.0.0 Safari/537.36"
181.226.81.240 - - [17/Jun/2026:16:58:02 -0400] "GET /wp-content/themes/hello-elementor/assets/css/header-footer.css?ver=3.4.9 HTTP/2" 200 1261 "https://transaboraico.cl/" "Mozilla/5.0 (Windows NT 10.0; Win64; x64) AppleWebKit/537.36 (KHTML, like Gecko) Chrome/148.0.0.0 Safari/537.36"
181.226.81.240 - - [17/Jun/2026:16:58:02 -0400] "GET /wp-content/plugins/elementor/assets/lib/animations/styles/fadeInDown.min.css?ver=4.1.0 HTTP/2" 200 137 "https://transaboraico.cl/" "Mozilla/5.0 (Windows NT 10.0; Win64; x64) AppleWebKit/537.36 (KHTML, like Gecko) Chrome/148.0.0.0 Safari/537.36"
181.226.81.240 - - [17/Jun/2026:16:58:02 -0400] "GET /wp-content/plugins/elementor/assets/lib/eicons/css/elementor-icons.min.css?ver=5.49.0 HTTP/2" 200 4114 "https://transaboraico.cl/" "Mozilla/5.0 (Windows NT 10.0; Win64; x64) AppleWebKit/537.36 (KHTML, like Gecko) Chrome/148.0.0.0 Safari/537.36"
181.226.81.240 - - [17/Jun/2026:16:58:02 -0400] "GET /wp-content/plugins/elementor/assets/lib/swiper/v8/css/swiper.min.css?ver=8.4.5 HTTP/2" 200 4248 "https://transaboraico.cl/" "Mozilla/5.0 (Windows NT 10.0; Win64; x64) AppleWebKit/537.36 (KHTML, like Gecko) Chrome/148.0.0.0 Safari/537.36"
181.226.81.240 - - [17/Jun/2026:16:58:02 -0400] "GET /wp-content/plugins/elementor/assets/css/widget-icon-list.min.css?ver=4.1.0 HTTP/2" 200 928 "https://transaboraico.cl/" "Mozilla/5.0 (Windows NT 10.0; Win64; x64) AppleWebKit/537.36 (KHTML, like Gecko) Chrome/148.0.0.0 Safari/537.36"
181.226.81.240 - - [17/Jun/2026:16:58:02 -0400] "GET /wp-content/plugins/elementor/assets/lib/animations/styles/fadeInUp.min.css?ver=4.1.0 HTTP/2" 200 130 "https://transaboraico.cl/" "Mozilla/5.0 (Windows NT 10.0; Win64; x64) AppleWebKit/537.36 (KHTML, like Gecko) Chrome/148.0.0.0 Safari/537.36"
181.226.81.240 - - [17/Jun/2026:16:58:02 -0400] "GET /wp-content/plugins/elementor-pro/assets/css/modules/sticky.min.css?ver=4.0.2 HTTP/2" 200 162 "https://transaboraico.cl/" "Mozilla/5.0 (Windows NT 10.0; Win64; x64) AppleWebKit/537.36 (KHTML, like Gecko) Chrome/148.0.0.0 Safari/537.36"
181.226.81.240 - - [17/Jun/2026:16:58:02 -0400] "GET /wp-content/plugins/elementor/assets/lib/animations/styles/fadeIn.min.css?ver=4.1.0 HTTP/2" 200 77 "https://transaboraico.cl/" "Mozilla/5.0 (Windows NT 10.0; Win64; x64) AppleWebKit/537.36 (KHTML, like Gecko) Chrome/148.0.0.0 Safari/537.36"
181.226.81.240 - - [17/Jun/2026:16:58:02 -0400] "GET /wp-content/plugins/elementor/assets/css/conditionals/e-swiper.min.css?ver=4.1.0 HTTP/2" 200 699 "https://transaboraico.cl/" "Mozilla/5.0 (Windows NT 10.0; Win64; x64) AppleWebKit/537.36 (KHTML, like Gecko) Chrome/148.0.0.0 Safari/537.36"
181.226.81.240 - - [17/Jun/2026:16:58:02 -0400] "GET /wp-content/plugins/elementor-pro/assets/css/widget-testimonial-carousel.min.css?ver=4.0.2 HTTP/2" 200 1398 "https://transaboraico.cl/" "Mozilla/5.0 (Windows NT 10.0; Win64; x64) AppleWebKit/537.36 (KHTML, like Gecko) Chrome/148.0.0.0 Safari/537.36"
181.226.81.240 - - [17/Jun/2026:16:58:02 -0400] "GET /wp-content/plugins/elementor/assets/css/widget-heading.min.css?ver=4.1.0 HTTP/2" 200 126 "https://transaboraico.cl/" "Mozilla/5.0 (Windows NT 10.0; Win64; x64) AppleWebKit/537.36 (KHTML, like Gecko) Chrome/148.0.0.0 Safari/537.36"
181.226.81.240 - - [17/Jun/2026:16:58:02 -0400] "GET /wp-content/plugins/elementor/assets/css/widget-counter.min.css?ver=4.1.0 HTTP/2" 200 208 "https://transaboraico.cl/" "Mozilla/5.0 (Windows NT 10.0; Win64; x64) AppleWebKit/537.36 (KHTML, like Gecko) Chrome/148.0.0.0 Safari/537.36"
181.226.81.240 - - [17/Jun/2026:16:58:02 -0400] "GET /wp-content/plugins/elementor/assets/lib/animations/styles/fadeInLeft.min.css?ver=4.1.0 HTTP/2" 200 137 "https://transaboraico.cl/" "Mozilla/5.0 (Windows NT 10.0; Win64; x64) AppleWebKit/537.36 (KHTML, like Gecko) Chrome/148.0.0.0 Safari/537.36"
181.226.81.240 - - [17/Jun/2026:16:58:02 -0400] "GET /wp-content/plugins/elementor/assets/css/widget-accordion.min.css?ver=4.1.0 HTTP/2" 200 353 "https://transaboraico.cl/" "Mozilla/5.0 (Windows NT 10.0; Win64; x64) AppleWebKit/537.36 (KHTML, like Gecko) Chrome/148.0.0.0 Safari/537.36"
181.226.81.240 - - [17/Jun/2026:16:58:02 -0400] "GET /wp-content/uploads/elementor/css/post-7.css?ver=1781713052 HTTP/2" 200 4564 "https://transaboraico.cl/" "Mozilla/5.0 (Windows NT 10.0; Win64; x64) AppleWebKit/537.36 (KHTML, like Gecko) Chrome/148.0.0.0 Safari/537.36"
181.226.81.240 - - [17/Jun/2026:16:58:02 -0400] "GET /wp-content/plugins/creame-whatsapp-me/public/css/joinchat.min.css?ver=6.2.3 HTTP/2" 200 5187 "https://transaboraico.cl/" "Mozilla/5.0 (Windows NT 10.0; Win64; x64) AppleWebKit/537.36 (KHTML, like Gecko) Chrome/148.0.0.0 Safari/537.36"
181.226.81.240 - - [17/Jun/2026:16:58:02 -0400] "GET /wp-content/plugins/elementor-pro/assets/css/widget-form.min.css?ver=4.0.2 HTTP/2" 200 1405 "https://transaboraico.cl/" "Mozilla/5.0 (Windows NT 10.0; Win64; x64) AppleWebKit/537.36 (KHTML, like Gecko) Chrome/148.0.0.0 Safari/537.36"
181.226.81.240 - - [17/Jun/2026:16:58:02 -0400] "GET /wp-content/plugins/elementor/assets/css/widget-spacer.min.css?ver=4.1.0 HTTP/2" 200 287 "https://transaboraico.cl/" "Mozilla/5.0 (Windows NT 10.0; Win64; x64) AppleWebKit/537.36 (KHTML, like Gecko) Chrome/148.0.0.0 Safari/537.36"
181.226.81.240 - - [17/Jun/2026:16:58:02 -0400] "GET /wp-content/plugins/elementor/assets/lib/font-awesome/css/regular.min.css?ver=5.15.3 HTTP/2" 200 283 "https://transaboraico.cl/" "Mozilla/5.0 (Windows NT 10.0; Win64; x64) AppleWebKit/537.36 (KHTML, like Gecko) Chrome/148.0.0.0 Safari/537.36"
181.226.81.240 - - [17/Jun/2026:16:58:02 -0400] "GET /wp-content/plugins/elementor/assets/lib/font-awesome/css/solid.min.css?ver=5.15.3 HTTP/2" 200 286 "https://transaboraico.cl/" "Mozilla/5.0 (Windows NT 10.0; Win64; x64) AppleWebKit/537.36 (KHTML, like Gecko) Chrome/148.0.0.0 Safari/537.36"
181.226.81.240 - - [17/Jun/2026:16:58:02 -0400] "GET /wp-content/plugins/elementor/assets/css/widget-progress.min.css?ver=4.1.0 HTTP/2" 200 313 "https://transaboraico.cl/" "Mozilla/5.0 (Windows NT 10.0; Win64; x64) AppleWebKit/537.36 (KHTML, like Gecko) Chrome/148.0.0.0 Safari/537.36"
181.226.81.240 - - [17/Jun/2026:16:58:02 -0400] "GET /wp-content/uploads/elementor/css/post-36.css?ver=1781707607 HTTP/2" 200 1267 "https://transaboraico.cl/" "Mozilla/5.0 (Windows NT 10.0; Win64; x64) AppleWebKit/537.36 (KHTML, like Gecko) Chrome/148.0.0.0 Safari/537.36"
181.226.81.240 - - [17/Jun/2026:16:58:02 -0400] "GET /wp-includes/js/jquery/jquery-migrate.min.js?ver=3.4.1 HTTP/2" 200 4678 "https://transaboraico.cl/" "Mozilla/5.0 (Windows NT 10.0; Win64; x64) AppleWebKit/537.36 (KHTML, like Gecko) Chrome/148.0.0.0 Safari/537.36"
181.226.81.240 - - [17/Jun/2026:16:58:02 -0400] "GET /wp-content/uploads/elementor/css/post-424.css?ver=1781713053 HTTP/2" 200 530 "https://transaboraico.cl/" "Mozilla/5.0 (Windows NT 10.0; Win64; x64) AppleWebKit/537.36 (KHTML, like Gecko) Chrome/148.0.0.0 Safari/537.36"
181.226.81.240 - - [17/Jun/2026:16:58:02 -0400] "GET /wp-content/uploads/2022/06/LOGOaboraico.png HTTP/2" 200 9717 "https://transaboraico.cl/" "Mozilla/5.0 (Windows NT 10.0; Win64; x64) AppleWebKit/537.36 (KHTML, like Gecko) Chrome/148.0.0.0 Safari/537.36"
181.226.81.240 - - [17/Jun/2026:16:58:02 -0400] "GET /wp-content/plugins/elementor/assets/lib/font-awesome/css/brands.min.css?ver=5.15.3 HTTP/2" 200 284 "https://transaboraico.cl/" "Mozilla/5.0 (Windows NT 10.0; Win64; x64) AppleWebKit/537.36 (KHTML, like Gecko) Chrome/148.0.0.0 Safari/537.36"
181.226.81.240 - - [17/Jun/2026:16:58:02 -0400] "GET /wp-content/uploads/elementor/css/post-25.css?ver=1781707607 HTTP/2" 200 955 "https://transaboraico.cl/" "Mozilla/5.0 (Windows NT 10.0; Win64; x64) AppleWebKit/537.36 (KHTML, like Gecko) Chrome/148.0.0.0 Safari/537.36"
181.226.81.240 - - [17/Jun/2026:16:58:02 -0400] "GET /wp-content/plugins/elementor-pro/assets/css/widget-carousel-module-base.min.css?ver=4.0.2 HTTP/2" 200 582 "https://transaboraico.cl/" "Mozilla/5.0 (Windows NT 10.0; Win64; x64) AppleWebKit/537.36 (KHTML, like Gecko) Chrome/148.0.0.0 Safari/537.36"
181.226.81.240 - - [17/Jun/2026:16:58:02 -0400] "GET /wp-content/uploads/elementor/css/post-427.css?ver=1781713053 HTTP/2" 200 513 "https://transaboraico.cl/" "Mozilla/5.0 (Windows NT 10.0; Win64; x64) AppleWebKit/537.36 (KHTML, like Gecko) Chrome/148.0.0.0 Safari/537.36"
181.226.81.240 - - [17/Jun/2026:16:58:02 -0400] "GET /wp-content/plugins/elementor/assets/lib/font-awesome/css/fontawesome.min.css?ver=5.15.3 HTTP/2" 200 12164 "https://transaboraico.cl/" "Mozilla/5.0 (Windows NT 10.0; Win64; x64) AppleWebKit/537.36 (KHTML, like Gecko) Chrome/148.0.0.0 Safari/537.36"
181.226.81.240 - - [17/Jun/2026:16:58:02 -0400] "GET /wp-includes/js/jquery/jquery.min.js?ver=3.7.1 HTTP/2" 200 29744 "https://transaboraico.cl/" "Mozilla/5.0 (Windows NT 10.0; Win64; x64) AppleWebKit/537.36 (KHTML, like Gecko) Chrome/148.0.0.0 Safari/537.36"
181.226.81.240 - - [17/Jun/2026:16:58:02 -0400] "GET /wp-content/themes/hello-elementor/assets/js/hello-frontend.js?ver=3.4.9 HTTP/3" 200 493 "https://transaboraico.cl/" "Mozilla/5.0 (Windows NT 10.0; Win64; x64) AppleWebKit/537.36 (KHTML, like Gecko) Chrome/148.0.0.0 Safari/537.36"
181.226.81.240 - - [17/Jun/2026:16:58:02 -0400] "GET /wp-content/plugins/elementor/assets/js/webpack.runtime.min.js?ver=4.1.0 HTTP/3" 200 2338 "https://transaboraico.cl/" "Mozilla/5.0 (Windows NT 10.0; Win64; x64) AppleWebKit/537.36 (KHTML, like Gecko) Chrome/148.0.0.0 Safari/537.36"
181.226.81.240 - - [17/Jun/2026:16:58:02 -0400] "GET /wp-content/plugins/elementor-pro/assets/lib/sticky/jquery.sticky.min.js?ver=4.0.2 HTTP/3" 200 1442 "https://transaboraico.cl/" "Mozilla/5.0 (Windows NT 10.0; Win64; x64) AppleWebKit/537.36 (KHTML, like Gecko) Chrome/148.0.0.0 Safari/537.36"
181.226.81.240 - - [17/Jun/2026:16:58:02 -0400] "GET /wp-content/plugins/elementor/assets/lib/jquery-numerator/jquery-numerator.min.js?ver=0.2.1 HTTP/3" 200 677 "https://transaboraico.cl/" "Mozilla/5.0 (Windows NT 10.0; Win64; x64) AppleWebKit/537.36 (KHTML, like Gecko) Chrome/148.0.0.0 Safari/537.36"
181.226.81.240 - - [17/Jun/2026:16:58:02 -0400] "GET /wp-includes/js/jquery/ui/core.min.js?ver=1.13.3 HTTP/3" 200 6812 "https://transaboraico.cl/" "Mozilla/5.0 (Windows NT 10.0; Win64; x64) AppleWebKit/537.36 (KHTML, like Gecko) Chrome/148.0.0.0 Safari/537.36"
181.226.81.240 - - [17/Jun/2026:16:58:02 -0400] "GET /wp-content/plugins/elementor-pro/assets/lib/smartmenus/jquery.smartmenus.min.js?ver=1.2.1 HTTP/3" 200 6867 "https://transaboraico.cl/" "Mozilla/5.0 (Windows NT 10.0; Win64; x64) AppleWebKit/537.36 (KHTML, like Gecko) Chrome/148.0.0.0 Safari/537.36"
181.226.81.240 - - [17/Jun/2026:16:58:02 -0400] "GET /wp-content/plugins/wp-smushit/app/assets/js/smush-lazy-load.min.js?ver=4.0.3 HTTP/3" 200 7822 "https://transaboraico.cl/" "Mozilla/5.0 (Windows NT 10.0; Win64; x64) AppleWebKit/537.36 (KHTML, like Gecko) Chrome/148.0.0.0 Safari/537.36"
181.226.81.240 - - [17/Jun/2026:16:58:02 -0400] "GET /wp-content/plugins/elementor/assets/js/frontend.min.js?ver=4.1.0 HTTP/3" 200 10124 "https://transaboraico.cl/" "Mozilla/5.0 (Windows NT 10.0; Win64; x64) AppleWebKit/537.36 (KHTML, like Gecko) Chrome/148.0.0.0 Safari/537.36"
