181.226.81.240 - - [17/Jun/2026:16:58:02 -0400] "GET /wp-content/plugins/elementor/assets/js/frontend-modules.min.js?ver=4.1.0 HTTP/3" 200 15445 "https://transaboraico.cl/" "Mozilla/5.0 (Windows NT 10.0; Win64; x64) AppleWebKit/537.36 (KHTML, like Gecko) Chrome/148.0.0.0 Safari/537.36"
181.226.81.240 - - [17/Jun/2026:16:58:02 -0400] "GET /wp-content/plugins/elementor/assets/lib/swiper/v8/swiper.min.js?ver=8.4.5 HTTP/3" 200 38152 "https://transaboraico.cl/" "Mozilla/5.0 (Windows NT 10.0; Win64; x64) AppleWebKit/537.36 (KHTML, like Gecko) Chrome/148.0.0.0 Safari/537.36"
181.226.81.240 - - [17/Jun/2026:16:58:02 -0400] "GET /wp-content/plugins/elementor-pro/assets/js/webpack-pro.runtime.min.js?ver=4.0.2 HTTP/3" 200 2611 "https://transaboraico.cl/" "Mozilla/5.0 (Windows NT 10.0; Win64; x64) AppleWebKit/537.36 (KHTML, like Gecko) Chrome/148.0.0.0 Safari/537.36"
181.226.81.240 - - [17/Jun/2026:16:58:02 -0400] "GET /wp-includes/js/dist/hooks.min.js?ver=7496969728ca0f95732d HTTP/3" 200 1712 "https://transaboraico.cl/" "Mozilla/5.0 (Windows NT 10.0; Win64; x64) AppleWebKit/537.36 (KHTML, like Gecko) Chrome/148.0.0.0 Safari/537.36"
181.226.81.240 - - [17/Jun/2026:16:58:02 -0400] "GET /wp-includes/js/dist/i18n.min.js?ver=781d11515ad3d91786ec HTTP/3" 200 2330 "https://transaboraico.cl/" "Mozilla/5.0 (Windows NT 10.0; Win64; x64) AppleWebKit/537.36 (KHTML, like Gecko) Chrome/148.0.0.0 Safari/537.36"
181.226.81.240 - - [17/Jun/2026:16:58:02 -0400] "GET /wp-content/plugins/elementor-pro/assets/js/frontend.min.js?ver=4.0.2 HTTP/3" 200 6191 "https://transaboraico.cl/" "Mozilla/5.0 (Windows NT 10.0; Win64; x64) AppleWebKit/537.36 (KHTML, like Gecko) Chrome/148.0.0.0 Safari/537.36"
181.226.81.240 - - [17/Jun/2026:16:58:02 -0400] "GET /wp-content/plugins/burst-statistics/assets/js/timeme/timeme.min.js?ver=1779852933 HTTP/3" 200 1831 "https://transaboraico.cl/" "Mozilla/5.0 (Windows NT 10.0; Win64; x64) AppleWebKit/537.36 (KHTML, like Gecko) Chrome/148.0.0.0 Safari/537.36"
181.226.81.240 - - [17/Jun/2026:16:58:02 -0400] "GET /wp-content/uploads/burst/js/burst.min.js?ver=1781643379 HTTP/3" 200 3147 "https://transaboraico.cl/" "Mozilla/5.0 (Windows NT 10.0; Win64; x64) AppleWebKit/537.36 (KHTML, like Gecko) Chrome/148.0.0.0 Safari/537.36"
181.226.81.240 - - [17/Jun/2026:16:58:02 -0400] "GET /wp-content/plugins/elementor-pro/assets/js/elements-handlers.min.js?ver=4.0.2 HTTP/3" 200 10079 "https://transaboraico.cl/" "Mozilla/5.0 (Windows NT 10.0; Win64; x64) AppleWebKit/537.36 (KHTML, like Gecko) Chrome/148.0.0.0 Safari/537.36"
181.226.81.240 - - [17/Jun/2026:16:58:02 -0400] "GET /wp-content/plugins/creame-whatsapp-me/public/js/joinchat.min.js?ver=6.2.3 HTTP/3" 200 3630 "https://transaboraico.cl/" "Mozilla/5.0 (Windows NT 10.0; Win64; x64) AppleWebKit/537.36 (KHTML, like Gecko) Chrome/148.0.0.0 Safari/537.36"
181.226.81.240 - - [17/Jun/2026:16:58:02 -0400] "GET /wp-content/plugins/complianz-gdpr/cookiebanner/js/complianz.min.js?ver=1779237596 HTTP/3" 200 10477 "https://transaboraico.cl/" "Mozilla/5.0 (Windows NT 10.0; Win64; x64) AppleWebKit/537.36 (KHTML, like Gecko) Chrome/148.0.0.0 Safari/537.36"
181.226.81.240 - - [17/Jun/2026:16:58:02 -0400] "GET /wp-content/uploads/2022/06/Hero4s2-e1655149132915.jpeg HTTP/3" 200 143619 "https://transaboraico.cl/wp-content/uploads/elementor/css/post-7.css?ver=1781713052" "Mozilla/5.0 (Windows NT 10.0; Win64; x64) AppleWebKit/537.36 (KHTML, like Gecko) Chrome/148.0.0.0 Safari/537.36"
181.226.81.240 - - [17/Jun/2026:16:58:02 -0400] "GET /wp-content/uploads/2022/06/courier.jpeg HTTP/3" 200 159290 "https://transaboraico.cl/wp-content/uploads/elementor/css/post-7.css?ver=1781713052" "Mozilla/5.0 (Windows NT 10.0; Win64; x64) AppleWebKit/537.36 (KHTML, like Gecko) Chrome/148.0.0.0 Safari/537.36"
181.226.81.240 - - [17/Jun/2026:16:58:02 -0400] "GET /wp-content/uploads/2022/06/Triangle-Vector-PNG-Clipart.png HTTP/3" 200 205288 "https://transaboraico.cl/wp-content/uploads/elementor/css/post-7.css?ver=1781713052" "Mozilla/5.0 (Windows NT 10.0; Win64; x64) AppleWebKit/537.36 (KHTML, like Gecko) Chrome/148.0.0.0 Safari/537.36"
181.226.81.240 - - [17/Jun/2026:16:58:02 -0400] "GET /wp-content/plugins/elementor/assets/lib/font-awesome/webfonts/fa-solid-900.woff2 HTTP/3" 200 78196 "https://transaboraico.cl/wp-content/plugins/elementor/assets/lib/font-awesome/css/solid.min.css?ver=5.15.3" "Mozilla/5.0 (Windows NT 10.0; Win64; x64) AppleWebKit/537.36 (KHTML, like Gecko) Chrome/148.0.0.0 Safari/537.36"
181.226.81.240 - - [17/Jun/2026:16:58:02 -0400] "GET /wp-content/plugins/elementor/assets/lib/font-awesome/webfonts/fa-regular-400.woff2 HTTP/3" 200 13276 "https://transaboraico.cl/wp-content/plugins/elementor/assets/lib/font-awesome/css/regular.min.css?ver=5.15.3" "Mozilla/5.0 (Windows NT 10.0; Win64; x64) AppleWebKit/537.36 (KHTML, like Gecko) Chrome/148.0.0.0 Safari/537.36"
181.226.81.240 - - [17/Jun/2026:16:58:02 -0400] "GET /wp-content/uploads/2022/06/courier-delivering-parcels.jpeg HTTP/3" 200 220744 "https://transaboraico.cl/wp-content/uploads/elementor/css/post-7.css?ver=1781713052" "Mozilla/5.0 (Windows NT 10.0; Win64; x64) AppleWebKit/537.36 (KHTML, like Gecko) Chrome/148.0.0.0 Safari/537.36"
181.226.81.240 - - [17/Jun/2026:16:58:02 -0400] "GET /wp-content/uploads/2022/06/prm-world-map.png HTTP/3" 200 9945 "https://transaboraico.cl/wp-content/uploads/elementor/css/post-7.css?ver=1781713052" "Mozilla/5.0 (Windows NT 10.0; Win64; x64) AppleWebKit/537.36 (KHTML, like Gecko) Chrome/148.0.0.0 Safari/537.36"
181.226.81.240 - - [17/Jun/2026:16:58:02 -0400] "GET /wp-content/plugins/elementor/assets/lib/font-awesome/webfonts/fa-brands-400.woff2 HTTP/3" 200 81612 "https://transaboraico.cl/wp-content/plugins/elementor/assets/lib/font-awesome/css/brands.min.css?ver=5.15.3" "Mozilla/5.0 (Windows NT 10.0; Win64; x64) AppleWebKit/537.36 (KHTML, like Gecko) Chrome/148.0.0.0 Safari/537.36"
181.226.81.240 - - [17/Jun/2026:16:58:03 -0400] "GET /wp-content/uploads/complianz/css/banner-2-optout.css?v=5 HTTP/3" 200 2828 "https://transaboraico.cl/" "Mozilla/5.0 (Windows NT 10.0; Win64; x64) AppleWebKit/537.36 (KHTML, like Gecko) Chrome/148.0.0.0 Safari/537.36"
181.226.81.240 - - [17/Jun/2026:16:58:03 -0400] "GET /wp-content/plugins/elementor/assets/js/section-frontend-handlers.d85ab872da118940910d.bundle.min.js HTTP/3" 200 229 "https://transaboraico.cl/" "Mozilla/5.0 (Windows NT 10.0; Win64; x64) AppleWebKit/537.36 (KHTML, like Gecko) Chrome/148.0.0.0 Safari/537.36"
181.226.81.240 - - [17/Jun/2026:16:58:03 -0400] "GET /wp-content/plugins/elementor/assets/js/shared-frontend-handlers.03caa53373b56d3bab67.bundle.min.js HTTP/3" 200 2511 "https://transaboraico.cl/" "Mozilla/5.0 (Windows NT 10.0; Win64; x64) AppleWebKit/537.36 (KHTML, like Gecko) Chrome/148.0.0.0 Safari/537.36"
181.226.81.240 - - [17/Jun/2026:16:58:03 -0400] "GET /wp-content/plugins/elementor-pro/assets/js/nav-menu.3afa8f5eb1fef7c22561.bundle.min.js HTTP/3" 200 1720 "https://transaboraico.cl/" "Mozilla/5.0 (Windows NT 10.0; Win64; x64) AppleWebKit/537.36 (KHTML, like Gecko) Chrome/148.0.0.0 Safari/537.36"
181.226.81.240 - - [17/Jun/2026:16:58:03 -0400] "GET /wp-content/plugins/elementor/assets/js/text-editor.45609661e409413f1cef.bundle.min.js HTTP/3" 200 592 "https://transaboraico.cl/" "Mozilla/5.0 (Windows NT 10.0; Win64; x64) AppleWebKit/537.36 (KHTML, like Gecko) Chrome/148.0.0.0 Safari/537.36"
181.226.81.240 - - [17/Jun/2026:16:58:03 -0400] "GET /wp-content/plugins/elementor-pro/assets/js/carousel.e2af910b095554625156.bundle.min.js HTTP/3" 200 1587 "https://transaboraico.cl/" "Mozilla/5.0 (Windows NT 10.0; Win64; x64) AppleWebKit/537.36 (KHTML, like Gecko) Chrome/148.0.0.0 Safari/537.36"
181.226.81.240 - - [17/Jun/2026:16:58:03 -0400] "POST /wp-content/plugins/burst-statistics/endpoint.php HTTP/3" 200 0 "https://transaboraico.cl/" "Mozilla/5.0 (Windows NT 10.0; Win64; x64) AppleWebKit/537.36 (KHTML, like Gecko) Chrome/148.0.0.0 Safari/537.36"
181.226.81.240 - - [17/Jun/2026:16:58:03 -0400] "GET /wp-content/plugins/elementor/assets/js/counter.12335f45aaa79d244f24.bundle.min.js HTTP/3" 200 415 "https://transaboraico.cl/" "Mozilla/5.0 (Windows NT 10.0; Win64; x64) AppleWebKit/537.36 (KHTML, like Gecko) Chrome/148.0.0.0 Safari/537.36"
181.226.81.240 - - [17/Jun/2026:16:58:03 -0400] "GET /wp-content/plugins/elementor/assets/js/progress.0ea083b809812c0e3aa1.bundle.min.js HTTP/3" 200 407 "https://transaboraico.cl/" "Mozilla/5.0 (Windows NT 10.0; Win64; x64) AppleWebKit/537.36 (KHTML, like Gecko) Chrome/148.0.0.0 Safari/537.36"
181.226.81.240 - - [17/Jun/2026:16:58:03 -0400] "GET /wp-content/plugins/elementor/assets/js/accordion.8b0db5058afeb74622f5.bundle.min.js HTTP/3" 200 1282 "https://transaboraico.cl/" "Mozilla/5.0 (Windows NT 10.0; Win64; x64) AppleWebKit/537.36 (KHTML, like Gecko) Chrome/148.0.0.0 Safari/537.36"
181.226.81.240 - - [17/Jun/2026:16:58:03 -0400] "GET /wp-content/plugins/elementor-pro/assets/js/form.cfd61a9174be80f835c6.bundle.min.js HTTP/3" 200 4943 "https://transaboraico.cl/" "Mozilla/5.0 (Windows NT 10.0; Win64; x64) AppleWebKit/537.36 (KHTML, like Gecko) Chrome/148.0.0.0 Safari/537.36"
181.226.81.240 - - [17/Jun/2026:16:58:03 -0400] "GET /wp-content/plugins/elementor-pro/assets/js/popup.61d4fcab8891b2e07802.bundle.min.js HTTP/3" 200 390 "https://transaboraico.cl/" "Mozilla/5.0 (Windows NT 10.0; Win64; x64) AppleWebKit/537.36 (KHTML, like Gecko) Chrome/148.0.0.0 Safari/537.36"
181.226.81.240 - - [17/Jun/2026:16:58:03 -0400] "GET /wp-includes/js/wp-emoji-release.min.js?ver=7.0 HTTP/3" 200 4949 "https://transaboraico.cl/" "Mozilla/5.0 (Windows NT 10.0; Win64; x64) AppleWebKit/537.36 (KHTML, like Gecko) Chrome/148.0.0.0 Safari/537.36"
66.249.88.195 - - [17/Jun/2026:16:58:01 -0400] "GET /.well-known/traffic-advice HTTP/1.1" 404 17014 "-" "Chrome Privacy Preserving Prefetch Proxy"
181.226.81.240 - - [17/Jun/2026:16:58:04 -0400] "GET /wp-content/uploads/2022/06/natura.png HTTP/3" 200 5965 "https://transaboraico.cl/" "Mozilla/5.0 (Windows NT 10.0; Win64; x64) AppleWebKit/537.36 (KHTML, like Gecko) Chrome/148.0.0.0 Safari/537.36"
181.226.81.240 - - [17/Jun/2026:16:58:04 -0400] "GET /wp-content/uploads/2022/06/Unimarc-831x1024.png HTTP/3" 200 13819 "https://transaboraico.cl/" "Mozilla/5.0 (Windows NT 10.0; Win64; x64) AppleWebKit/537.36 (KHTML, like Gecko) Chrome/148.0.0.0 Safari/537.36"
181.226.81.240 - - [17/Jun/2026:16:58:04 -0400] "GET /wp-content/uploads/2022/06/integra-1024x341.png HTTP/3" 200 16029 "https://transaboraico.cl/" "Mozilla/5.0 (Windows NT 10.0; Win64; x64) AppleWebKit/537.36 (KHTML, like Gecko) Chrome/148.0.0.0 Safari/537.36"
181.226.81.240 - - [17/Jun/2026:16:58:04 -0400] "GET /wp-content/uploads/2022/06/Logo_SuberBodega_Acuenta-1024x416.png HTTP/3" 200 17959 "https://transaboraico.cl/" "Mozilla/5.0 (Windows NT 10.0; Win64; x64) AppleWebKit/537.36 (KHTML, like Gecko) Chrome/148.0.0.0 Safari/537.36"
181.226.81.240 - - [17/Jun/2026:16:58:04 -0400] "GET /wp-content/uploads/2022/06/Telefonica_Del_Sur-1.png HTTP/3" 200 3494 "https://transaboraico.cl/" "Mozilla/5.0 (Windows NT 10.0; Win64; x64) AppleWebKit/537.36 (KHTML, like Gecko) Chrome/148.0.0.0 Safari/537.36"
181.226.81.240 - - [17/Jun/2026:16:58:04 -0400] "GET /wp-content/uploads/2022/06/Falabella-1024x400.png HTTP/3" 200 9581 "https://transaboraico.cl/" "Mozilla/5.0 (Windows NT 10.0; Win64; x64) AppleWebKit/537.36 (KHTML, like Gecko) Chrome/148.0.0.0 Safari/537.36"
181.226.81.240 - - [17/Jun/2026:16:58:04 -0400] "GET /wp-content/uploads/2022/06/Ripley_Logo-e1656089223151-1024x123.png HTTP/3" 200 5467 "https://transaboraico.cl/" "Mozilla/5.0 (Windows NT 10.0; Win64; x64) AppleWebKit/537.36 (KHTML, like Gecko) Chrome/148.0.0.0 Safari/537.36"
181.226.81.240 - - [17/Jun/2026:16:58:04 -0400] "GET /wp-content/uploads/2022/06/CLA_CajaLosAndes-e1656089328964.png HTTP/3" 200 4648 "https://transaboraico.cl/" "Mozilla/5.0 (Windows NT 10.0; Win64; x64) AppleWebKit/537.36 (KHTML, like Gecko) Chrome/148.0.0.0 Safari/537.36"
181.226.81.240 - - [17/Jun/2026:16:58:04 -0400] "GET /wp-content/uploads/2022/06/groupon-e1656089296903-1024x447.png HTTP/3" 200 13756 "https://transaboraico.cl/" "Mozilla/5.0 (Windows NT 10.0; Win64; x64) AppleWebKit/537.36 (KHTML, like Gecko) Chrome/148.0.0.0 Safari/537.36"
181.226.81.240 - - [17/Jun/2026:16:58:07 -0400] "GET /wp-content/uploads/2022/06/sucursales-1536x615.png HTTP/3" 200 38048 "https://transaboraico.cl/" "Mozilla/5.0 (Windows NT 10.0; Win64; x64) AppleWebKit/537.36 (KHTML, like Gecko) Chrome/148.0.0.0 Safari/537.36"
181.226.81.240 - - [17/Jun/2026:16:58:13 -0400] "POST /wp-content/plugins/burst-statistics/endpoint.php HTTP/3" 200 0 "https://transaboraico.cl/" "Mozilla/5.0 (Windows NT 10.0; Win64; x64) AppleWebKit/537.36 (KHTML, like Gecko) Chrome/148.0.0.0 Safari/537.36"
216.73.217.63 - - [17/Jun/2026:17:01:18 -0400] "GET /?feed=xmlsitemap1711 HTTP/2" 404 178 "-" "Mozilla/5.0 AppleWebKit/537.36 (KHTML, like Gecko; compatible; ClaudeBot/1.0; +claudebot@anthropic.com)"
207.210.83.200 - - [17/Jun/2026:16:58:03 -0400] "POST /wp-cron.php?doing_wp_cron=1781729883.6703410148620605468750 HTTP/1.1" 200 0 "-" "WordPress/7.0; https://transaboraico.cl"
207.210.83.200 - - [17/Jun/2026:17:01:20 -0400] "POST /wp-cron.php?doing_wp_cron=1781730080.0131170749664306640625 HTTP/1.1" 200 0 "-" "WordPress/7.0; https://transaboraico.cl"
216.73.217.63 - - [17/Jun/2026:16:57:23 -0400] "GET /robots.txt HTTP/2" 200 173 "-" "Mozilla/5.0 AppleWebKit/537.36 (KHTML, like Gecko; compatible; ClaudeBot/1.0; +claudebot@anthropic.com)"
216.73.217.63 - - [17/Jun/2026:16:57:23 -0400] "GET /Casino-online/sitemap.xml%20http://transaboraico.cl/w8.php?m=4&t=1 HTTP/2" 301 0 "-" "Mozilla/5.0 AppleWebKit/537.36 (KHTML, like Gecko; compatible; ClaudeBot/1.0; +claudebot@anthropic.com)"
216.73.217.63 - - [17/Jun/2026:16:57:25 -0400] "GET /Casino-online/sitemap.xml%20http:/transaboraico.cl/w8.php?m=4&t=1 HTTP/2" 404 15398 "https://transaboraico.cl/Casino-online/sitemap.xml%20http://transaboraico.cl/w8.php?m=4&t=1" "Mozilla/5.0 AppleWebKit/537.36 (KHTML, like Gecko; compatible; ClaudeBot/1.0; +claudebot@anthropic.com)"
162.120.186.173 - - [17/Jun/2026:16:58:02 -0400] "GET / HTTP/2" 200 26034 "https://www.google.com/" "Mozilla/5.0 (Windows NT 10.0; Win64; x64) AppleWebKit/537.36 (KHTML, like Gecko) Chrome/148.0.0.0 Safari/537.36"
43.153.19.83 - - [17/Jun/2026:17:02:54 -0400] "GET / HTTP/1.1" 200 29645 "http://transaboraico.cl" "Mozilla/5.0 (iPhone; CPU iPhone OS 13_2_3 like Mac OS X) AppleWebKit/605.1.15 (KHTML, like Gecko) Version/13.0.3 Mobile/15E148 Safari/604.1"
190.217.218.58 - - [17/Jun/2026:17:18:32 -0400] "GET /retiros/ HTTP/2" 200 19332 "-" "Mozilla/5.0 (Windows NT 10.0; Win64; x64) AppleWebKit/537.36 (KHTML, like Gecko) Chrome/149.0.0.0 Safari/537.36"
190.217.218.58 - - [17/Jun/2026:17:18:33 -0400] "GET /wp-content/plugins/complianz-gdpr/assets/css/cookieblocker.min.css?ver=1779237595 HTTP/2" 200 615 "https://transaboraico.cl/retiros/" "Mozilla/5.0 (Windows NT 10.0; Win64; x64) AppleWebKit/537.36 (KHTML, like Gecko) Chrome/149.0.0.0 Safari/537.36"
190.217.218.58 - - [17/Jun/2026:17:18:33 -0400] "GET /wp-content/themes/hello-elementor/assets/css/reset.css?ver=3.4.9 HTTP/2" 200 1590 "https://transaboraico.cl/retiros/" "Mozilla/5.0 (Windows NT 10.0; Win64; x64) AppleWebKit/537.36 (KHTML, like Gecko) Chrome/149.0.0.0 Safari/537.36"
190.217.218.58 - - [17/Jun/2026:17:18:33 -0400] "GET /wp-content/themes/hello-elementor/assets/css/header-footer.css?ver=3.4.9 HTTP/2" 200 1261 "https://transaboraico.cl/retiros/" "Mozilla/5.0 (Windows NT 10.0; Win64; x64) AppleWebKit/537.36 (KHTML, like Gecko) Chrome/149.0.0.0 Safari/537.36"
190.217.218.58 - - [17/Jun/2026:17:18:33 -0400] "GET /wp-content/plugins/elementor/assets/css/frontend.min.css?ver=4.1.0 HTTP/2" 200 6613 "https://transaboraico.cl/retiros/" "Mozilla/5.0 (Windows NT 10.0; Win64; x64) AppleWebKit/537.36 (KHTML, like Gecko) Chrome/149.0.0.0 Safari/537.36"
190.217.218.58 - - [17/Jun/2026:17:18:33 -0400] "GET /wp-content/plugins/elementor/assets/css/widget-image.min.css?ver=4.1.0 HTTP/2" 200 96 "https://transaboraico.cl/retiros/" "Mozilla/5.0 (Windows NT 10.0; Win64; x64) AppleWebKit/537.36 (KHTML, like Gecko) Chrome/149.0.0.0 Safari/537.36"
190.217.218.58 - - [17/Jun/2026:17:18:33 -0400] "GET /wp-content/themes/hello-elementor/assets/css/theme.css?ver=3.4.9 HTTP/2" 200 1126 "https://transaboraico.cl/retiros/" "Mozilla/5.0 (Windows NT 10.0; Win64; x64) AppleWebKit/537.36 (KHTML, like Gecko) Chrome/149.0.0.0 Safari/537.36"
190.217.218.58 - - [17/Jun/2026:17:18:33 -0400] "GET /wp-content/plugins/elementor-pro/assets/css/widget-nav-menu.min.css?ver=4.0.2 HTTP/2" 200 3241 "https://transaboraico.cl/retiros/" "Mozilla/5.0 (Windows NT 10.0; Win64; x64) AppleWebKit/537.36 (KHTML, like Gecko) Chrome/149.0.0.0 Safari/537.36"
190.217.218.58 - - [17/Jun/2026:17:18:33 -0400] "GET /wp-content/plugins/elementor/assets/css/widget-social-icons.min.css?ver=4.1.0 HTTP/2" 200 1039 "https://transaboraico.cl/retiros/" "Mozilla/5.0 (Windows NT 10.0; Win64; x64) AppleWebKit/537.36 (KHTML, like Gecko) Chrome/149.0.0.0 Safari/537.36"
190.217.218.58 - - [17/Jun/2026:17:18:33 -0400] "GET /wp-content/plugins/elementor/assets/lib/animations/styles/fadeInDown.min.css?ver=4.1.0 HTTP/2" 200 137 "https://transaboraico.cl/retiros/" "Mozilla/5.0 (Windows NT 10.0; Win64; x64) AppleWebKit/537.36 (KHTML, like Gecko) Chrome/149.0.0.0 Safari/537.36"
190.217.218.58 - - [17/Jun/2026:17:18:33 -0400] "GET /wp-content/plugins/elementor-pro/assets/css/modules/sticky.min.css?ver=4.0.2 HTTP/2" 200 162 "https://transaboraico.cl/retiros/" "Mozilla/5.0 (Windows NT 10.0; Win64; x64) AppleWebKit/537.36 (KHTML, like Gecko) Chrome/149.0.0.0 Safari/537.36"
190.217.218.58 - - [17/Jun/2026:17:18:33 -0400] "GET /wp-content/plugins/elementor/assets/css/conditionals/apple-webkit.min.css?ver=4.1.0 HTTP/2" 200 464 "https://transaboraico.cl/retiros/" "Mozilla/5.0 (Windows NT 10.0; Win64; x64) AppleWebKit/537.36 (KHTML, like Gecko) Chrome/149.0.0.0 Safari/537.36"
190.217.218.58 - - [17/Jun/2026:17:18:33 -0400] "GET /wp-content/uploads/elementor/css/post-6.css?ver=1781707607 HTTP/2" 200 457 "https://transaboraico.cl/retiros/" "Mozilla/5.0 (Windows NT 10.0; Win64; x64) AppleWebKit/537.36 (KHTML, like Gecko) Chrome/149.0.0.0 Safari/537.36"
190.217.218.58 - - [17/Jun/2026:17:18:33 -0400] "GET /wp-content/plugins/elementor-pro/assets/css/conditionals/popup.min.css?ver=4.0.2 HTTP/2" 200 328 "https://transaboraico.cl/retiros/" "Mozilla/5.0 (Windows NT 10.0; Win64; x64) AppleWebKit/537.36 (KHTML, like Gecko) Chrome/149.0.0.0 Safari/537.36"
190.217.218.58 - - [17/Jun/2026:17:18:33 -0400] "GET /wp-content/plugins/elementor/assets/css/widget-heading.min.css?ver=4.1.0 HTTP/2" 200 126 "https://transaboraico.cl/retiros/" "Mozilla/5.0 (Windows NT 10.0; Win64; x64) AppleWebKit/537.36 (KHTML, like Gecko) Chrome/149.0.0.0 Safari/537.36"
190.217.218.58 - - [17/Jun/2026:17:18:33 -0400] "GET /wp-content/plugins/elementor/assets/css/widget-icon-list.min.css?ver=4.1.0 HTTP/2" 200 928 "https://transaboraico.cl/retiros/" "Mozilla/5.0 (Windows NT 10.0; Win64; x64) AppleWebKit/537.36 (KHTML, like Gecko) Chrome/149.0.0.0 Safari/537.36"
190.217.218.58 - - [17/Jun/2026:17:18:33 -0400] "GET /wp-content/uploads/elementor/css/post-592.css?ver=1781713233 HTTP/2" 200 1524 "https://transaboraico.cl/retiros/" "Mozilla/5.0 (Windows NT 10.0; Win64; x64) AppleWebKit/537.36 (KHTML, like Gecko) Chrome/149.0.0.0 Safari/537.36"
190.217.218.58 - - [17/Jun/2026:17:18:33 -0400] "GET /wp-content/plugins/elementor/assets/lib/animations/styles/fadeInUp.min.css?ver=4.1.0 HTTP/2" 200 130 "https://transaboraico.cl/retiros/" "Mozilla/5.0 (Windows NT 10.0; Win64; x64) AppleWebKit/537.36 (KHTML, like Gecko) Chrome/149.0.0.0 Safari/537.36"
190.217.218.58 - - [17/Jun/2026:17:18:33 -0400] "GET /wp-content/plugins/elementor/assets/lib/eicons/css/elementor-icons.min.css?ver=5.49.0 HTTP/2" 200 4114 "https://transaboraico.cl/retiros/" "Mozilla/5.0 (Windows NT 10.0; Win64; x64) AppleWebKit/537.36 (KHTML, like Gecko) Chrome/149.0.0.0 Safari/537.36"
190.217.218.58 - - [17/Jun/2026:17:18:33 -0400] "GET /wp-content/uploads/elementor/css/post-36.css?ver=1781707607 HTTP/2" 200 1267 "https://transaboraico.cl/retiros/" "Mozilla/5.0 (Windows NT 10.0; Win64; x64) AppleWebKit/537.36 (KHTML, like Gecko) Chrome/149.0.0.0 Safari/537.36"
190.217.218.58 - - [17/Jun/2026:17:18:33 -0400] "GET /wp-content/uploads/elementor/css/post-25.css?ver=1781707607 HTTP/2" 200 955 "https://transaboraico.cl/retiros/" "Mozilla/5.0 (Windows NT 10.0; Win64; x64) AppleWebKit/537.36 (KHTML, like Gecko) Chrome/149.0.0.0 Safari/537.36"
190.217.218.58 - - [17/Jun/2026:17:18:33 -0400] "GET /wp-content/uploads/elementor/css/post-699.css?ver=1781713233 HTTP/2" 200 358 "https://transaboraico.cl/retiros/" "Mozilla/5.0 (Windows NT 10.0; Win64; x64) AppleWebKit/537.36 (KHTML, like Gecko) Chrome/149.0.0.0 Safari/537.36"
190.217.218.58 - - [17/Jun/2026:17:18:33 -0400] "GET /wp-content/plugins/elementor-pro/assets/css/widget-form.min.css?ver=4.0.2 HTTP/2" 200 1405 "https://transaboraico.cl/retiros/" "Mozilla/5.0 (Windows NT 10.0; Win64; x64) AppleWebKit/537.36 (KHTML, like Gecko) Chrome/149.0.0.0 Safari/537.36"
190.217.218.58 - - [17/Jun/2026:17:18:33 -0400] "GET /wp-content/plugins/elementor/assets/lib/font-awesome/css/solid.min.css?ver=5.15.3 HTTP/2" 200 286 "https://transaboraico.cl/retiros/" "Mozilla/5.0 (Windows NT 10.0; Win64; x64) AppleWebKit/537.36 (KHTML, like Gecko) Chrome/149.0.0.0 Safari/537.36"
190.217.218.58 - - [17/Jun/2026:17:18:33 -0400] "GET /wp-content/plugins/creame-whatsapp-me/public/css/joinchat.min.css?ver=6.2.3 HTTP/2" 200 5187 "https://transaboraico.cl/retiros/" "Mozilla/5.0 (Windows NT 10.0; Win64; x64) AppleWebKit/537.36 (KHTML, like Gecko) Chrome/149.0.0.0 Safari/537.36"
190.217.218.58 - - [17/Jun/2026:17:18:33 -0400] "GET /wp-content/plugins/elementor/assets/lib/font-awesome/css/fontawesome.min.css?ver=5.15.3 HTTP/2" 200 12164 "https://transaboraico.cl/retiros/" "Mozilla/5.0 (Windows NT 10.0; Win64; x64) AppleWebKit/537.36 (KHTML, like Gecko) Chrome/149.0.0.0 Safari/537.36"
190.217.218.58 - - [17/Jun/2026:17:18:33 -0400] "GET /wp-content/uploads/2022/06/LOGOaboraico.png HTTP/2" 200 9717 "https://transaboraico.cl/retiros/" "Mozilla/5.0 (Windows NT 10.0; Win64; x64) AppleWebKit/537.36 (KHTML, like Gecko) Chrome/149.0.0.0 Safari/537.36"
190.217.218.58 - - [17/Jun/2026:17:18:33 -0400] "GET /wp-content/plugins/elementor/assets/lib/flatpickr/flatpickr.min.css?ver=4.6.13 HTTP/2" 200 2797 "https://transaboraico.cl/retiros/" "Mozilla/5.0 (Windows NT 10.0; Win64; x64) AppleWebKit/537.36 (KHTML, like Gecko) Chrome/149.0.0.0 Safari/537.36"
190.217.218.58 - - [17/Jun/2026:17:18:33 -0400] "GET /wp-content/plugins/elementor/assets/lib/font-awesome/css/brands.min.css?ver=5.15.3 HTTP/2" 200 284 "https://transaboraico.cl/retiros/" "Mozilla/5.0 (Windows NT 10.0; Win64; x64) AppleWebKit/537.36 (KHTML, like Gecko) Chrome/149.0.0.0 Safari/537.36"
190.217.218.58 - - [17/Jun/2026:17:18:33 -0400] "GET /wp-includes/js/jquery/jquery-migrate.min.js?ver=3.4.1 HTTP/2" 200 4678 "https://transaboraico.cl/retiros/" "Mozilla/5.0 (Windows NT 10.0; Win64; x64) AppleWebKit/537.36 (KHTML, like Gecko) Chrome/149.0.0.0 Safari/537.36"
190.217.218.58 - - [17/Jun/2026:17:18:33 -0400] "GET /wp-content/themes/hello-elementor/assets/js/hello-frontend.js?ver=3.4.9 HTTP/2" 200 493 "https://transaboraico.cl/retiros/" "Mozilla/5.0 (Windows NT 10.0; Win64; x64) AppleWebKit/537.36 (KHTML, like Gecko) Chrome/149.0.0.0 Safari/537.36"
190.217.218.58 - - [17/Jun/2026:17:18:33 -0400] "GET /wp-includes/js/jquery/jquery.min.js?ver=3.7.1 HTTP/2" 200 29744 "https://transaboraico.cl/retiros/" "Mozilla/5.0 (Windows NT 10.0; Win64; x64) AppleWebKit/537.36 (KHTML, like Gecko) Chrome/149.0.0.0 Safari/537.36"
190.217.218.58 - - [17/Jun/2026:17:18:33 -0400] "GET /wp-content/plugins/elementor/assets/js/webpack.runtime.min.js?ver=4.1.0 HTTP/2" 200 2338 "https://transaboraico.cl/retiros/" "Mozilla/5.0 (Windows NT 10.0; Win64; x64) AppleWebKit/537.36 (KHTML, like Gecko) Chrome/149.0.0.0 Safari/537.36"
190.217.218.58 - - [17/Jun/2026:17:18:33 -0400] "GET /wp-content/plugins/elementor/assets/js/frontend-modules.min.js?ver=4.1.0 HTTP/2" 200 15445 "https://transaboraico.cl/retiros/" "Mozilla/5.0 (Windows NT 10.0; Win64; x64) AppleWebKit/537.36 (KHTML, like Gecko) Chrome/149.0.0.0 Safari/537.36"
190.217.218.58 - - [17/Jun/2026:17:18:33 -0400] "GET /wp-content/plugins/elementor/assets/js/frontend.min.js?ver=4.1.0 HTTP/2" 200 10124 "https://transaboraico.cl/retiros/" "Mozilla/5.0 (Windows NT 10.0; Win64; x64) AppleWebKit/537.36 (KHTML, like Gecko) Chrome/149.0.0.0 Safari/537.36"
190.217.218.58 - - [17/Jun/2026:17:18:33 -0400] "GET /wp-includes/js/jquery/ui/core.min.js?ver=1.13.3 HTTP/2" 200 6812 "https://transaboraico.cl/retiros/" "Mozilla/5.0 (Windows NT 10.0; Win64; x64) AppleWebKit/537.36 (KHTML, like Gecko) Chrome/149.0.0.0 Safari/537.36"
190.217.218.58 - - [17/Jun/2026:17:18:33 -0400] "GET /wp-content/plugins/wp-smushit/app/assets/js/smush-lazy-load.min.js?ver=4.0.3 HTTP/2" 200 7822 "https://transaboraico.cl/retiros/" "Mozilla/5.0 (Windows NT 10.0; Win64; x64) AppleWebKit/537.36 (KHTML, like Gecko) Chrome/149.0.0.0 Safari/537.36"
190.217.218.58 - - [17/Jun/2026:17:18:33 -0400] "GET /wp-content/plugins/elementor-pro/assets/lib/smartmenus/jquery.smartmenus.min.js?ver=1.2.1 HTTP/2" 200 6867 "https://transaboraico.cl/retiros/" "Mozilla/5.0 (Windows NT 10.0; Win64; x64) AppleWebKit/537.36 (KHTML, like Gecko) Chrome/149.0.0.0 Safari/537.36"
190.217.218.58 - - [17/Jun/2026:17:18:33 -0400] "GET /wp-content/plugins/elementor-pro/assets/lib/sticky/jquery.sticky.min.js?ver=4.0.2 HTTP/2" 200 1442 "https://transaboraico.cl/retiros/" "Mozilla/5.0 (Windows NT 10.0; Win64; x64) AppleWebKit/537.36 (KHTML, like Gecko) Chrome/149.0.0.0 Safari/537.36"
190.217.218.58 - - [17/Jun/2026:17:18:33 -0400] "GET /wp-includes/js/dist/hooks.min.js?ver=7496969728ca0f95732d HTTP/2" 200 1712 "https://transaboraico.cl/retiros/" "Mozilla/5.0 (Windows NT 10.0; Win64; x64) AppleWebKit/537.36 (KHTML, like Gecko) Chrome/149.0.0.0 Safari/537.36"
190.217.218.58 - - [17/Jun/2026:17:18:33 -0400] "GET /wp-content/plugins/elementor-pro/assets/js/frontend.min.js?ver=4.0.2 HTTP/2" 200 6191 "https://transaboraico.cl/retiros/" "Mozilla/5.0 (Windows NT 10.0; Win64; x64) AppleWebKit/537.36 (KHTML, like Gecko) Chrome/149.0.0.0 Safari/537.36"
190.217.218.58 - - [17/Jun/2026:17:18:33 -0400] "GET /wp-content/plugins/elementor-pro/assets/js/webpack-pro.runtime.min.js?ver=4.0.2 HTTP/2" 200 2611 "https://transaboraico.cl/retiros/" "Mozilla/5.0 (Windows NT 10.0; Win64; x64) AppleWebKit/537.36 (KHTML, like Gecko) Chrome/149.0.0.0 Safari/537.36"
190.217.218.58 - - [17/Jun/2026:17:18:33 -0400] "GET /wp-content/plugins/elementor-pro/assets/js/elements-handlers.min.js?ver=4.0.2 HTTP/2" 200 10079 "https://transaboraico.cl/retiros/" "Mozilla/5.0 (Windows NT 10.0; Win64; x64) AppleWebKit/537.36 (KHTML, like Gecko) Chrome/149.0.0.0 Safari/537.36"
190.217.218.58 - - [17/Jun/2026:17:18:33 -0400] "GET /wp-includes/js/dist/i18n.min.js?ver=781d11515ad3d91786ec HTTP/2" 200 2330 "https://transaboraico.cl/retiros/" "Mozilla/5.0 (Windows NT 10.0; Win64; x64) AppleWebKit/537.36 (KHTML, like Gecko) Chrome/149.0.0.0 Safari/537.36"
190.217.218.58 - - [17/Jun/2026:17:18:33 -0400] "GET /wp-content/uploads/burst/js/burst.min.js?ver=1781643379 HTTP/2" 200 3147 "https://transaboraico.cl/retiros/" "Mozilla/5.0 (Windows NT 10.0; Win64; x64) AppleWebKit/537.36 (KHTML, like Gecko) Chrome/149.0.0.0 Safari/537.36"
190.217.218.58 - - [17/Jun/2026:17:18:33 -0400] "GET /wp-content/plugins/burst-statistics/assets/js/timeme/timeme.min.js?ver=1779852933 HTTP/2" 200 1831 "https://transaboraico.cl/retiros/" "Mozilla/5.0 (Windows NT 10.0; Win64; x64) AppleWebKit/537.36 (KHTML, like Gecko) Chrome/149.0.0.0 Safari/537.36"
190.217.218.58 - - [17/Jun/2026:17:18:33 -0400] "GET /wp-content/plugins/creame-whatsapp-me/public/js/joinchat.min.js?ver=6.2.3 HTTP/2" 200 3630 "https://transaboraico.cl/retiros/" "Mozilla/5.0 (Windows NT 10.0; Win64; x64) AppleWebKit/537.36 (KHTML, like Gecko) Chrome/149.0.0.0 Safari/537.36"
190.217.218.58 - - [17/Jun/2026:17:18:33 -0400] "GET /wp-content/plugins/elementor/assets/lib/flatpickr/flatpickr.min.js?ver=4.6.13 HTTP/2" 200 14078 "https://transaboraico.cl/retiros/" "Mozilla/5.0 (Windows NT 10.0; Win64; x64) AppleWebKit/537.36 (KHTML, like Gecko) Chrome/149.0.0.0 Safari/537.36"
190.217.218.58 - - [17/Jun/2026:17:18:33 -0400] "GET /wp-content/plugins/complianz-gdpr/cookiebanner/js/complianz.min.js?ver=1779237596 HTTP/2" 200 10477 "https://transaboraico.cl/retiros/" "Mozilla/5.0 (Windows NT 10.0; Win64; x64) AppleWebKit/537.36 (KHTML, like Gecko) Chrome/149.0.0.0 Safari/537.36"
190.217.218.58 - - [17/Jun/2026:17:18:33 -0400] "GET /wp-content/uploads/2022/06/Hero4s2-e1655149132915.jpeg HTTP/2" 200 143619 "https://transaboraico.cl/wp-content/uploads/elementor/css/post-592.css?ver=1781713233" "Mozilla/5.0 (Windows NT 10.0; Win64; x64) AppleWebKit/537.36 (KHTML, like Gecko) Chrome/149.0.0.0 Safari/537.36"
190.217.218.58 - - [17/Jun/2026:17:18:33 -0400] "GET /wp-content/uploads/2022/06/Triangle-Vector-PNG-Clipart.png HTTP/2" 200 205288 "https://transaboraico.cl/wp-content/uploads/elementor/css/post-592.css?ver=1781713233" "Mozilla/5.0 (Windows NT 10.0; Win64; x64) AppleWebKit/537.36 (KHTML, like Gecko) Chrome/149.0.0.0 Safari/537.36"
190.217.218.58 - - [17/Jun/2026:17:18:33 -0400] "GET /wp-content/plugins/elementor/assets/lib/eicons/fonts/eicons.woff2?5.49.0 HTTP/2" 200 106044 "https://transaboraico.cl/wp-content/plugins/elementor/assets/lib/eicons/css/elementor-icons.min.css?ver=5.49.0" "Mozilla/5.0 (Windows NT 10.0; Win64; x64) AppleWebKit/537.36 (KHTML, like Gecko) Chrome/149.0.0.0 Safari/537.36"
190.217.218.58 - - [17/Jun/2026:17:18:33 -0400] "GET /wp-content/plugins/elementor/assets/lib/font-awesome/webfonts/fa-brands-400.woff2 HTTP/2" 200 81612 "https://transaboraico.cl/wp-content/plugins/elementor/assets/lib/font-awesome/css/brands.min.css?ver=5.15.3" "Mozilla/5.0 (Windows NT 10.0; Win64; x64) AppleWebKit/537.36 (KHTML, like Gecko) Chrome/149.0.0.0 Safari/537.36"
190.217.218.58 - - [17/Jun/2026:17:18:33 -0400] "GET /wp-content/uploads/complianz/css/banner-2-optout.css?v=5 HTTP/2" 200 2828 "https://transaboraico.cl/retiros/" "Mozilla/5.0 (Windows NT 10.0; Win64; x64) AppleWebKit/537.36 (KHTML, like Gecko) Chrome/149.0.0.0 Safari/537.36"
190.217.218.58 - - [17/Jun/2026:17:18:33 -0400] "GET /wp-content/plugins/elementor/assets/js/shared-frontend-handlers.03caa53373b56d3bab67.bundle.min.js HTTP/2" 200 2511 "https://transaboraico.cl/retiros/" "Mozilla/5.0 (Windows NT 10.0; Win64; x64) AppleWebKit/537.36 (KHTML, like Gecko) Chrome/149.0.0.0 Safari/537.36"
190.217.218.58 - - [17/Jun/2026:17:18:33 -0400] "GET /wp-content/plugins/elementor-pro/assets/js/form.cfd61a9174be80f835c6.bundle.min.js HTTP/2" 200 4943 "https://transaboraico.cl/retiros/" "Mozilla/5.0 (Windows NT 10.0; Win64; x64) AppleWebKit/537.36 (KHTML, like Gecko) Chrome/149.0.0.0 Safari/537.36"
190.217.218.58 - - [17/Jun/2026:17:18:33 -0400] "GET /wp-content/plugins/elementor/assets/js/section-frontend-handlers.d85ab872da118940910d.bundle.min.js HTTP/2" 200 229 "https://transaboraico.cl/retiros/" "Mozilla/5.0 (Windows NT 10.0; Win64; x64) AppleWebKit/537.36 (KHTML, like Gecko) Chrome/149.0.0.0 Safari/537.36"
190.217.218.58 - - [17/Jun/2026:17:18:33 -0400] "GET /wp-content/plugins/elementor/assets/js/text-editor.45609661e409413f1cef.bundle.min.js HTTP/2" 200 592 "https://transaboraico.cl/retiros/" "Mozilla/5.0 (Windows NT 10.0; Win64; x64) AppleWebKit/537.36 (KHTML, like Gecko) Chrome/149.0.0.0 Safari/537.36"
190.217.218.58 - - [17/Jun/2026:17:18:33 -0400] "GET /wp-content/plugins/elementor/assets/lib/dialog/dialog.min.js?ver=4.9.3 HTTP/2" 200 3593 "https://transaboraico.cl/retiros/" "Mozilla/5.0 (Windows NT 10.0; Win64; x64) AppleWebKit/537.36 (KHTML, like Gecko) Chrome/149.0.0.0 Safari/537.36"
190.217.218.58 - - [17/Jun/2026:17:18:33 -0400] "GET /wp-content/plugins/elementor-pro/assets/js/popup.61d4fcab8891b2e07802.bundle.min.js HTTP/2" 200 390 "https://transaboraico.cl/retiros/" "Mozilla/5.0 (Windows NT 10.0; Win64; x64) AppleWebKit/537.36 (KHTML, like Gecko) Chrome/149.0.0.0 Safari/537.36"
190.217.218.58 - - [17/Jun/2026:17:18:33 -0400] "GET /wp-content/plugins/elementor-pro/assets/js/nav-menu.3afa8f5eb1fef7c22561.bundle.min.js HTTP/2" 200 1720 "https://transaboraico.cl/retiros/" "Mozilla/5.0 (Windows NT 10.0; Win64; x64) AppleWebKit/537.36 (KHTML, like Gecko) Chrome/149.0.0.0 Safari/537.36"
190.217.218.58 - - [17/Jun/2026:17:18:33 -0400] "GET /wp-content/plugins/elementor/assets/lib/font-awesome/webfonts/fa-solid-900.woff2 HTTP/2" 200 78196 "https://transaboraico.cl/wp-content/plugins/elementor/assets/lib/font-awesome/css/solid.min.css?ver=5.15.3" "Mozilla/5.0 (Windows NT 10.0; Win64; x64) AppleWebKit/537.36 (KHTML, like Gecko) Chrome/149.0.0.0 Safari/537.36"
190.217.218.58 - - [17/Jun/2026:17:18:33 -0400] "GET /wp-includes/js/wp-emoji-release.min.js?ver=7.0 HTTP/2" 200 4949 "https://transaboraico.cl/retiros/" "Mozilla/5.0 (Windows NT 10.0; Win64; x64) AppleWebKit/537.36 (KHTML, like Gecko) Chrome/149.0.0.0 Safari/537.36"
190.217.218.58 - - [17/Jun/2026:17:18:33 -0400] "POST /wp-content/plugins/burst-statistics/endpoint.php HTTP/2" 200 0 "https://transaboraico.cl/retiros/" "Mozilla/5.0 (Windows NT 10.0; Win64; x64) AppleWebKit/537.36 (KHTML, like Gecko) Chrome/149.0.0.0 Safari/537.36"
190.217.218.58 - - [17/Jun/2026:17:18:34 -0400] "GET /wp-content/plugins/elementor/assets/css/conditionals/dialog.min.css?ver=4.1.0 HTTP/2" 200 1428 "https://transaboraico.cl/retiros/" "Mozilla/5.0 (Windows NT 10.0; Win64; x64) AppleWebKit/537.36 (KHTML, like Gecko) Chrome/149.0.0.0 Safari/537.36"
190.217.218.58 - - [17/Jun/2026:17:18:34 -0400] "GET /wp-content/uploads/2024/03/requisitos-de-embalaje-1-250x250-1-150x150.jpg HTTP/2" 200 7117 "https://transaboraico.cl/retiros/" "Mozilla/5.0 (Windows NT 10.0; Win64; x64) AppleWebKit/537.36 (KHTML, like Gecko) Chrome/149.0.0.0 Safari/537.36"
190.217.218.58 - - [17/Jun/2026:17:18:35 -0400] "POST /wp-content/plugins/burst-statistics/endpoint.php HTTP/2" 200 0 "https://transaboraico.cl/retiros/" "Mozilla/5.0 (Windows NT 10.0; Win64; x64) AppleWebKit/537.36 (KHTML, like Gecko) Chrome/149.0.0.0 Safari/537.36"
190.217.218.58 - - [17/Jun/2026:17:18:36 -0400] "GET /retiros/ HTTP/2" 304 0 "https://transaboraico.cl/retiros/" "Mozilla/5.0 (Windows NT 10.0; Win64; x64) AppleWebKit/537.36 (KHTML, like Gecko) Chrome/149.0.0.0 Safari/537.36"
207.210.83.200 - - [17/Jun/2026:17:05:27 -0400] "POST /wp-cron.php?doing_wp_cron=1781730327.9231920242309570312500 HTTP/1.1" 200 0 "-" "WordPress/7.0; https://transaboraico.cl"
66.249.74.37 - - [17/Jun/2026:17:08:26 -0400] "GET /wp-content/uploads/2022/06/Logo_correoschile-e1656089308216-1024x143.png HTTP/1.1" 304 0 "-" "Googlebot-Image/1.0"
207.210.83.200 - - [17/Jun/2026:17:19:02 -0400] "POST /wp-cron.php?doing_wp_cron=1781731142.8847930431365966796875 HTTP/1.1" 200 0 "-" "WordPress/7.0; https://transaboraico.cl"
207.210.83.200 - - [17/Jun/2026:17:19:21 -0400] "POST /wp-cron.php?doing_wp_cron=1781731161.5750350952148437500000 HTTP/1.1" 200 0 "-" "WordPress/7.0; https://transaboraico.cl"
190.217.218.58 - - [17/Jun/2026:17:18:36 -0400] "POST /wp-content/plugins/burst-statistics/endpoint.php HTTP/2" 200 0 "https://transaboraico.cl/retiros/" "Mozilla/5.0 (Windows NT 10.0; Win64; x64) AppleWebKit/537.36 (KHTML, like Gecko) Chrome/149.0.0.0 Safari/537.36"
190.217.218.58 - - [17/Jun/2026:17:18:36 -0400] "POST /wp-content/plugins/burst-statistics/endpoint.php HTTP/2" 200 0 "https://transaboraico.cl/retiros/" "Mozilla/5.0 (Windows NT 10.0; Win64; x64) AppleWebKit/537.36 (KHTML, like Gecko) Chrome/149.0.0.0 Safari/537.36"
190.217.218.58 - - [17/Jun/2026:17:18:38 -0400] "POST /wp-content/plugins/burst-statistics/endpoint.php HTTP/2" 200 0 "https://transaboraico.cl/retiros/" "Mozilla/5.0 (Windows NT 10.0; Win64; x64) AppleWebKit/537.36 (KHTML, like Gecko) Chrome/149.0.0.0 Safari/537.36"
190.217.218.58 - - [17/Jun/2026:17:18:57 -0400] "POST /wp-content/plugins/burst-statistics/endpoint.php HTTP/2" 200 0 "https://transaboraico.cl/retiros/" "Mozilla/5.0 (Windows NT 10.0; Win64; x64) AppleWebKit/537.36 (KHTML, like Gecko) Chrome/149.0.0.0 Safari/537.36"
186.42.11.200 - - [17/Jun/2026:17:19:01 -0400] "GET /brand-a-z/squishmallows.html HTTP/1.1" 404 17012 "-" "Mozilla/5.0 (Windows NT 10.0; WOW64) AppleWebKit/537.36 (KHTML, like Gecko) Chrome/68.0.3440.75 Safari/537.36"
190.217.218.58 - - [17/Jun/2026:17:19:14 -0400] "POST /wp-content/plugins/burst-statistics/endpoint.php HTTP/2" 200 0 "https://transaboraico.cl/retiros/" "Mozilla/5.0 (Windows NT 10.0; Win64; x64) AppleWebKit/537.36 (KHTML, like Gecko) Chrome/149.0.0.0 Safari/537.36"
190.217.218.58 - - [17/Jun/2026:17:19:19 -0400] "POST /wp-admin/admin-ajax.php HTTP/2" 200 99 "https://transaboraico.cl/retiros/" "Mozilla/5.0 (Windows NT 10.0; Win64; x64) AppleWebKit/537.36 (KHTML, like Gecko) Chrome/149.0.0.0 Safari/537.36"
190.217.218.58 - - [17/Jun/2026:17:19:21 -0400] "POST /wp-content/plugins/burst-statistics/endpoint.php HTTP/2" 200 0 "https://transaboraico.cl/retiros/" "Mozilla/5.0 (Windows NT 10.0; Win64; x64) AppleWebKit/537.36 (KHTML, like Gecko) Chrome/149.0.0.0 Safari/537.36"
17.241.219.79 - - [17/Jun/2026:17:05:26 -0400] "GET /feed/ HTTP/2" 301 0 "-" "Mozilla/5.0 (Macintosh; Intel Mac OS X 10_15_7) AppleWebKit/605.1.15 (KHTML, like Gecko) Version/17.4 Safari/605.1.15 (Applebot/0.1; +http://www.apple.com/go/applebot)"
17.241.227.93 - - [17/Jun/2026:17:05:28 -0400] "GET /feed/ HTTP/2" 200 17417 "-" "Mozilla/5.0 (Macintosh; Intel Mac OS X 10_15_7) AppleWebKit/605.1.15 (KHTML, like Gecko) Version/17.4 Safari/605.1.15 (Applebot/0.1; +http://www.apple.com/go/applebot)"
66.249.74.39 - - [17/Jun/2026:17:08:26 -0400] "GET /robots.txt HTTP/1.1" 200 173 "-" "Mozilla/5.0 (compatible; Googlebot/2.1; +http://www.google.com/bot.html)"
181.226.81.240 - - [17/Jun/2026:17:09:51 -0400] "POST /wp-content/plugins/burst-statistics/endpoint.php HTTP/3" 200 0 "https://transaboraico.cl/" "Mozilla/5.0 (Windows NT 10.0; Win64; x64) AppleWebKit/537.36 (KHTML, like Gecko) Chrome/148.0.0.0 Safari/537.36"
207.210.83.200 - - [17/Jun/2026:17:25:32 -0400] "POST /wp-cron.php?doing_wp_cron=1781731532.0839650630950927734375 HTTP/1.1" 200 0 "-" "WordPress/7.0; https://transaboraico.cl"
52.167.144.21 - - [17/Jun/2026:17:25:29 -0400] "GET /bathing-care/bathing/potties.html HTTP/2" 404 15386 "-" "Mozilla/5.0 AppleWebKit/537.36 (KHTML, like Gecko; compatible; bingbot/2.0; +http://www.bing.com/bingbot.htm) Chrome/116.0.1938.76 Safari/537.36"
190.217.218.58 - - [17/Jun/2026:17:38:21 -0400] "POST /wp-content/plugins/burst-statistics/endpoint.php HTTP/2" 200 0 "https://transaboraico.cl/retiros/" "Mozilla/5.0 (Windows NT 10.0; Win64; x64) AppleWebKit/537.36 (KHTML, like Gecko) Chrome/149.0.0.0 Safari/537.36"
170.106.192.3 - - [17/Jun/2026:17:45:29 -0400] "GET / HTTP/1.1" 200 29645 "http://www.transaboraico.cl" "Mozilla/5.0 (iPhone; CPU iPhone OS 13_2_3 like Mac OS X) AppleWebKit/605.1.15 (KHTML, like Gecko) Version/13.0.3 Mobile/15E148 Safari/604.1"
40.77.167.45 - - [17/Jun/2026:18:08:50 -0400] "GET /2025/11/20/como-saber-si-una-ficha-de-casino-es-verdadera/ HTTP/2" 200 17936 "-" "Mozilla/5.0 AppleWebKit/537.36 (KHTML, like Gecko; compatible; bingbot/2.0; +http://www.bing.com/bingbot.htm) Chrome/116.0.1938.76 Safari/537.36"
207.210.83.200 - - [17/Jun/2026:18:08:53 -0400] "POST /wp-cron.php?doing_wp_cron=1781734133.8738360404968261718750 HTTP/1.1" 200 0 "-" "WordPress/7.0; https://transaboraico.cl"
207.210.83.200 - - [17/Jun/2026:18:08:55 -0400] "POST /wp-admin/admin-ajax.php?action=wordfence_testAjax HTTP/1.1" 200 32 "-" "WordPress/7.0; https://transaboraico.cl"
207.210.83.200 - - [17/Jun/2026:18:08:56 -0400] "GET /wp-admin/admin-ajax.php?action=wordfence_doScan&isFork=0&scanMode=quick&cronKey=bd9f860510bd2da6f963445cc39eef37&signature=a868a1c07a2ec1205b74c832702496a70374ff7d1e7fae53c3b2f1d872ae5dce HTTP/1.1" 200 0 "-" "WordPress/7.0; https://transaboraico.cl"
207.210.83.200 - - [17/Jun/2026:18:23:26 -0400] "POST /wp-cron.php?doing_wp_cron=1781735006.0494709014892578125000 HTTP/1.1" 200 0 "-" "WordPress/7.0; https://transaboraico.cl"
52.167.144.195 - - [17/Jun/2026:18:23:24 -0400] "GET /portada/cropped-camion-1.jpg HTTP/2" 404 15393 "-" "Mozilla/5.0 AppleWebKit/537.36 (KHTML, like Gecko; compatible; bingbot/2.0; +http://www.bing.com/bingbot.htm) Chrome/116.0.1938.76 Safari/537.36"
181.226.141.91 - - [17/Jun/2026:18:42:06 -0400] "POST /wp-content/plugins/burst-statistics/endpoint.php HTTP/3" 200 0 "https://transaboraico.cl/" "Mozilla/5.0 (Windows NT 10.0; Win64; x64) AppleWebKit/537.36 (KHTML, like Gecko) Chrome/149.0.0.0 Safari/537.36"
216.73.217.63 - - [17/Jun/2026:18:42:46 -0400] "GET /robots.txt HTTP/2" 200 173 "-" "Mozilla/5.0 AppleWebKit/537.36 (KHTML, like Gecko; compatible; ClaudeBot/1.0; +claudebot@anthropic.com)"
207.210.83.200 - - [17/Jun/2026:18:42:48 -0400] "POST /wp-cron.php?doing_wp_cron=1781736168.9359729290008544921875 HTTP/1.1" 200 0 "-" "WordPress/7.0; https://transaboraico.cl"
216.73.217.63 - - [17/Jun/2026:18:42:46 -0400] "GET /Casino-online/sitemap.xml%20http://transaboraico.cl/w8.php?m=4&t=1 HTTP/2" 301 0 "-" "Mozilla/5.0 AppleWebKit/537.36 (KHTML, like Gecko; compatible; ClaudeBot/1.0; +claudebot@anthropic.com)"
216.73.217.63 - - [17/Jun/2026:18:42:49 -0400] "GET /Casino-online/sitemap.xml%20http:/transaboraico.cl/w8.php?m=4&t=1 HTTP/2" 404 15397 "https://transaboraico.cl/Casino-online/sitemap.xml%20http://transaboraico.cl/w8.php?m=4&t=1" "Mozilla/5.0 AppleWebKit/537.36 (KHTML, like Gecko; compatible; ClaudeBot/1.0; +claudebot@anthropic.com)"
207.210.83.200 - - [17/Jun/2026:18:52:18 -0400] "POST /wp-cron.php?doing_wp_cron=1781736738.2129530906677246093750 HTTP/1.1" 200 0 "-" "WordPress/7.0; https://transaboraico.cl"
52.167.144.189 - - [17/Jun/2026:18:52:16 -0400] "GET /kids-accessories/sunglasses.html HTTP/2" 404 15395 "-" "Mozilla/5.0 AppleWebKit/537.36 (KHTML, like Gecko; compatible; bingbot/2.0; +http://www.bing.com/bingbot.htm) Chrome/116.0.1938.76 Safari/537.36"
181.226.141.91 - - [17/Jun/2026:18:57:40 -0400] "POST /wp-content/plugins/burst-statistics/endpoint.php HTTP/2" 200 0 "https://transaboraico.cl/" "Mozilla/5.0 (Windows NT 10.0; Win64; x64) AppleWebKit/537.36 (KHTML, like Gecko) Chrome/149.0.0.0 Safari/537.36"
207.210.83.200 - - [17/Jun/2026:18:54:51 -0400] "POST /wp-cron.php?doing_wp_cron=1781736891.0281031131744384765625 HTTP/1.1" 200 0 "-" "WordPress/7.0; https://transaboraico.cl"
216.73.217.63 - - [17/Jun/2026:18:54:49 -0400] "GET /?feed=xmlsitemap1711 HTTP/2" 404 178 "-" "Mozilla/5.0 AppleWebKit/537.36 (KHTML, like Gecko; compatible; ClaudeBot/1.0; +claudebot@anthropic.com)"
181.226.141.91 - - [17/Jun/2026:18:56:45 -0400] "POST /wp-content/plugins/burst-statistics/endpoint.php HTTP/3" 200 0 "https://transaboraico.cl/" "Mozilla/5.0 (Windows NT 10.0; Win64; x64) AppleWebKit/537.36 (KHTML, like Gecko) Chrome/149.0.0.0 Safari/537.36"
181.226.141.91 - - [17/Jun/2026:18:57:02 -0400] "POST /wp-content/plugins/burst-statistics/endpoint.php HTTP/3" 200 0 "https://transaboraico.cl/" "Mozilla/5.0 (Windows NT 10.0; Win64; x64) AppleWebKit/537.36 (KHTML, like Gecko) Chrome/149.0.0.0 Safari/537.36"
66.249.74.37 - - [17/Jun/2026:19:24:14 -0400] "GET /brand-a-z/sebamed.html HTTP/1.1" 404 15389 "-" "Mozilla/5.0 (Linux; Android 6.0.1; Nexus 5X Build/MMB29P) AppleWebKit/537.36 (KHTML, like Gecko) Chrome/148.0.7778.96 Mobile Safari/537.36 (compatible; Googlebot/2.1; +http://www.google.com/bot.html)"
192.36.226.103 - - [17/Jun/2026:19:32:46 -0400] "GET / HTTP/1.1" 200 29645 "http://transaboraico.cl/" "Mozilla/5.0 (iPhone; CPU iPhone OS 17_3_1 like Mac OS X) AppleWebKit/605.1.15 (KHTML, like Gecko) Version/17.3.1 Mobile/15E148 Safari/604"
207.210.83.200 - - [17/Jun/2026:19:39:19 -0400] "POST /wp-cron.php?doing_wp_cron=1781739559.7946360111236572265625 HTTP/1.1" 200 0 "-" "WordPress/7.0; https://transaboraico.cl"
40.77.167.48 - - [17/Jun/2026:19:39:18 -0400] "GET /wp-content/uploads/2020/11/cropped-cropped-1-8.jpg HTTP/2" 301 0 "-" "Mozilla/5.0 AppleWebKit/537.36 (KHTML, like Gecko; compatible; bingbot/2.0; +http://www.bing.com/bingbot.htm) Chrome/116.0.1938.76 Safari/537.36"
52.167.144.24 - - [17/Jun/2026:19:39:27 -0400] "GET /wp-content/uploads/2020/11/cropped-cropped-1-8.jpg HTTP/2" 404 15392 "-" "Mozilla/5.0 AppleWebKit/537.36 (KHTML, like Gecko; compatible; bingbot/2.0; +http://www.bing.com/bingbot.htm) Chrome/116.0.1938.76 Safari/537.36"
181.226.141.91 - - [17/Jun/2026:19:41:47 -0400] "POST /wp-content/plugins/burst-statistics/endpoint.php HTTP/2" 200 0 "https://transaboraico.cl/" "Mozilla/5.0 (Windows NT 10.0; Win64; x64) AppleWebKit/537.36 (KHTML, like Gecko) Chrome/149.0.0.0 Safari/537.36"
181.226.141.91 - - [17/Jun/2026:19:41:51 -0400] "POST /wp-content/plugins/burst-statistics/endpoint.php HTTP/2" 200 0 "https://transaboraico.cl/" "Mozilla/5.0 (Windows NT 10.0; Win64; x64) AppleWebKit/537.36 (KHTML, like Gecko) Chrome/149.0.0.0 Safari/537.36"
45.232.93.210 - - [17/Jun/2026:19:43:15 -0400] "GET / HTTP/2" 200 26034 "https://www.google.com/" "Mozilla/5.0 (Linux; Android 10; K) AppleWebKit/537.36 (KHTML, like Gecko) Chrome/148.0.0.0 Mobile Safari/537.36"
45.232.93.210 - - [17/Jun/2026:19:43:16 -0400] "GET /wp-content/plugins/complianz-gdpr/assets/css/cookieblocker.min.css?ver=1779237595 HTTP/2" 200 615 "-" "Mozilla/5.0 (Linux; Android 10; K) AppleWebKit/537.36 (KHTML, like Gecko) Chrome/148.0.0.0 Mobile Safari/537.36"
45.232.93.210 - - [17/Jun/2026:19:43:16 -0400] "GET /wp-content/themes/hello-elementor/assets/css/reset.css?ver=3.4.9 HTTP/2" 200 1590 "-" "Mozilla/5.0 (Linux; Android 10; K) AppleWebKit/537.36 (KHTML, like Gecko) Chrome/148.0.0.0 Mobile Safari/537.36"
45.232.93.210 - - [17/Jun/2026:19:43:16 -0400] "GET /wp-content/themes/hello-elementor/assets/css/theme.css?ver=3.4.9 HTTP/2" 200 1126 "-" "Mozilla/5.0 (Linux; Android 10; K) AppleWebKit/537.36 (KHTML, like Gecko) Chrome/148.0.0.0 Mobile Safari/537.36"
45.232.93.210 - - [17/Jun/2026:19:43:16 -0400] "GET /wp-content/themes/hello-elementor/assets/css/header-footer.css?ver=3.4.9 HTTP/2" 200 1261 "https://transaboraico.cl/" "Mozilla/5.0 (Linux; Android 10; K) AppleWebKit/537.36 (KHTML, like Gecko) Chrome/148.0.0.0 Mobile Safari/537.36"
45.232.93.210 - - [17/Jun/2026:19:43:16 -0400] "GET /wp-content/plugins/elementor/assets/css/frontend.min.css?ver=4.1.0 HTTP/2" 200 6613 "https://transaboraico.cl/" "Mozilla/5.0 (Linux; Android 10; K) AppleWebKit/537.36 (KHTML, like Gecko) Chrome/148.0.0.0 Mobile Safari/537.36"
45.232.93.210 - - [17/Jun/2026:19:43:17 -0400] "GET /wp-content/uploads/elementor/css/post-6.css?ver=1781707607 HTTP/2" 200 457 "https://transaboraico.cl/" "Mozilla/5.0 (Linux; Android 10; K) AppleWebKit/537.36 (KHTML, like Gecko) Chrome/148.0.0.0 Mobile Safari/537.36"
45.232.93.210 - - [17/Jun/2026:19:43:17 -0400] "GET /wp-content/plugins/elementor/assets/css/widget-image.min.css?ver=4.1.0 HTTP/2" 200 96 "https://transaboraico.cl/" "Mozilla/5.0 (Linux; Android 10; K) AppleWebKit/537.36 (KHTML, like Gecko) Chrome/148.0.0.0 Mobile Safari/537.36"
45.232.93.210 - - [17/Jun/2026:19:43:17 -0400] "GET /wp-content/plugins/elementor/assets/lib/animations/styles/fadeInDown.min.css?ver=4.1.0 HTTP/2" 200 137 "https://transaboraico.cl/" "Mozilla/5.0 (Linux; Android 10; K) AppleWebKit/537.36 (KHTML, like Gecko) Chrome/148.0.0.0 Mobile Safari/537.36"
45.232.93.210 - - [17/Jun/2026:19:43:17 -0400] "GET /wp-content/plugins/elementor-pro/assets/css/widget-nav-menu.min.css?ver=4.0.2 HTTP/2" 200 3241 "https://transaboraico.cl/" "Mozilla/5.0 (Linux; Android 10; K) AppleWebKit/537.36 (KHTML, like Gecko) Chrome/148.0.0.0 Mobile Safari/537.36"
45.232.93.210 - - [17/Jun/2026:19:43:17 -0400] "GET /wp-content/plugins/elementor-pro/assets/css/modules/sticky.min.css?ver=4.0.2 HTTP/2" 200 162 "https://transaboraico.cl/" "Mozilla/5.0 (Linux; Android 10; K) AppleWebKit/537.36 (KHTML, like Gecko) Chrome/148.0.0.0 Mobile Safari/537.36"
45.232.93.210 - - [17/Jun/2026:19:43:17 -0400] "GET /wp-content/plugins/elementor/assets/css/widget-social-icons.min.css?ver=4.1.0 HTTP/2" 200 1039 "https://transaboraico.cl/" "Mozilla/5.0 (Linux; Android 10; K) AppleWebKit/537.36 (KHTML, like Gecko) Chrome/148.0.0.0 Mobile Safari/537.36"
45.232.93.210 - - [17/Jun/2026:19:43:17 -0400] "GET /wp-content/plugins/elementor/assets/css/conditionals/apple-webkit.min.css?ver=4.1.0 HTTP/2" 200 464 "https://transaboraico.cl/" "Mozilla/5.0 (Linux; Android 10; K) AppleWebKit/537.36 (KHTML, like Gecko) Chrome/148.0.0.0 Mobile Safari/537.36"
45.232.93.210 - - [17/Jun/2026:19:43:17 -0400] "GET /wp-content/plugins/elementor/assets/lib/eicons/css/elementor-icons.min.css?ver=5.49.0 HTTP/2" 200 4114 "https://transaboraico.cl/" "Mozilla/5.0 (Linux; Android 10; K) AppleWebKit/537.36 (KHTML, like Gecko) Chrome/148.0.0.0 Mobile Safari/537.36"
45.232.93.210 - - [17/Jun/2026:19:43:17 -0400] "GET /wp-content/plugins/elementor/assets/css/widget-icon-list.min.css?ver=4.1.0 HTTP/2" 200 928 "https://transaboraico.cl/" "Mozilla/5.0 (Linux; Android 10; K) AppleWebKit/537.36 (KHTML, like Gecko) Chrome/148.0.0.0 Mobile Safari/537.36"
45.232.93.210 - - [17/Jun/2026:19:43:17 -0400] "GET /wp-content/plugins/elementor/assets/css/widget-heading.min.css?ver=4.1.0 HTTP/2" 200 126 "https://transaboraico.cl/" "Mozilla/5.0 (Linux; Android 10; K) AppleWebKit/537.36 (KHTML, like Gecko) Chrome/148.0.0.0 Mobile Safari/537.36"
45.232.93.210 - - [17/Jun/2026:19:43:17 -0400] "GET /wp-content/plugins/elementor/assets/lib/animations/styles/fadeInUp.min.css?ver=4.1.0 HTTP/2" 200 130 "https://transaboraico.cl/" "Mozilla/5.0 (Linux; Android 10; K) AppleWebKit/537.36 (KHTML, like Gecko) Chrome/148.0.0.0 Mobile Safari/537.36"
