File: /home/ascacl/access-logs/transaboraico.cl.asca.cl-ssl_log
179.6.6.4 - - [23/Jun/2026:08:48:27 -0400] "GET /bathing-care/bathing/potties.html HTTP/1.1" 404 17007 "-" "Mozilla/5.0 (Macintosh; Intel Mac OS X 10_15_6) AppleWebKit/537.36 (KHTML, like Gecko) Brave Chrome/86.0.4240.183 Safari/537.36"
207.210.83.200 - - [23/Jun/2026:08:48:29 -0400] "POST /wp-cron.php?doing_wp_cron=1782218909.7938950061798095703125 HTTP/1.1" 200 0 "-" "WordPress/7.0; https://transaboraico.cl"
207.210.83.200 - - [23/Jun/2026:08:34:56 -0400] "POST /wp-cron.php?doing_wp_cron=1782218096.8578031063079833984375 HTTP/1.1" 200 0 "-" "WordPress/7.0; https://transaboraico.cl"
40.77.167.6 - - [23/Jun/2026:08:34:52 -0400] "GET /?p=4891 HTTP/2" 301 0 "-" "Mozilla/5.0 AppleWebKit/537.36 (KHTML, like Gecko; compatible; bingbot/2.0; +http://www.bing.com/bingbot.htm) Chrome/116.0.1938.76 Safari/537.36"
162.120.186.173 - - [23/Jun/2026:08:59:00 -0400] "GET / HTTP/2" 200 26034 "https://www.google.com/" "Mozilla/5.0 (Windows NT 10.0; Win64; x64) AppleWebKit/537.36 (KHTML, like Gecko) Chrome/149.0.0.0 Safari/537.36"
173.252.87.28 - - [23/Jun/2026:08:59:35 -0400] "GET /robots.txt HTTP/2" 206 422 "-" "facebookexternalhit/1.1 (+http://www.facebook.com/externalhit_uatext.php)"
207.210.83.200 - - [23/Jun/2026:08:59:01 -0400] "POST /wp-cron.php?doing_wp_cron=1782219541.3549330234527587890625 HTTP/1.1" 200 0 "-" "WordPress/7.0; https://transaboraico.cl"
66.249.88.196 - - [23/Jun/2026:08:58:59 -0400] "GET /.well-known/traffic-advice HTTP/1.1" 404 17011 "-" "Chrome Privacy Preserving Prefetch Proxy"
186.40.236.103 - - [23/Jun/2026:08:59:01 -0400] "GET / HTTP/3" 304 0 "https://www.google.com/" "Mozilla/5.0 (Windows NT 10.0; Win64; x64) AppleWebKit/537.36 (KHTML, like Gecko) Chrome/149.0.0.0 Safari/537.36"
186.40.236.103 - - [23/Jun/2026:08:59:02 -0400] "GET /wp-content/uploads/burst/js/burst.min.js?ver=1781643379 HTTP/3" 304 0 "https://transaboraico.cl/" "Mozilla/5.0 (Windows NT 10.0; Win64; x64) AppleWebKit/537.36 (KHTML, like Gecko) Chrome/149.0.0.0 Safari/537.36"
186.40.236.103 - - [23/Jun/2026:08:59:03 -0400] "POST /wp-content/plugins/burst-statistics/endpoint.php HTTP/3" 200 0 "https://transaboraico.cl/" "Mozilla/5.0 (Windows NT 10.0; Win64; x64) AppleWebKit/537.36 (KHTML, like Gecko) Chrome/149.0.0.0 Safari/537.36"
186.40.236.103 - - [23/Jun/2026:08:59:08 -0400] "POST /wp-content/plugins/burst-statistics/endpoint.php HTTP/3" 200 0 "https://transaboraico.cl/" "Mozilla/5.0 (Windows NT 10.0; Win64; x64) AppleWebKit/537.36 (KHTML, like Gecko) Chrome/149.0.0.0 Safari/537.36"
186.40.236.103 - - [23/Jun/2026:09:12:44 -0400] "POST /wp-content/plugins/burst-statistics/endpoint.php HTTP/3" 200 0 "https://transaboraico.cl/" "Mozilla/5.0 (Windows NT 10.0; Win64; x64) AppleWebKit/537.36 (KHTML, like Gecko) Chrome/149.0.0.0 Safari/537.36"
179.56.50.99 - - [23/Jun/2026:09:30:49 -0400] "GET /retiros/ HTTP/2" 200 19332 "-" "Mozilla/5.0 (Windows NT 10.0; Win64; x64) AppleWebKit/537.36 (KHTML, like Gecko) Chrome/149.0.0.0 Safari/537.36"
179.56.50.99 - - [23/Jun/2026:09:30:49 -0400] "GET /wp-content/themes/hello-elementor/assets/css/reset.css?ver=3.4.9 HTTP/2" 200 1590 "https://transaboraico.cl/retiros/" "Mozilla/5.0 (Windows NT 10.0; Win64; x64) AppleWebKit/537.36 (KHTML, like Gecko) Chrome/149.0.0.0 Safari/537.36"
179.56.50.99 - - [23/Jun/2026:09:30:49 -0400] "GET /wp-content/plugins/complianz-gdpr/assets/css/cookieblocker.min.css?ver=1779237595 HTTP/2" 200 615 "https://transaboraico.cl/retiros/" "Mozilla/5.0 (Windows NT 10.0; Win64; x64) AppleWebKit/537.36 (KHTML, like Gecko) Chrome/149.0.0.0 Safari/537.36"
179.56.50.99 - - [23/Jun/2026:09:30:49 -0400] "GET /wp-content/themes/hello-elementor/assets/css/header-footer.css?ver=3.4.9 HTTP/2" 200 1261 "https://transaboraico.cl/retiros/" "Mozilla/5.0 (Windows NT 10.0; Win64; x64) AppleWebKit/537.36 (KHTML, like Gecko) Chrome/149.0.0.0 Safari/537.36"
179.56.50.99 - - [23/Jun/2026:09:30:49 -0400] "GET /wp-content/themes/hello-elementor/assets/css/theme.css?ver=3.4.9 HTTP/2" 200 1126 "https://transaboraico.cl/retiros/" "Mozilla/5.0 (Windows NT 10.0; Win64; x64) AppleWebKit/537.36 (KHTML, like Gecko) Chrome/149.0.0.0 Safari/537.36"
179.56.50.99 - - [23/Jun/2026:09:30:49 -0400] "GET /wp-content/plugins/elementor/assets/css/frontend.min.css?ver=4.1.0 HTTP/2" 200 6613 "https://transaboraico.cl/retiros/" "Mozilla/5.0 (Windows NT 10.0; Win64; x64) AppleWebKit/537.36 (KHTML, like Gecko) Chrome/149.0.0.0 Safari/537.36"
179.56.50.99 - - [23/Jun/2026:09:30:49 -0400] "GET /wp-content/plugins/elementor/assets/css/widget-image.min.css?ver=4.1.0 HTTP/2" 200 96 "https://transaboraico.cl/retiros/" "Mozilla/5.0 (Windows NT 10.0; Win64; x64) AppleWebKit/537.36 (KHTML, like Gecko) Chrome/149.0.0.0 Safari/537.36"
179.56.50.99 - - [23/Jun/2026:09:30:49 -0400] "GET /wp-content/uploads/elementor/css/post-6.css?ver=1781707607 HTTP/2" 200 457 "https://transaboraico.cl/retiros/" "Mozilla/5.0 (Windows NT 10.0; Win64; x64) AppleWebKit/537.36 (KHTML, like Gecko) Chrome/149.0.0.0 Safari/537.36"
179.56.50.99 - - [23/Jun/2026:09:30:49 -0400] "GET /wp-content/plugins/elementor/assets/lib/animations/styles/fadeInDown.min.css?ver=4.1.0 HTTP/2" 200 137 "https://transaboraico.cl/retiros/" "Mozilla/5.0 (Windows NT 10.0; Win64; x64) AppleWebKit/537.36 (KHTML, like Gecko) Chrome/149.0.0.0 Safari/537.36"
179.56.50.99 - - [23/Jun/2026:09:30:49 -0400] "GET /wp-content/plugins/elementor-pro/assets/css/widget-nav-menu.min.css?ver=4.0.2 HTTP/2" 200 3241 "https://transaboraico.cl/retiros/" "Mozilla/5.0 (Windows NT 10.0; Win64; x64) AppleWebKit/537.36 (KHTML, like Gecko) Chrome/149.0.0.0 Safari/537.36"
179.56.50.99 - - [23/Jun/2026:09:30:49 -0400] "GET /wp-content/plugins/elementor/assets/css/widget-heading.min.css?ver=4.1.0 HTTP/2" 200 126 "https://transaboraico.cl/retiros/" "Mozilla/5.0 (Windows NT 10.0; Win64; x64) AppleWebKit/537.36 (KHTML, like Gecko) Chrome/149.0.0.0 Safari/537.36"
179.56.50.99 - - [23/Jun/2026:09:30:49 -0400] "GET /wp-content/plugins/elementor-pro/assets/css/modules/sticky.min.css?ver=4.0.2 HTTP/2" 200 162 "https://transaboraico.cl/retiros/" "Mozilla/5.0 (Windows NT 10.0; Win64; x64) AppleWebKit/537.36 (KHTML, like Gecko) Chrome/149.0.0.0 Safari/537.36"
179.56.50.99 - - [23/Jun/2026:09:30:49 -0400] "GET /wp-content/plugins/elementor/assets/css/widget-social-icons.min.css?ver=4.1.0 HTTP/2" 200 1039 "https://transaboraico.cl/retiros/" "Mozilla/5.0 (Windows NT 10.0; Win64; x64) AppleWebKit/537.36 (KHTML, like Gecko) Chrome/149.0.0.0 Safari/537.36"
179.56.50.99 - - [23/Jun/2026:09:30:49 -0400] "GET /wp-content/plugins/elementor/assets/css/widget-icon-list.min.css?ver=4.1.0 HTTP/2" 200 928 "https://transaboraico.cl/retiros/" "Mozilla/5.0 (Windows NT 10.0; Win64; x64) AppleWebKit/537.36 (KHTML, like Gecko) Chrome/149.0.0.0 Safari/537.36"
179.56.50.99 - - [23/Jun/2026:09:30:49 -0400] "GET /wp-content/plugins/elementor-pro/assets/css/conditionals/popup.min.css?ver=4.0.2 HTTP/2" 200 328 "https://transaboraico.cl/retiros/" "Mozilla/5.0 (Windows NT 10.0; Win64; x64) AppleWebKit/537.36 (KHTML, like Gecko) Chrome/149.0.0.0 Safari/537.36"
179.56.50.99 - - [23/Jun/2026:09:30:49 -0400] "GET /wp-content/plugins/elementor/assets/css/conditionals/apple-webkit.min.css?ver=4.1.0 HTTP/2" 200 464 "https://transaboraico.cl/retiros/" "Mozilla/5.0 (Windows NT 10.0; Win64; x64) AppleWebKit/537.36 (KHTML, like Gecko) Chrome/149.0.0.0 Safari/537.36"
179.56.50.99 - - [23/Jun/2026:09:30:49 -0400] "GET /wp-content/plugins/elementor/assets/lib/animations/styles/fadeInUp.min.css?ver=4.1.0 HTTP/2" 200 130 "https://transaboraico.cl/retiros/" "Mozilla/5.0 (Windows NT 10.0; Win64; x64) AppleWebKit/537.36 (KHTML, like Gecko) Chrome/149.0.0.0 Safari/537.36"
179.56.50.99 - - [23/Jun/2026:09:30:49 -0400] "GET /wp-content/plugins/creame-whatsapp-me/public/css/joinchat.min.css?ver=6.2.3 HTTP/2" 200 5187 "https://transaboraico.cl/retiros/" "Mozilla/5.0 (Windows NT 10.0; Win64; x64) AppleWebKit/537.36 (KHTML, like Gecko) Chrome/149.0.0.0 Safari/537.36"
179.56.50.99 - - [23/Jun/2026:09:30:49 -0400] "GET /wp-content/plugins/elementor/assets/lib/eicons/css/elementor-icons.min.css?ver=5.49.0 HTTP/2" 200 4114 "https://transaboraico.cl/retiros/" "Mozilla/5.0 (Windows NT 10.0; Win64; x64) AppleWebKit/537.36 (KHTML, like Gecko) Chrome/149.0.0.0 Safari/537.36"
179.56.50.99 - - [23/Jun/2026:09:30:49 -0400] "GET /wp-content/uploads/elementor/css/post-699.css?ver=1781713233 HTTP/2" 200 358 "https://transaboraico.cl/retiros/" "Mozilla/5.0 (Windows NT 10.0; Win64; x64) AppleWebKit/537.36 (KHTML, like Gecko) Chrome/149.0.0.0 Safari/537.36"
179.56.50.99 - - [23/Jun/2026:09:30:49 -0400] "GET /wp-content/uploads/elementor/css/post-592.css?ver=1781713233 HTTP/2" 200 1524 "https://transaboraico.cl/retiros/" "Mozilla/5.0 (Windows NT 10.0; Win64; x64) AppleWebKit/537.36 (KHTML, like Gecko) Chrome/149.0.0.0 Safari/537.36"
179.56.50.99 - - [23/Jun/2026:09:30:49 -0400] "GET /wp-content/plugins/elementor/assets/lib/font-awesome/css/brands.min.css?ver=5.15.3 HTTP/2" 200 284 "https://transaboraico.cl/retiros/" "Mozilla/5.0 (Windows NT 10.0; Win64; x64) AppleWebKit/537.36 (KHTML, like Gecko) Chrome/149.0.0.0 Safari/537.36"
179.56.50.99 - - [23/Jun/2026:09:30:49 -0400] "GET /wp-content/plugins/elementor/assets/lib/font-awesome/css/solid.min.css?ver=5.15.3 HTTP/2" 200 286 "https://transaboraico.cl/retiros/" "Mozilla/5.0 (Windows NT 10.0; Win64; x64) AppleWebKit/537.36 (KHTML, like Gecko) Chrome/149.0.0.0 Safari/537.36"
179.56.50.99 - - [23/Jun/2026:09:30:49 -0400] "GET /wp-content/uploads/elementor/css/post-36.css?ver=1781707607 HTTP/2" 200 1267 "https://transaboraico.cl/retiros/" "Mozilla/5.0 (Windows NT 10.0; Win64; x64) AppleWebKit/537.36 (KHTML, like Gecko) Chrome/149.0.0.0 Safari/537.36"
179.56.50.99 - - [23/Jun/2026:09:30:49 -0400] "GET /wp-content/uploads/elementor/css/post-25.css?ver=1781707607 HTTP/2" 200 955 "https://transaboraico.cl/retiros/" "Mozilla/5.0 (Windows NT 10.0; Win64; x64) AppleWebKit/537.36 (KHTML, like Gecko) Chrome/149.0.0.0 Safari/537.36"
179.56.50.99 - - [23/Jun/2026:09:30:49 -0400] "GET /wp-content/uploads/2022/06/LOGOaboraico.png HTTP/2" 200 9717 "https://transaboraico.cl/retiros/" "Mozilla/5.0 (Windows NT 10.0; Win64; x64) AppleWebKit/537.36 (KHTML, like Gecko) Chrome/149.0.0.0 Safari/537.36"
179.56.50.99 - - [23/Jun/2026:09:30:49 -0400] "GET /wp-content/plugins/elementor-pro/assets/css/widget-form.min.css?ver=4.0.2 HTTP/2" 200 1405 "https://transaboraico.cl/retiros/" "Mozilla/5.0 (Windows NT 10.0; Win64; x64) AppleWebKit/537.36 (KHTML, like Gecko) Chrome/149.0.0.0 Safari/537.36"
179.56.50.99 - - [23/Jun/2026:09:30:49 -0400] "GET /wp-content/plugins/elementor/assets/js/webpack.runtime.min.js?ver=4.1.0 HTTP/3" 200 2338 "https://transaboraico.cl/retiros/" "Mozilla/5.0 (Windows NT 10.0; Win64; x64) AppleWebKit/537.36 (KHTML, like Gecko) Chrome/149.0.0.0 Safari/537.36"
179.56.50.99 - - [23/Jun/2026:09:30:49 -0400] "GET /wp-content/plugins/elementor/assets/js/frontend-modules.min.js?ver=4.1.0 HTTP/3" 200 15445 "https://transaboraico.cl/retiros/" "Mozilla/5.0 (Windows NT 10.0; Win64; x64) AppleWebKit/537.36 (KHTML, like Gecko) Chrome/149.0.0.0 Safari/537.36"
179.56.50.99 - - [23/Jun/2026:09:30:49 -0400] "GET /wp-content/plugins/elementor/assets/js/frontend.min.js?ver=4.1.0 HTTP/3" 200 10124 "https://transaboraico.cl/retiros/" "Mozilla/5.0 (Windows NT 10.0; Win64; x64) AppleWebKit/537.36 (KHTML, like Gecko) Chrome/149.0.0.0 Safari/537.36"
179.56.50.99 - - [23/Jun/2026:09:30:49 -0400] "GET /wp-includes/js/jquery/ui/core.min.js?ver=1.13.3 HTTP/3" 200 6812 "https://transaboraico.cl/retiros/" "Mozilla/5.0 (Windows NT 10.0; Win64; x64) AppleWebKit/537.36 (KHTML, like Gecko) Chrome/149.0.0.0 Safari/537.36"
179.56.50.99 - - [23/Jun/2026:09:30:49 -0400] "GET /wp-content/plugins/elementor-pro/assets/lib/smartmenus/jquery.smartmenus.min.js?ver=1.2.1 HTTP/3" 200 6867 "https://transaboraico.cl/retiros/" "Mozilla/5.0 (Windows NT 10.0; Win64; x64) AppleWebKit/537.36 (KHTML, like Gecko) Chrome/149.0.0.0 Safari/537.36"
179.56.50.99 - - [23/Jun/2026:09:30:49 -0400] "GET /wp-content/plugins/creame-whatsapp-me/public/js/joinchat.min.js?ver=6.2.3 HTTP/3" 200 3630 "https://transaboraico.cl/retiros/" "Mozilla/5.0 (Windows NT 10.0; Win64; x64) AppleWebKit/537.36 (KHTML, like Gecko) Chrome/149.0.0.0 Safari/537.36"
179.56.50.99 - - [23/Jun/2026:09:30:49 -0400] "GET /wp-content/uploads/burst/js/burst.min.js?ver=1781643379 HTTP/3" 200 3147 "https://transaboraico.cl/retiros/" "Mozilla/5.0 (Windows NT 10.0; Win64; x64) AppleWebKit/537.36 (KHTML, like Gecko) Chrome/149.0.0.0 Safari/537.36"
179.56.50.99 - - [23/Jun/2026:09:30:49 -0400] "GET /wp-includes/js/dist/i18n.min.js?ver=781d11515ad3d91786ec HTTP/3" 200 2330 "https://transaboraico.cl/retiros/" "Mozilla/5.0 (Windows NT 10.0; Win64; x64) AppleWebKit/537.36 (KHTML, like Gecko) Chrome/149.0.0.0 Safari/537.36"
179.56.50.99 - - [23/Jun/2026:09:30:49 -0400] "GET /wp-includes/js/dist/hooks.min.js?ver=7496969728ca0f95732d HTTP/3" 200 1712 "https://transaboraico.cl/retiros/" "Mozilla/5.0 (Windows NT 10.0; Win64; x64) AppleWebKit/537.36 (KHTML, like Gecko) Chrome/149.0.0.0 Safari/537.36"
179.56.50.99 - - [23/Jun/2026:09:30:49 -0400] "GET /wp-content/plugins/elementor-pro/assets/js/webpack-pro.runtime.min.js?ver=4.0.2 HTTP/3" 200 2611 "https://transaboraico.cl/retiros/" "Mozilla/5.0 (Windows NT 10.0; Win64; x64) AppleWebKit/537.36 (KHTML, like Gecko) Chrome/149.0.0.0 Safari/537.36"
179.56.50.99 - - [23/Jun/2026:09:30:49 -0400] "GET /wp-content/plugins/burst-statistics/assets/js/timeme/timeme.min.js?ver=1779852933 HTTP/3" 200 1831 "https://transaboraico.cl/retiros/" "Mozilla/5.0 (Windows NT 10.0; Win64; x64) AppleWebKit/537.36 (KHTML, like Gecko) Chrome/149.0.0.0 Safari/537.36"
179.56.50.99 - - [23/Jun/2026:09:30:49 -0400] "GET /wp-content/plugins/elementor-pro/assets/lib/sticky/jquery.sticky.min.js?ver=4.0.2 HTTP/3" 200 1442 "https://transaboraico.cl/retiros/" "Mozilla/5.0 (Windows NT 10.0; Win64; x64) AppleWebKit/537.36 (KHTML, like Gecko) Chrome/149.0.0.0 Safari/537.36"
179.56.50.99 - - [23/Jun/2026:09:30:49 -0400] "GET /wp-content/plugins/wp-smushit/app/assets/js/smush-lazy-load.min.js?ver=4.0.3 HTTP/3" 200 7822 "https://transaboraico.cl/retiros/" "Mozilla/5.0 (Windows NT 10.0; Win64; x64) AppleWebKit/537.36 (KHTML, like Gecko) Chrome/149.0.0.0 Safari/537.36"
179.56.50.99 - - [23/Jun/2026:09:30:49 -0400] "GET /wp-content/plugins/elementor-pro/assets/js/frontend.min.js?ver=4.0.2 HTTP/3" 200 6191 "https://transaboraico.cl/retiros/" "Mozilla/5.0 (Windows NT 10.0; Win64; x64) AppleWebKit/537.36 (KHTML, like Gecko) Chrome/149.0.0.0 Safari/537.36"
179.56.50.99 - - [23/Jun/2026:09:30:49 -0400] "GET /wp-content/plugins/elementor-pro/assets/js/elements-handlers.min.js?ver=4.0.2 HTTP/3" 200 10079 "https://transaboraico.cl/retiros/" "Mozilla/5.0 (Windows NT 10.0; Win64; x64) AppleWebKit/537.36 (KHTML, like Gecko) Chrome/149.0.0.0 Safari/537.36"
179.56.50.99 - - [23/Jun/2026:09:30:49 -0400] "GET /wp-content/plugins/elementor/assets/lib/flatpickr/flatpickr.min.js?ver=4.6.13 HTTP/3" 200 14078 "https://transaboraico.cl/retiros/" "Mozilla/5.0 (Windows NT 10.0; Win64; x64) AppleWebKit/537.36 (KHTML, like Gecko) Chrome/149.0.0.0 Safari/537.36"
179.56.50.99 - - [23/Jun/2026:09:30:49 -0400] "GET /wp-content/plugins/complianz-gdpr/cookiebanner/js/complianz.min.js?ver=1779237596 HTTP/3" 200 10477 "https://transaboraico.cl/retiros/" "Mozilla/5.0 (Windows NT 10.0; Win64; x64) AppleWebKit/537.36 (KHTML, like Gecko) Chrome/149.0.0.0 Safari/537.36"
179.56.50.99 - - [23/Jun/2026:09:30:49 -0400] "GET /wp-content/uploads/2022/06/Hero4s2-e1655149132915.jpeg HTTP/3" 200 143619 "https://transaboraico.cl/wp-content/uploads/elementor/css/post-592.css?ver=1781713233" "Mozilla/5.0 (Windows NT 10.0; Win64; x64) AppleWebKit/537.36 (KHTML, like Gecko) Chrome/149.0.0.0 Safari/537.36"
179.56.50.99 - - [23/Jun/2026:09:30:49 -0400] "GET /wp-content/uploads/2022/06/Triangle-Vector-PNG-Clipart.png HTTP/3" 200 205288 "https://transaboraico.cl/wp-content/uploads/elementor/css/post-592.css?ver=1781713233" "Mozilla/5.0 (Windows NT 10.0; Win64; x64) AppleWebKit/537.36 (KHTML, like Gecko) Chrome/149.0.0.0 Safari/537.36"
179.56.50.99 - - [23/Jun/2026:09:30:49 -0400] "GET /wp-content/plugins/elementor/assets/lib/font-awesome/webfonts/fa-brands-400.woff2 HTTP/3" 200 81612 "https://transaboraico.cl/wp-content/plugins/elementor/assets/lib/font-awesome/css/brands.min.css?ver=5.15.3" "Mozilla/5.0 (Windows NT 10.0; Win64; x64) AppleWebKit/537.36 (KHTML, like Gecko) Chrome/149.0.0.0 Safari/537.36"
179.56.50.99 - - [23/Jun/2026:09:30:49 -0400] "GET /wp-content/plugins/elementor/assets/lib/eicons/fonts/eicons.woff2?5.49.0 HTTP/3" 200 106044 "https://transaboraico.cl/wp-content/plugins/elementor/assets/lib/eicons/css/elementor-icons.min.css?ver=5.49.0" "Mozilla/5.0 (Windows NT 10.0; Win64; x64) AppleWebKit/537.36 (KHTML, like Gecko) Chrome/149.0.0.0 Safari/537.36"
179.56.50.99 - - [23/Jun/2026:09:30:49 -0400] "GET /wp-content/plugins/elementor/assets/lib/dialog/dialog.min.js?ver=4.9.3 HTTP/3" 200 3593 "https://transaboraico.cl/retiros/" "Mozilla/5.0 (Windows NT 10.0; Win64; x64) AppleWebKit/537.36 (KHTML, like Gecko) Chrome/149.0.0.0 Safari/537.36"
179.56.50.99 - - [23/Jun/2026:09:30:49 -0400] "GET /wp-content/uploads/complianz/css/banner-2-optout.css?v=5 HTTP/3" 200 2828 "https://transaboraico.cl/retiros/" "Mozilla/5.0 (Windows NT 10.0; Win64; x64) AppleWebKit/537.36 (KHTML, like Gecko) Chrome/149.0.0.0 Safari/537.36"
179.56.50.99 - - [23/Jun/2026:09:30:49 -0400] "GET /wp-content/plugins/elementor/assets/js/shared-frontend-handlers.03caa53373b56d3bab67.bundle.min.js HTTP/3" 200 2511 "https://transaboraico.cl/retiros/" "Mozilla/5.0 (Windows NT 10.0; Win64; x64) AppleWebKit/537.36 (KHTML, like Gecko) Chrome/149.0.0.0 Safari/537.36"
179.56.50.99 - - [23/Jun/2026:09:30:49 -0400] "GET /wp-content/plugins/elementor/assets/js/section-frontend-handlers.d85ab872da118940910d.bundle.min.js HTTP/3" 200 229 "https://transaboraico.cl/retiros/" "Mozilla/5.0 (Windows NT 10.0; Win64; x64) AppleWebKit/537.36 (KHTML, like Gecko) Chrome/149.0.0.0 Safari/537.36"
179.56.50.99 - - [23/Jun/2026:09:30:49 -0400] "GET /wp-content/plugins/elementor-pro/assets/js/nav-menu.3afa8f5eb1fef7c22561.bundle.min.js HTTP/3" 200 1720 "https://transaboraico.cl/retiros/" "Mozilla/5.0 (Windows NT 10.0; Win64; x64) AppleWebKit/537.36 (KHTML, like Gecko) Chrome/149.0.0.0 Safari/537.36"
179.56.50.99 - - [23/Jun/2026:09:30:49 -0400] "GET /wp-content/plugins/elementor/assets/js/text-editor.45609661e409413f1cef.bundle.min.js HTTP/3" 200 592 "https://transaboraico.cl/retiros/" "Mozilla/5.0 (Windows NT 10.0; Win64; x64) AppleWebKit/537.36 (KHTML, like Gecko) Chrome/149.0.0.0 Safari/537.36"
179.56.50.99 - - [23/Jun/2026:09:30:49 -0400] "GET /wp-content/plugins/elementor-pro/assets/js/form.cfd61a9174be80f835c6.bundle.min.js HTTP/3" 200 4943 "https://transaboraico.cl/retiros/" "Mozilla/5.0 (Windows NT 10.0; Win64; x64) AppleWebKit/537.36 (KHTML, like Gecko) Chrome/149.0.0.0 Safari/537.36"
179.56.50.99 - - [23/Jun/2026:09:30:49 -0400] "GET /wp-content/plugins/elementor-pro/assets/js/popup.61d4fcab8891b2e07802.bundle.min.js HTTP/3" 200 390 "https://transaboraico.cl/retiros/" "Mozilla/5.0 (Windows NT 10.0; Win64; x64) AppleWebKit/537.36 (KHTML, like Gecko) Chrome/149.0.0.0 Safari/537.36"
179.56.50.99 - - [23/Jun/2026:09:30:49 -0400] "POST /wp-content/plugins/burst-statistics/endpoint.php HTTP/3" 200 0 "https://transaboraico.cl/retiros/" "Mozilla/5.0 (Windows NT 10.0; Win64; x64) AppleWebKit/537.36 (KHTML, like Gecko) Chrome/149.0.0.0 Safari/537.36"
179.56.50.99 - - [23/Jun/2026:09:30:49 -0400] "GET /wp-content/plugins/elementor/assets/lib/font-awesome/webfonts/fa-solid-900.woff2 HTTP/3" 200 78196 "https://transaboraico.cl/wp-content/plugins/elementor/assets/lib/font-awesome/css/solid.min.css?ver=5.15.3" "Mozilla/5.0 (Windows NT 10.0; Win64; x64) AppleWebKit/537.36 (KHTML, like Gecko) Chrome/149.0.0.0 Safari/537.36"
179.56.50.99 - - [23/Jun/2026:09:30:49 -0400] "GET /wp-includes/js/wp-emoji-release.min.js?ver=7.0 HTTP/3" 200 4949 "https://transaboraico.cl/retiros/" "Mozilla/5.0 (Windows NT 10.0; Win64; x64) AppleWebKit/537.36 (KHTML, like Gecko) Chrome/149.0.0.0 Safari/537.36"
179.56.50.99 - - [23/Jun/2026:09:30:49 -0400] "GET /wp-content/uploads/2022/06/cropped-LOGOaboraico-32x32.png HTTP/3" 200 620 "https://transaboraico.cl/retiros/" "Mozilla/5.0 (Windows NT 10.0; Win64; x64) AppleWebKit/537.36 (KHTML, like Gecko) Chrome/149.0.0.0 Safari/537.36"
179.56.50.99 - - [23/Jun/2026:09:30:50 -0400] "GET /wp-content/plugins/elementor/assets/css/conditionals/dialog.min.css?ver=4.1.0 HTTP/3" 200 1428 "https://transaboraico.cl/retiros/" "Mozilla/5.0 (Windows NT 10.0; Win64; x64) AppleWebKit/537.36 (KHTML, like Gecko) Chrome/149.0.0.0 Safari/537.36"
179.56.50.99 - - [23/Jun/2026:09:30:50 -0400] "GET /wp-content/uploads/2024/03/requisitos-de-embalaje-1-250x250-1.jpg HTTP/3" 200 16603 "https://transaboraico.cl/retiros/" "Mozilla/5.0 (Windows NT 10.0; Win64; x64) AppleWebKit/537.36 (KHTML, like Gecko) Chrome/149.0.0.0 Safari/537.36"
179.56.50.99 - - [23/Jun/2026:09:30:53 -0400] "POST /wp-content/plugins/burst-statistics/endpoint.php HTTP/3" 200 0 "https://transaboraico.cl/retiros/" "Mozilla/5.0 (Windows NT 10.0; Win64; x64) AppleWebKit/537.36 (KHTML, like Gecko) Chrome/149.0.0.0 Safari/537.36"
179.56.50.99 - - [23/Jun/2026:09:30:53 -0400] "GET /retiros/ HTTP/3" 304 0 "https://transaboraico.cl/retiros/" "Mozilla/5.0 (Windows NT 10.0; Win64; x64) AppleWebKit/537.36 (KHTML, like Gecko) Chrome/149.0.0.0 Safari/537.36"
179.56.50.99 - - [23/Jun/2026:09:30:53 -0400] "POST /wp-content/plugins/burst-statistics/endpoint.php HTTP/3" 200 0 "https://transaboraico.cl/retiros/" "Mozilla/5.0 (Windows NT 10.0; Win64; x64) AppleWebKit/537.36 (KHTML, like Gecko) Chrome/149.0.0.0 Safari/537.36"
179.56.50.99 - - [23/Jun/2026:09:30:53 -0400] "POST /wp-content/plugins/burst-statistics/endpoint.php HTTP/3" 200 0 "https://transaboraico.cl/retiros/" "Mozilla/5.0 (Windows NT 10.0; Win64; x64) AppleWebKit/537.36 (KHTML, like Gecko) Chrome/149.0.0.0 Safari/537.36"
179.56.50.99 - - [23/Jun/2026:09:30:54 -0400] "POST /wp-content/plugins/burst-statistics/endpoint.php HTTP/3" 200 0 "https://transaboraico.cl/retiros/" "Mozilla/5.0 (Windows NT 10.0; Win64; x64) AppleWebKit/537.36 (KHTML, like Gecko) Chrome/149.0.0.0 Safari/537.36"
5.133.192.128 - - [23/Jun/2026:09:39:17 -0400] "GET / HTTP/1.1" 200 29645 "-" "Mozilla/5.0 (Windows NT 10.0; Win64; x64) AppleWebKit/537.36 (KHTML, like Gecko) Chrome/105.0.0.0 Safari/537.36"
216.73.216.46 - - [23/Jun/2026:09:57:04 -0400] "GET /robots.txt HTTP/2" 200 173 "-" "Mozilla/5.0 AppleWebKit/537.36 (KHTML, like Gecko; compatible; ClaudeBot/1.0; +claudebot@anthropic.com)"
207.210.83.200 - - [23/Jun/2026:09:57:08 -0400] "POST /wp-cron.php?doing_wp_cron=1782223028.0273010730743408203125 HTTP/1.1" 200 0 "-" "WordPress/7.0; https://transaboraico.cl"
216.73.216.46 - - [23/Jun/2026:09:57:05 -0400] "GET /?feed=xmlsitemap1711 HTTP/2" 404 178 "-" "Mozilla/5.0 AppleWebKit/537.36 (KHTML, like Gecko; compatible; ClaudeBot/1.0; +claudebot@anthropic.com)"
179.56.50.99 - - [23/Jun/2026:09:30:49 -0400] "GET /wp-includes/js/jquery/jquery-migrate.min.js?ver=3.4.1 HTTP/2" 200 4678 "https://transaboraico.cl/retiros/" "Mozilla/5.0 (Windows NT 10.0; Win64; x64) AppleWebKit/537.36 (KHTML, like Gecko) Chrome/149.0.0.0 Safari/537.36"
179.56.50.99 - - [23/Jun/2026:09:30:49 -0400] "GET /wp-content/plugins/elementor/assets/lib/flatpickr/flatpickr.min.css?ver=4.6.13 HTTP/2" 200 2797 "https://transaboraico.cl/retiros/" "Mozilla/5.0 (Windows NT 10.0; Win64; x64) AppleWebKit/537.36 (KHTML, like Gecko) Chrome/149.0.0.0 Safari/537.36"
179.56.50.99 - - [23/Jun/2026:09:30:49 -0400] "GET /wp-content/themes/hello-elementor/assets/js/hello-frontend.js?ver=3.4.9 HTTP/2" 200 493 "https://transaboraico.cl/retiros/" "Mozilla/5.0 (Windows NT 10.0; Win64; x64) AppleWebKit/537.36 (KHTML, like Gecko) Chrome/149.0.0.0 Safari/537.36"
179.56.50.99 - - [23/Jun/2026:09:30:49 -0400] "GET /wp-content/plugins/elementor/assets/lib/font-awesome/css/fontawesome.min.css?ver=5.15.3 HTTP/2" 200 12164 "https://transaboraico.cl/retiros/" "Mozilla/5.0 (Windows NT 10.0; Win64; x64) AppleWebKit/537.36 (KHTML, like Gecko) Chrome/149.0.0.0 Safari/537.36"
179.56.50.99 - - [23/Jun/2026:09:30:49 -0400] "GET /wp-includes/js/jquery/jquery.min.js?ver=3.7.1 HTTP/2" 200 29744 "https://transaboraico.cl/retiros/" "Mozilla/5.0 (Windows NT 10.0; Win64; x64) AppleWebKit/537.36 (KHTML, like Gecko) Chrome/149.0.0.0 Safari/537.36"
179.56.50.99 - - [23/Jun/2026:09:34:44 -0400] "POST /wp-content/plugins/burst-statistics/endpoint.php HTTP/2" 200 0 "https://transaboraico.cl/retiros/" "Mozilla/5.0 (Windows NT 10.0; Win64; x64) AppleWebKit/537.36 (KHTML, like Gecko) Chrome/149.0.0.0 Safari/537.36"
5.133.192.128 - - [23/Jun/2026:09:39:19 -0400] "GET /wp-content/uploads/2022/06/cropped-LOGOaboraico-32x32.png HTTP/1.1" 200 620 "-" "Mozilla/5.0 (Windows NT 10.0; Win64; x64) AppleWebKit/537.36 (KHTML, like Gecko) Chrome/105.0.0.0 Safari/537.36"
207.210.83.200 - - [23/Jun/2026:09:59:03 -0400] "POST /wp-cron.php?doing_wp_cron=1782223143.3653059005737304687500 HTTP/1.1" 200 0 "-" "WordPress/7.0; https://transaboraico.cl"
216.73.216.46 - - [23/Jun/2026:09:59:01 -0400] "GET /Casino-online/sitemap.xml%20http://transaboraico.cl/w8.php?m=4&t=1 HTTP/2" 301 0 "-" "Mozilla/5.0 AppleWebKit/537.36 (KHTML, like Gecko; compatible; ClaudeBot/1.0; +claudebot@anthropic.com)"
216.73.216.46 - - [23/Jun/2026:09:59:03 -0400] "GET /Casino-online/sitemap.xml%20http:/transaboraico.cl/w8.php?m=4&t=1 HTTP/2" 404 15399 "https://transaboraico.cl/Casino-online/sitemap.xml%20http://transaboraico.cl/w8.php?m=4&t=1" "Mozilla/5.0 AppleWebKit/537.36 (KHTML, like Gecko; compatible; ClaudeBot/1.0; +claudebot@anthropic.com)"
217.20.217.179 - - [23/Jun/2026:10:00:53 -0400] "GET /travel-essentials/strollers/from-birth.html HTTP/1.1" 404 17020 "-" "Mozilla/5.0 (Macintosh; Intel Mac OS X 10_13_6) AppleWebKit/537.36 (KHTML, like Gecko) Brave Chrome/87.0.4280.141 Safari/537.36"
179.56.50.99 - - [23/Jun/2026:10:07:46 -0400] "POST /wp-content/plugins/burst-statistics/endpoint.php HTTP/2" 200 0 "https://transaboraico.cl/retiros/" "Mozilla/5.0 (Windows NT 10.0; Win64; x64) AppleWebKit/537.36 (KHTML, like Gecko) Chrome/149.0.0.0 Safari/537.36"
179.56.50.99 - - [23/Jun/2026:10:07:49 -0400] "GET /retiros/ HTTP/2" 304 0 "https://transaboraico.cl/retiros/" "Mozilla/5.0 (Windows NT 10.0; Win64; x64) AppleWebKit/537.36 (KHTML, like Gecko) Chrome/149.0.0.0 Safari/537.36"
179.56.50.99 - - [23/Jun/2026:10:07:49 -0400] "POST /wp-content/plugins/burst-statistics/endpoint.php HTTP/3" 200 0 "https://transaboraico.cl/retiros/" "Mozilla/5.0 (Windows NT 10.0; Win64; x64) AppleWebKit/537.36 (KHTML, like Gecko) Chrome/149.0.0.0 Safari/537.36"
179.56.50.99 - - [23/Jun/2026:10:07:49 -0400] "POST /wp-content/plugins/burst-statistics/endpoint.php HTTP/3" 200 0 "https://transaboraico.cl/retiros/" "Mozilla/5.0 (Windows NT 10.0; Win64; x64) AppleWebKit/537.36 (KHTML, like Gecko) Chrome/149.0.0.0 Safari/537.36"
179.56.50.99 - - [23/Jun/2026:10:07:54 -0400] "POST /wp-content/plugins/burst-statistics/endpoint.php HTTP/3" 200 0 "https://transaboraico.cl/retiros/" "Mozilla/5.0 (Windows NT 10.0; Win64; x64) AppleWebKit/537.36 (KHTML, like Gecko) Chrome/149.0.0.0 Safari/537.36"
179.56.50.99 - - [23/Jun/2026:10:09:27 -0400] "POST /wp-content/plugins/burst-statistics/endpoint.php HTTP/3" 200 0 "https://transaboraico.cl/retiros/" "Mozilla/5.0 (Windows NT 10.0; Win64; x64) AppleWebKit/537.36 (KHTML, like Gecko) Chrome/149.0.0.0 Safari/537.36"
179.56.50.99 - - [23/Jun/2026:10:09:31 -0400] "POST /wp-content/plugins/burst-statistics/endpoint.php HTTP/3" 200 0 "https://transaboraico.cl/retiros/" "Mozilla/5.0 (Windows NT 10.0; Win64; x64) AppleWebKit/537.36 (KHTML, like Gecko) Chrome/149.0.0.0 Safari/537.36"
207.210.83.200 - - [23/Jun/2026:10:13:42 -0400] "POST /wp-cron.php?doing_wp_cron=1782224022.1485190391540527343750 HTTP/1.1" 200 0 "-" "WordPress/7.0; https://transaboraico.cl"
38.154.67.230 - - [23/Jun/2026:10:33:59 -0400] "GET /2025/11/20/juegos-tragamonedas-con-bonus-gratis/ HTTP/1.1" 200 17939 "https://transaboraico.cl/" "Mozilla/5.0 (Windows NT 10.0; Win64; x64) AppleWebKit/537.36 (KHTML, like Gecko) Chrome/99.0.4844.51 Safari/537.36"
38.154.67.230 - - [23/Jun/2026:10:34:06 -0400] "GET /wp-login.php?action=register HTTP/1.1" 404 8859 "https://transaboraico.cl/2025/11/20/juegos-tragamonedas-con-bonus-gratis/" "Mozilla/5.0 (Windows NT 6.3; Win64; x64) AppleWebKit/537.36 (KHTML, like Gecko) Chrome/103.0.0.0 Safari/537.36"
207.210.83.200 - - [23/Jun/2026:10:34:02 -0400] "POST /wp-cron.php?doing_wp_cron=1782225242.5414350032806396484375 HTTP/1.1" 200 0 "-" "WordPress/7.0; https://transaboraico.cl"
105.157.188.34 - - [23/Jun/2026:10:38:26 -0400] "GET /travel-essentials/carriers.html HTTP/1.1" 404 17011 "-" "Mozilla/5.0 (Windows NT 6.1; WOW64) AppleWebKit/537.36 (KHTML, like Gecko) Chrome/95.0.4638.54 Safari/537.36"
207.210.83.200 - - [23/Jun/2026:10:00:55 -0400] "POST /wp-cron.php?doing_wp_cron=1782223255.9068179130554199218750 HTTP/1.1" 200 0 "-" "WordPress/7.0; https://transaboraico.cl"
179.56.50.99 - - [23/Jun/2026:10:13:38 -0400] "POST /wp-admin/admin-ajax.php HTTP/3" 200 99 "https://transaboraico.cl/retiros/" "Mozilla/5.0 (Windows NT 10.0; Win64; x64) AppleWebKit/537.36 (KHTML, like Gecko) Chrome/149.0.0.0 Safari/537.36"
179.56.50.99 - - [23/Jun/2026:10:13:50 -0400] "POST /wp-content/plugins/burst-statistics/endpoint.php HTTP/3" 200 0 "https://transaboraico.cl/retiros/" "Mozilla/5.0 (Windows NT 10.0; Win64; x64) AppleWebKit/537.36 (KHTML, like Gecko) Chrome/149.0.0.0 Safari/537.36"
38.154.67.230 - - [23/Jun/2026:10:34:10 -0400] "GET /wp-login.php?action=register HTTP/1.1" 404 8859 "https://transaboraico.cl/wp-login.php?action=register" "Mozilla/5.0 (Windows NT 6.3; Win64; x64) AppleWebKit/537.36 (KHTML, like Gecko) Chrome/103.0.0.0 Safari/537.36"
207.210.83.200 - - [23/Jun/2026:10:38:28 -0400] "POST /wp-cron.php?doing_wp_cron=1782225508.4272119998931884765625 HTTP/1.1" 200 0 "-" "WordPress/7.0; https://transaboraico.cl"
192.227.164.101 - - [23/Jun/2026:10:56:14 -0400] "GET / HTTP/1.1" 200 26025 "-" "Mozilla/4.0 (compatible; MSIE 6.0; Windows NT 5.1; SV1)"
207.210.83.200 - - [23/Jun/2026:11:07:09 -0400] "POST /wp-cron.php?doing_wp_cron=1782227229.6401031017303466796875 HTTP/1.1" 200 0 "-" "WordPress/7.0; https://transaboraico.cl"
66.249.74.37 - - [23/Jun/2026:11:33:01 -0400] "GET /2025/11/20/bingo-con-eth/ HTTP/1.1" 200 17940 "-" "Mozilla/5.0 (Linux; Android 6.0.1; Nexus 5X Build/MMB29P) AppleWebKit/537.36 (KHTML, like Gecko) Chrome/148.0.7778.96 Mobile Safari/537.36 (compatible; Googlebot/2.1; +http://www.google.com/bot.html)"
207.210.83.200 - - [23/Jun/2026:11:33:04 -0400] "POST /wp-cron.php?doing_wp_cron=1782228784.4798529148101806640625 HTTP/1.1" 200 0 "-" "WordPress/7.0; https://transaboraico.cl"
207.210.83.200 - - [23/Jun/2026:11:33:55 -0400] "POST /wp-cron.php?doing_wp_cron=1782228835.2738471031188964843750 HTTP/1.1" 200 0 "-" "WordPress/7.0; https://transaboraico.cl"
52.167.144.174 - - [23/Jun/2026:11:33:53 -0400] "GET /2025/11/20/baccarat-gratis-en-linea/ HTTP/2" 200 17903 "-" "Mozilla/5.0 AppleWebKit/537.36 (KHTML, like Gecko; compatible; bingbot/2.0; +http://www.bing.com/bingbot.htm) Chrome/116.0.1938.76 Safari/537.36"
66.249.74.38 - - [23/Jun/2026:11:33:58 -0400] "GET /2025/11/20/naipes-casino-codigo-promocional-y-bonus-code-2025/ HTTP/1.1" 200 17820 "-" "Mozilla/5.0 (Linux; Android 6.0.1; Nexus 5X Build/MMB29P) AppleWebKit/537.36 (KHTML, like Gecko) Chrome/148.0.7778.96 Mobile Safari/537.36 (compatible; Googlebot/2.1; +http://www.google.com/bot.html)"
147.182.225.122 - - [23/Jun/2026:11:52:48 -0400] "GET / HTTP/1.1" 200 29633 "-" "Mozilla/5.0 (X11; Linux x86_64; rv:142.0) Gecko/20100101 Firefox/142.0"
201.239.9.188 - - [23/Jun/2026:13:03:30 -0400] "GET / HTTP/2" 200 26025 "-" "Mozilla/5.0 (Linux; Android 10; K) AppleWebKit/537.36 (KHTML, like Gecko) Chrome/149.0.0.0 Mobile Safari/537.36"
201.239.9.188 - - [23/Jun/2026:13:03:30 -0400] "GET /wp-content/uploads/elementor/css/post-7.css?ver=1782226577 HTTP/2" 200 4564 "https://transaboraico.cl/" "Mozilla/5.0 (Linux; Android 10; K) AppleWebKit/537.36 (KHTML, like Gecko) Chrome/149.0.0.0 Mobile Safari/537.36"
201.239.9.188 - - [23/Jun/2026:13:03:30 -0400] "GET /wp-content/uploads/elementor/css/post-6.css?ver=1782226576 HTTP/2" 200 457 "https://transaboraico.cl/" "Mozilla/5.0 (Linux; Android 10; K) AppleWebKit/537.36 (KHTML, like Gecko) Chrome/149.0.0.0 Mobile Safari/537.36"
201.239.9.188 - - [23/Jun/2026:13:03:30 -0400] "GET /wp-content/uploads/elementor/css/post-36.css?ver=1782226577 HTTP/2" 200 1267 "https://transaboraico.cl/" "Mozilla/5.0 (Linux; Android 10; K) AppleWebKit/537.36 (KHTML, like Gecko) Chrome/149.0.0.0 Mobile Safari/537.36"
201.239.9.188 - - [23/Jun/2026:13:03:30 -0400] "GET /wp-content/themes/hello-elementor/assets/css/reset.css?ver=3.4.9 HTTP/2" 304 0 "https://transaboraico.cl/" "Mozilla/5.0 (Linux; Android 10; K) AppleWebKit/537.36 (KHTML, like Gecko) Chrome/149.0.0.0 Mobile Safari/537.36"
201.239.9.188 - - [23/Jun/2026:13:03:30 -0400] "GET /wp-content/themes/hello-elementor/assets/css/theme.css?ver=3.4.9 HTTP/2" 304 0 "https://transaboraico.cl/" "Mozilla/5.0 (Linux; Android 10; K) AppleWebKit/537.36 (KHTML, like Gecko) Chrome/149.0.0.0 Mobile Safari/537.36"
201.239.9.188 - - [23/Jun/2026:13:03:30 -0400] "GET /wp-content/plugins/complianz-gdpr/assets/css/cookieblocker.min.css?ver=1779237595 HTTP/2" 304 0 "https://transaboraico.cl/" "Mozilla/5.0 (Linux; Android 10; K) AppleWebKit/537.36 (KHTML, like Gecko) Chrome/149.0.0.0 Mobile Safari/537.36"
201.239.9.188 - - [23/Jun/2026:13:03:30 -0400] "GET /wp-content/uploads/elementor/css/post-424.css?ver=1782226577 HTTP/2" 200 530 "https://transaboraico.cl/" "Mozilla/5.0 (Linux; Android 10; K) AppleWebKit/537.36 (KHTML, like Gecko) Chrome/149.0.0.0 Mobile Safari/537.36"
201.239.9.188 - - [23/Jun/2026:13:03:30 -0400] "GET /wp-content/uploads/elementor/css/post-25.css?ver=1782226577 HTTP/2" 200 955 "https://transaboraico.cl/" "Mozilla/5.0 (Linux; Android 10; K) AppleWebKit/537.36 (KHTML, like Gecko) Chrome/149.0.0.0 Mobile Safari/537.36"
201.239.9.188 - - [23/Jun/2026:13:03:30 -0400] "GET /wp-content/uploads/elementor/css/post-427.css?ver=1782226577 HTTP/2" 200 513 "https://transaboraico.cl/" "Mozilla/5.0 (Linux; Android 10; K) AppleWebKit/537.36 (KHTML, like Gecko) Chrome/149.0.0.0 Mobile Safari/537.36"
201.239.9.188 - - [23/Jun/2026:13:03:30 -0400] "GET /wp-content/themes/hello-elementor/assets/css/header-footer.css?ver=3.4.9 HTTP/2" 304 0 "https://transaboraico.cl/" "Mozilla/5.0 (Linux; Android 10; K) AppleWebKit/537.36 (KHTML, like Gecko) Chrome/149.0.0.0 Mobile Safari/537.36"
201.239.9.188 - - [23/Jun/2026:13:03:30 -0400] "GET /wp-content/plugins/elementor-pro/assets/css/modules/sticky.min.css?ver=4.0.2 HTTP/2" 304 0 "https://transaboraico.cl/" "Mozilla/5.0 (Linux; Android 10; K) AppleWebKit/537.36 (KHTML, like Gecko) Chrome/149.0.0.0 Mobile Safari/537.36"
201.239.9.188 - - [23/Jun/2026:13:03:30 -0400] "GET /wp-content/plugins/elementor/assets/css/frontend.min.css?ver=4.1.0 HTTP/2" 304 0 "https://transaboraico.cl/" "Mozilla/5.0 (Linux; Android 10; K) AppleWebKit/537.36 (KHTML, like Gecko) Chrome/149.0.0.0 Mobile Safari/537.36"
201.239.9.188 - - [23/Jun/2026:13:03:30 -0400] "GET /wp-content/plugins/elementor-pro/assets/css/widget-nav-menu.min.css?ver=4.0.2 HTTP/2" 304 0 "https://transaboraico.cl/" "Mozilla/5.0 (Linux; Android 10; K) AppleWebKit/537.36 (KHTML, like Gecko) Chrome/149.0.0.0 Mobile Safari/537.36"
201.239.9.188 - - [23/Jun/2026:13:03:30 -0400] "GET /wp-content/plugins/elementor/assets/css/widget-image.min.css?ver=4.1.0 HTTP/2" 304 0 "https://transaboraico.cl/" "Mozilla/5.0 (Linux; Android 10; K) AppleWebKit/537.36 (KHTML, like Gecko) Chrome/149.0.0.0 Mobile Safari/537.36"
201.239.9.188 - - [23/Jun/2026:13:03:30 -0400] "GET /wp-content/plugins/elementor/assets/lib/animations/styles/fadeInDown.min.css?ver=4.1.0 HTTP/2" 304 0 "https://transaboraico.cl/" "Mozilla/5.0 (Linux; Android 10; K) AppleWebKit/537.36 (KHTML, like Gecko) Chrome/149.0.0.0 Mobile Safari/537.36"
201.239.9.188 - - [23/Jun/2026:13:03:30 -0400] "GET /wp-content/plugins/elementor/assets/css/widget-social-icons.min.css?ver=4.1.0 HTTP/2" 304 0 "https://transaboraico.cl/" "Mozilla/5.0 (Linux; Android 10; K) AppleWebKit/537.36 (KHTML, like Gecko) Chrome/149.0.0.0 Mobile Safari/537.36"
201.239.9.188 - - [23/Jun/2026:13:03:30 -0400] "GET /wp-content/plugins/elementor/assets/css/conditionals/apple-webkit.min.css?ver=4.1.0 HTTP/2" 304 0 "https://transaboraico.cl/" "Mozilla/5.0 (Linux; Android 10; K) AppleWebKit/537.36 (KHTML, like Gecko) Chrome/149.0.0.0 Mobile Safari/537.36"
201.239.9.188 - - [23/Jun/2026:13:03:30 -0400] "GET /wp-content/plugins/elementor/assets/lib/animations/styles/fadeInUp.min.css?ver=4.1.0 HTTP/2" 304 0 "https://transaboraico.cl/" "Mozilla/5.0 (Linux; Android 10; K) AppleWebKit/537.36 (KHTML, like Gecko) Chrome/149.0.0.0 Mobile Safari/537.36"
201.239.9.188 - - [23/Jun/2026:13:03:30 -0400] "GET /wp-content/plugins/elementor/assets/css/widget-icon-list.min.css?ver=4.1.0 HTTP/2" 304 0 "https://transaboraico.cl/" "Mozilla/5.0 (Linux; Android 10; K) AppleWebKit/537.36 (KHTML, like Gecko) Chrome/149.0.0.0 Mobile Safari/537.36"
201.239.9.188 - - [23/Jun/2026:13:03:30 -0400] "GET /wp-content/plugins/elementor/assets/lib/eicons/css/elementor-icons.min.css?ver=5.49.0 HTTP/2" 304 0 "https://transaboraico.cl/" "Mozilla/5.0 (Linux; Android 10; K) AppleWebKit/537.36 (KHTML, like Gecko) Chrome/149.0.0.0 Mobile Safari/537.36"
201.239.9.188 - - [23/Jun/2026:13:03:30 -0400] "GET /wp-content/plugins/elementor/assets/lib/animations/styles/fadeIn.min.css?ver=4.1.0 HTTP/2" 304 0 "https://transaboraico.cl/" "Mozilla/5.0 (Linux; Android 10; K) AppleWebKit/537.36 (KHTML, like Gecko) Chrome/149.0.0.0 Mobile Safari/537.36"
201.239.9.188 - - [23/Jun/2026:13:03:30 -0400] "GET /wp-content/plugins/elementor/assets/css/widget-heading.min.css?ver=4.1.0 HTTP/2" 304 0 "https://transaboraico.cl/" "Mozilla/5.0 (Linux; Android 10; K) AppleWebKit/537.36 (KHTML, like Gecko) Chrome/149.0.0.0 Mobile Safari/537.36"
201.239.9.188 - - [23/Jun/2026:13:03:30 -0400] "GET /wp-content/plugins/elementor/assets/lib/swiper/v8/css/swiper.min.css?ver=8.4.5 HTTP/2" 304 0 "https://transaboraico.cl/" "Mozilla/5.0 (Linux; Android 10; K) AppleWebKit/537.36 (KHTML, like Gecko) Chrome/149.0.0.0 Mobile Safari/537.36"
201.239.9.188 - - [23/Jun/2026:13:03:30 -0400] "GET /wp-content/plugins/elementor-pro/assets/css/widget-testimonial-carousel.min.css?ver=4.0.2 HTTP/2" 304 0 "https://transaboraico.cl/" "Mozilla/5.0 (Linux; Android 10; K) AppleWebKit/537.36 (KHTML, like Gecko) Chrome/149.0.0.0 Mobile Safari/537.36"
201.239.9.188 - - [23/Jun/2026:13:03:30 -0400] "GET /wp-content/plugins/elementor/assets/css/widget-spacer.min.css?ver=4.1.0 HTTP/2" 304 0 "https://transaboraico.cl/" "Mozilla/5.0 (Linux; Android 10; K) AppleWebKit/537.36 (KHTML, like Gecko) Chrome/149.0.0.0 Mobile Safari/537.36"
201.239.9.188 - - [23/Jun/2026:13:03:30 -0400] "GET /wp-content/plugins/elementor/assets/css/widget-counter.min.css?ver=4.1.0 HTTP/2" 304 0 "https://transaboraico.cl/" "Mozilla/5.0 (Linux; Android 10; K) AppleWebKit/537.36 (KHTML, like Gecko) Chrome/149.0.0.0 Mobile Safari/537.36"
201.239.9.188 - - [23/Jun/2026:13:03:30 -0400] "GET /wp-content/plugins/elementor-pro/assets/css/widget-carousel-module-base.min.css?ver=4.0.2 HTTP/2" 304 0 "https://transaboraico.cl/" "Mozilla/5.0 (Linux; Android 10; K) AppleWebKit/537.36 (KHTML, like Gecko) Chrome/149.0.0.0 Mobile Safari/537.36"
201.239.9.188 - - [23/Jun/2026:13:03:30 -0400] "GET /wp-content/plugins/elementor/assets/css/widget-accordion.min.css?ver=4.1.0 HTTP/2" 304 0 "https://transaboraico.cl/" "Mozilla/5.0 (Linux; Android 10; K) AppleWebKit/537.36 (KHTML, like Gecko) Chrome/149.0.0.0 Mobile Safari/537.36"
201.239.9.188 - - [23/Jun/2026:13:03:30 -0400] "GET /wp-content/plugins/elementor/assets/css/widget-progress.min.css?ver=4.1.0 HTTP/2" 304 0 "https://transaboraico.cl/" "Mozilla/5.0 (Linux; Android 10; K) AppleWebKit/537.36 (KHTML, like Gecko) Chrome/149.0.0.0 Mobile Safari/537.36"
201.239.9.188 - - [23/Jun/2026:13:03:30 -0400] "GET /wp-content/plugins/elementor/assets/lib/animations/styles/fadeInLeft.min.css?ver=4.1.0 HTTP/2" 304 0 "https://transaboraico.cl/" "Mozilla/5.0 (Linux; Android 10; K) AppleWebKit/537.36 (KHTML, like Gecko) Chrome/149.0.0.0 Mobile Safari/537.36"
201.239.9.188 - - [23/Jun/2026:13:03:30 -0400] "GET /wp-content/plugins/elementor-pro/assets/css/widget-form.min.css?ver=4.0.2 HTTP/2" 304 0 "https://transaboraico.cl/" "Mozilla/5.0 (Linux; Android 10; K) AppleWebKit/537.36 (KHTML, like Gecko) Chrome/149.0.0.0 Mobile Safari/537.36"
201.239.9.188 - - [23/Jun/2026:13:03:30 -0400] "GET /wp-content/plugins/creame-whatsapp-me/public/css/joinchat.min.css?ver=6.2.3 HTTP/2" 304 0 "https://transaboraico.cl/" "Mozilla/5.0 (Linux; Android 10; K) AppleWebKit/537.36 (KHTML, like Gecko) Chrome/149.0.0.0 Mobile Safari/537.36"
201.239.9.188 - - [23/Jun/2026:13:03:30 -0400] "GET /wp-content/plugins/elementor/assets/lib/font-awesome/css/fontawesome.min.css?ver=5.15.3 HTTP/2" 304 0 "https://transaboraico.cl/" "Mozilla/5.0 (Linux; Android 10; K) AppleWebKit/537.36 (KHTML, like Gecko) Chrome/149.0.0.0 Mobile Safari/537.36"
201.239.9.188 - - [23/Jun/2026:13:03:30 -0400] "GET /wp-content/plugins/elementor/assets/lib/font-awesome/css/solid.min.css?ver=5.15.3 HTTP/2" 304 0 "https://transaboraico.cl/" "Mozilla/5.0 (Linux; Android 10; K) AppleWebKit/537.36 (KHTML, like Gecko) Chrome/149.0.0.0 Mobile Safari/537.36"
201.239.9.188 - - [23/Jun/2026:13:03:30 -0400] "GET /wp-content/plugins/elementor/assets/css/conditionals/e-swiper.min.css?ver=4.1.0 HTTP/2" 304 0 "https://transaboraico.cl/" "Mozilla/5.0 (Linux; Android 10; K) AppleWebKit/537.36 (KHTML, like Gecko) Chrome/149.0.0.0 Mobile Safari/537.36"
66.93.99.36 - - [23/Jun/2026:11:19:05 -0400] "GET / HTTP/2" 301 0 "-" "Mozilla/5.0 (Windows NT 10.0; Win64; x64) AppleWebKit/537.36 (KHTML, like Gecko) Chrome/145.0.0.0 Safari/537.36"
207.210.83.200 - - [23/Jun/2026:11:33:59 -0400] "POST /wp-cron.php?doing_wp_cron=1782228839.8864960670471191406250 HTTP/1.1" 200 0 "-" "WordPress/7.0; https://transaboraico.cl"
207.210.83.200 - - [23/Jun/2026:11:50:16 -0400] "POST /wp-cron.php?doing_wp_cron=1782229816.1073989868164062500000 HTTP/1.1" 200 0 "-" "WordPress/7.0; https://transaboraico.cl"
147.182.225.122 - - [23/Jun/2026:11:52:51 -0400] "GET /wp-content/uploads/2022/06/cropped-LOGOaboraico-32x32.png HTTP/1.1" 200 620 "https://transaboraico.cl/" "Mozilla/5.0 (X11; Linux x86_64; rv:142.0) Gecko/20100101 Firefox/142.0"
104.210.140.134 - - [23/Jun/2026:12:02:17 -0400] "GET /robots.txt HTTP/2" 200 173 "-" "Mozilla/5.0 (Macintosh; Intel Mac OS X 10_15_7) AppleWebKit/537.36 (KHTML, like Gecko) Chrome/131.0.0.0 Safari/537.36; compatible; OAI-SearchBot/1.0; +https://openai.com/searchbot"
40.77.167.151 - - [23/Jun/2026:12:38:34 -0400] "GET /portada/cropped-camion-1.jpg HTTP/2" 404 15395 "-" "Mozilla/5.0 AppleWebKit/537.36 (KHTML, like Gecko; compatible; bingbot/2.0; +http://www.bing.com/bingbot.htm) Chrome/116.0.1938.76 Safari/537.36"
201.239.9.188 - - [23/Jun/2026:13:03:30 -0400] "GET /wp-content/plugins/elementor/assets/lib/font-awesome/css/brands.min.css?ver=5.15.3 HTTP/3" 304 0 "https://transaboraico.cl/" "Mozilla/5.0 (Linux; Android 10; K) AppleWebKit/537.36 (KHTML, like Gecko) Chrome/149.0.0.0 Mobile Safari/537.36"
201.239.9.188 - - [23/Jun/2026:13:03:30 -0400] "GET /wp-content/uploads/2022/06/LOGOaboraico.png HTTP/3" 304 0 "https://transaboraico.cl/" "Mozilla/5.0 (Linux; Android 10; K) AppleWebKit/537.36 (KHTML, like Gecko) Chrome/149.0.0.0 Mobile Safari/537.36"
201.239.9.188 - - [23/Jun/2026:13:03:30 -0400] "GET /wp-content/themes/hello-elementor/assets/js/hello-frontend.js?ver=3.4.9 HTTP/3" 304 0 "https://transaboraico.cl/" "Mozilla/5.0 (Linux; Android 10; K) AppleWebKit/537.36 (KHTML, like Gecko) Chrome/149.0.0.0 Mobile Safari/537.36"
201.239.9.188 - - [23/Jun/2026:13:03:30 -0400] "GET /wp-content/plugins/elementor/assets/js/webpack.runtime.min.js?ver=4.1.0 HTTP/3" 304 0 "https://transaboraico.cl/" "Mozilla/5.0 (Linux; Android 10; K) AppleWebKit/537.36 (KHTML, like Gecko) Chrome/149.0.0.0 Mobile Safari/537.36"
201.239.9.188 - - [23/Jun/2026:13:03:30 -0400] "GET /wp-content/plugins/elementor/assets/js/frontend-modules.min.js?ver=4.1.0 HTTP/3" 304 0 "https://transaboraico.cl/" "Mozilla/5.0 (Linux; Android 10; K) AppleWebKit/537.36 (KHTML, like Gecko) Chrome/149.0.0.0 Mobile Safari/537.36"
201.239.9.188 - - [23/Jun/2026:13:03:30 -0400] "GET /wp-content/plugins/elementor/assets/js/frontend.min.js?ver=4.1.0 HTTP/3" 304 0 "https://transaboraico.cl/" "Mozilla/5.0 (Linux; Android 10; K) AppleWebKit/537.36 (KHTML, like Gecko) Chrome/149.0.0.0 Mobile Safari/537.36"
201.239.9.188 - - [23/Jun/2026:13:03:30 -0400] "GET /wp-content/plugins/elementor-pro/assets/lib/smartmenus/jquery.smartmenus.min.js?ver=1.2.1 HTTP/3" 304 0 "https://transaboraico.cl/" "Mozilla/5.0 (Linux; Android 10; K) AppleWebKit/537.36 (KHTML, like Gecko) Chrome/149.0.0.0 Mobile Safari/537.36"
201.239.9.188 - - [23/Jun/2026:13:03:30 -0400] "GET /wp-content/plugins/elementor-pro/assets/lib/sticky/jquery.sticky.min.js?ver=4.0.2 HTTP/3" 304 0 "https://transaboraico.cl/" "Mozilla/5.0 (Linux; Android 10; K) AppleWebKit/537.36 (KHTML, like Gecko) Chrome/149.0.0.0 Mobile Safari/537.36"
201.239.9.188 - - [23/Jun/2026:13:03:30 -0400] "GET /wp-content/plugins/elementor/assets/lib/jquery-numerator/jquery-numerator.min.js?ver=0.2.1 HTTP/3" 304 0 "https://transaboraico.cl/" "Mozilla/5.0 (Linux; Android 10; K) AppleWebKit/537.36 (KHTML, like Gecko) Chrome/149.0.0.0 Mobile Safari/537.36"
201.239.9.188 - - [23/Jun/2026:13:03:30 -0400] "GET /wp-content/uploads/burst/js/burst.min.js?ver=1782161222 HTTP/3" 200 3147 "https://transaboraico.cl/" "Mozilla/5.0 (Linux; Android 10; K) AppleWebKit/537.36 (KHTML, like Gecko) Chrome/149.0.0.0 Mobile Safari/537.36"
201.239.9.188 - - [23/Jun/2026:13:03:30 -0400] "GET /wp-content/plugins/elementor-pro/assets/js/webpack-pro.runtime.min.js?ver=4.0.2 HTTP/3" 304 0 "https://transaboraico.cl/" "Mozilla/5.0 (Linux; Android 10; K) AppleWebKit/537.36 (KHTML, like Gecko) Chrome/149.0.0.0 Mobile Safari/537.36"
201.239.9.188 - - [23/Jun/2026:13:03:30 -0400] "GET /wp-content/plugins/elementor/assets/lib/swiper/v8/swiper.min.js?ver=8.4.5 HTTP/3" 304 0 "https://transaboraico.cl/" "Mozilla/5.0 (Linux; Android 10; K) AppleWebKit/537.36 (KHTML, like Gecko) Chrome/149.0.0.0 Mobile Safari/537.36"
201.239.9.188 - - [23/Jun/2026:13:03:30 -0400] "GET /wp-content/plugins/elementor-pro/assets/js/frontend.min.js?ver=4.0.2 HTTP/3" 304 0 "https://transaboraico.cl/" "Mozilla/5.0 (Linux; Android 10; K) AppleWebKit/537.36 (KHTML, like Gecko) Chrome/149.0.0.0 Mobile Safari/537.36"
201.239.9.188 - - [23/Jun/2026:13:03:30 -0400] "GET /wp-includes/js/dist/hooks.min.js?ver=7496969728ca0f95732d HTTP/3" 304 0 "https://transaboraico.cl/" "Mozilla/5.0 (Linux; Android 10; K) AppleWebKit/537.36 (KHTML, like Gecko) Chrome/149.0.0.0 Mobile Safari/537.36"
201.239.9.188 - - [23/Jun/2026:13:03:30 -0400] "GET /wp-content/plugins/wp-smushit/app/assets/js/smush-lazy-load.min.js?ver=4.0.3 HTTP/3" 304 0 "https://transaboraico.cl/" "Mozilla/5.0 (Linux; Android 10; K) AppleWebKit/537.36 (KHTML, like Gecko) Chrome/149.0.0.0 Mobile Safari/537.36"
201.239.9.188 - - [23/Jun/2026:13:03:30 -0400] "GET /wp-includes/js/dist/i18n.min.js?ver=781d11515ad3d91786ec HTTP/3" 304 0 "https://transaboraico.cl/" "Mozilla/5.0 (Linux; Android 10; K) AppleWebKit/537.36 (KHTML, like Gecko) Chrome/149.0.0.0 Mobile Safari/537.36"
201.239.9.188 - - [23/Jun/2026:13:03:30 -0400] "GET /wp-content/plugins/burst-statistics/assets/js/timeme/timeme.min.js?ver=1779852933 HTTP/3" 304 0 "https://transaboraico.cl/" "Mozilla/5.0 (Linux; Android 10; K) AppleWebKit/537.36 (KHTML, like Gecko) Chrome/149.0.0.0 Mobile Safari/537.36"
201.239.9.188 - - [23/Jun/2026:13:03:30 -0400] "GET /wp-content/plugins/elementor-pro/assets/js/elements-handlers.min.js?ver=4.0.2 HTTP/3" 304 0 "https://transaboraico.cl/" "Mozilla/5.0 (Linux; Android 10; K) AppleWebKit/537.36 (KHTML, like Gecko) Chrome/149.0.0.0 Mobile Safari/537.36"
201.239.9.188 - - [23/Jun/2026:13:03:30 -0400] "GET /wp-content/plugins/creame-whatsapp-me/public/js/joinchat.min.js?ver=6.2.3 HTTP/3" 304 0 "https://transaboraico.cl/" "Mozilla/5.0 (Linux; Android 10; K) AppleWebKit/537.36 (KHTML, like Gecko) Chrome/149.0.0.0 Mobile Safari/537.36"
201.239.9.188 - - [23/Jun/2026:13:03:30 -0400] "GET /wp-content/plugins/complianz-gdpr/cookiebanner/js/complianz.min.js?ver=1779237596 HTTP/3" 304 0 "https://transaboraico.cl/" "Mozilla/5.0 (Linux; Android 10; K) AppleWebKit/537.36 (KHTML, like Gecko) Chrome/149.0.0.0 Mobile Safari/537.36"
201.239.9.188 - - [23/Jun/2026:13:03:30 -0400] "GET /wp-content/uploads/2022/06/prm-world-map.png HTTP/3" 304 0 "https://transaboraico.cl/wp-content/uploads/elementor/css/post-7.css?ver=1782226577" "Mozilla/5.0 (Linux; Android 10; K) AppleWebKit/537.36 (KHTML, like Gecko) Chrome/149.0.0.0 Mobile Safari/537.36"
201.239.9.188 - - [23/Jun/2026:13:03:30 -0400] "GET /wp-content/plugins/elementor/assets/lib/font-awesome/webfonts/fa-solid-900.woff2 HTTP/3" 304 0 "https://transaboraico.cl/wp-content/plugins/elementor/assets/lib/font-awesome/css/solid.min.css?ver=5.15.3" "Mozilla/5.0 (Linux; Android 10; K) AppleWebKit/537.36 (KHTML, like Gecko) Chrome/149.0.0.0 Mobile Safari/537.36"
