HEX
Server: LiteSpeed
System: Linux s470.v2nets.com 4.18.0-553.123.2.lve.el8.x86_64 #1 SMP Thu May 7 23:17:13 UTC 2026 x86_64
User: ascacl (1127)
PHP: 8.2.31
Disabled: NONE
Upload Files
File: /home/ascacl/access-logs/arsitec2.cl.asca.cl-ssl_log
145.40.130.88 - - [23/Jun/2026:08:10:32 -0400] "GET /los-6-principales-peligros-en-las-obras-de-construccion HTTP/1.1" 301 0 "-" "Mozilla/5.0 (Windows NT 10.0; Win64; x64) AppleWebKit/537.36 (KHTML, like Gecko) Chrome/107.0.0.0 Safari/537.36"
156.57.194.147 - - [23/Jun/2026:08:10:36 -0400] "GET /los-6-principales-peligros-en-las-obras-de-construccion/ HTTP/1.1" 200 43060 "https://arsitec.cl/los-6-principales-peligros-en-las-obras-de-construccion" "Mozilla/5.0 (Windows NT 10.0; Win64; x64) AppleWebKit/537.36 (KHTML, like Gecko) Chrome/107.0.0.0 Safari/537.36"
151.246.205.12 - - [23/Jun/2026:08:13:51 -0400] "GET /wp-content/litespeed/ucss/059832b723a60910032b3a164c7164ca.css?ver=e701f HTTP/2" 200 10318 "https://arsitec.cl/" "Mozilla/5.0 (Linux; Android 8.0; Pixel 2 Build/OPD3.170816.012) AppleWebKit/537.36 (KHTML, like Gecko) Chrome/41.0.8475.1465 Mobile Safari/537.36"
151.246.205.12 - - [23/Jun/2026:08:13:51 -0400] "GET /wp-content/uploads/2021/04/cropped-artisec_favicon-1.png.webp HTTP/2" 206 500 "https://arsitec.cl/" "Mozilla/5.0 (Linux; Android 8.0; Pixel 2 Build/OPD3.170816.012) AppleWebKit/537.36 (KHTML, like Gecko) Chrome/41.0.8475.1465 Mobile Safari/537.36"
151.246.205.12 - - [23/Jun/2026:08:13:51 -0400] "POST /wp-content/plugins/litespeed-cache/guest.vary.php HTTP/2" 200 20 "https://arsitec.cl/" "Mozilla/5.0 (Linux; Android 8.0; Pixel 2 Build/OPD3.170816.012) AppleWebKit/537.36 (KHTML, like Gecko) Chrome/41.0.8475.1465 Mobile Safari/537.36"
151.246.205.12 - - [23/Jun/2026:08:13:53 -0400] "GET /wp-content/litespeed/css/2e4afe2c8f9d26dae105044a12bc6fbe.css?ver=c6fbe HTTP/2" 200 28739 "https://arsitec.cl/" "Mozilla/5.0 (Linux; Android 8.0; Pixel 2 Build/OPD3.170816.012) AppleWebKit/537.36 (KHTML, like Gecko) Chrome/41.0.8475.1465 Mobile Safari/537.36"
151.246.205.12 - - [23/Jun/2026:08:13:53 -0400] "GET /wp-content/litespeed/css/0443bbabf16d6f02fd4b36b7a9307bca.css?ver=07bca HTTP/2" 200 4605 "https://arsitec.cl/" "Mozilla/5.0 (Linux; Android 8.0; Pixel 2 Build/OPD3.170816.012) AppleWebKit/537.36 (KHTML, like Gecko) Chrome/41.0.8475.1465 Mobile Safari/537.36"
151.246.205.12 - - [23/Jun/2026:08:13:53 -0400] "GET /wp-content/litespeed/css/a806ad6f9b4c9c6c49f55f4b1f44c31a.css?ver=4c31a HTTP/2" 200 2283 "https://arsitec.cl/" "Mozilla/5.0 (Linux; Android 8.0; Pixel 2 Build/OPD3.170816.012) AppleWebKit/537.36 (KHTML, like Gecko) Chrome/41.0.8475.1465 Mobile Safari/537.36"
151.246.205.12 - - [23/Jun/2026:08:13:53 -0400] "GET /wp-content/litespeed/css/bf0db43cf408ad2fa44362e9df2eb828.css?ver=eb828 HTTP/2" 200 1039 "https://arsitec.cl/" "Mozilla/5.0 (Linux; Android 8.0; Pixel 2 Build/OPD3.170816.012) AppleWebKit/537.36 (KHTML, like Gecko) Chrome/41.0.8475.1465 Mobile Safari/537.36"
151.246.205.12 - - [23/Jun/2026:08:13:53 -0400] "GET /wp-content/litespeed/css/356746b03cbbd635e1e442a596509c49.css?ver=09c49 HTTP/2" 200 800 "https://arsitec.cl/" "Mozilla/5.0 (Linux; Android 8.0; Pixel 2 Build/OPD3.170816.012) AppleWebKit/537.36 (KHTML, like Gecko) Chrome/41.0.8475.1465 Mobile Safari/537.36"
151.246.205.12 - - [23/Jun/2026:08:13:53 -0400] "GET /wp-content/litespeed/css/69cb44c11b651dc17fc4a3fd3cf50948.css?ver=50948 HTTP/2" 200 341 "https://arsitec.cl/" "Mozilla/5.0 (Linux; Android 8.0; Pixel 2 Build/OPD3.170816.012) AppleWebKit/537.36 (KHTML, like Gecko) Chrome/41.0.8475.1465 Mobile Safari/537.36"
151.246.205.12 - - [23/Jun/2026:08:13:53 -0400] "GET /wp-content/litespeed/css/3ea5b3db9efb576c78e7a971050a8854.css?ver=a8854 HTTP/2" 200 323 "https://arsitec.cl/" "Mozilla/5.0 (Linux; Android 8.0; Pixel 2 Build/OPD3.170816.012) AppleWebKit/537.36 (KHTML, like Gecko) Chrome/41.0.8475.1465 Mobile Safari/537.36"
151.246.205.12 - - [23/Jun/2026:08:13:53 -0400] "GET /wp-content/litespeed/css/0bcb623f869fbf22de9fbacf675099a1.css?ver=099a1 HTTP/2" 200 126 "https://arsitec.cl/" "Mozilla/5.0 (Linux; Android 8.0; Pixel 2 Build/OPD3.170816.012) AppleWebKit/537.36 (KHTML, like Gecko) Chrome/41.0.8475.1465 Mobile Safari/537.36"
151.246.205.12 - - [23/Jun/2026:08:13:53 -0400] "GET /wp-content/litespeed/css/2f3174a0451011cc76608104d8531426.css?ver=31426 HTTP/2" 200 1067 "https://arsitec.cl/" "Mozilla/5.0 (Linux; Android 8.0; Pixel 2 Build/OPD3.170816.012) AppleWebKit/537.36 (KHTML, like Gecko) Chrome/41.0.8475.1465 Mobile Safari/537.36"
151.246.205.12 - - [23/Jun/2026:08:13:53 -0400] "GET /wp-content/litespeed/css/840c9225d53cc9c54dfd1dc98bbef8e5.css?ver=ef8e5 HTTP/2" 200 511 "https://arsitec.cl/" "Mozilla/5.0 (Linux; Android 8.0; Pixel 2 Build/OPD3.170816.012) AppleWebKit/537.36 (KHTML, like Gecko) Chrome/41.0.8475.1465 Mobile Safari/537.36"
151.246.205.12 - - [23/Jun/2026:08:13:53 -0400] "GET /wp-content/litespeed/css/84b040346ce5103a0c41b910186b6dfb.css?ver=b6dfb HTTP/2" 200 7852 "https://arsitec.cl/" "Mozilla/5.0 (Linux; Android 8.0; Pixel 2 Build/OPD3.170816.012) AppleWebKit/537.36 (KHTML, like Gecko) Chrome/41.0.8475.1465 Mobile Safari/537.36"
151.246.205.12 - - [23/Jun/2026:08:13:53 -0400] "GET /wp-content/litespeed/css/34cfb5be9c776f72d003ae457a3fceb4.css?ver=fceb4 HTTP/2" 200 0 "https://arsitec.cl/" "Mozilla/5.0 (Linux; Android 8.0; Pixel 2 Build/OPD3.170816.012) AppleWebKit/537.36 (KHTML, like Gecko) Chrome/41.0.8475.1465 Mobile Safari/537.36"
151.246.205.12 - - [23/Jun/2026:08:13:53 -0400] "GET /wp-content/litespeed/css/586d569a8a8092363ea0c7347f968d21.css?ver=68d21 HTTP/2" 200 323 "https://arsitec.cl/" "Mozilla/5.0 (Linux; Android 8.0; Pixel 2 Build/OPD3.170816.012) AppleWebKit/537.36 (KHTML, like Gecko) Chrome/41.0.8475.1465 Mobile Safari/537.36"
151.246.205.12 - - [23/Jun/2026:08:13:55 -0400] "GET /wp-content/uploads/2026/06/cat_construccion-1.png HTTP/2" 206 500 "https://arsitec.cl/" "Mozilla/5.0 (Linux; Android 8.0; Pixel 2 Build/OPD3.170816.012) AppleWebKit/537.36 (KHTML, like Gecko) Chrome/41.0.8475.1465 Mobile Safari/537.36"
151.246.205.12 - - [23/Jun/2026:08:13:55 -0400] "GET /wp-content/uploads/2026/06/cat_forestal-1.png HTTP/2" 206 500 "https://arsitec.cl/" "Mozilla/5.0 (Linux; Android 8.0; Pixel 2 Build/OPD3.170816.012) AppleWebKit/537.36 (KHTML, like Gecko) Chrome/41.0.8475.1465 Mobile Safari/537.36"
151.246.205.12 - - [23/Jun/2026:08:13:55 -0400] "GET /wp-content/uploads/2026/06/cat_elevacion-1.png HTTP/2" 206 500 "https://arsitec.cl/" "Mozilla/5.0 (Linux; Android 8.0; Pixel 2 Build/OPD3.170816.012) AppleWebKit/537.36 (KHTML, like Gecko) Chrome/41.0.8475.1465 Mobile Safari/537.36"
151.246.205.12 - - [23/Jun/2026:08:13:55 -0400] "GET /wp-content/uploads/2026/06/cat_energia-1.png HTTP/2" 206 500 "https://arsitec.cl/" "Mozilla/5.0 (Linux; Android 8.0; Pixel 2 Build/OPD3.170816.012) AppleWebKit/537.36 (KHTML, like Gecko) Chrome/41.0.8475.1465 Mobile Safari/537.36"
151.246.205.12 - - [23/Jun/2026:08:13:55 -0400] "GET /wp-content/uploads/2026/06/cat_areas_verdes-1.png HTTP/2" 206 500 "https://arsitec.cl/" "Mozilla/5.0 (Linux; Android 8.0; Pixel 2 Build/OPD3.170816.012) AppleWebKit/537.36 (KHTML, like Gecko) Chrome/41.0.8475.1465 Mobile Safari/537.36"
151.246.205.12 - - [23/Jun/2026:08:13:55 -0400] "GET /wp-content/litespeed/css/d284da9186d398a7ed006c00f3d7e7dd.css?ver=7e7dd HTTP/2" 200 928 "https://arsitec.cl/" "Mozilla/5.0 (Linux; Android 8.0; Pixel 2 Build/OPD3.170816.012) AppleWebKit/537.36 (KHTML, like Gecko) Chrome/41.0.8475.1465 Mobile Safari/537.36"
151.246.205.12 - - [23/Jun/2026:08:13:56 -0400] "GET /wp-content/uploads/2026/06/cat_elevacion-1.png HTTP/2" 304 0 "https://arsitec.cl/" "Mozilla/5.0 (Linux; Android 8.0; Pixel 2 Build/OPD3.170816.012) AppleWebKit/537.36 (KHTML, like Gecko) Chrome/41.0.8475.1465 Mobile Safari/537.36"
151.246.205.12 - - [23/Jun/2026:08:13:56 -0400] "GET /wp-content/uploads/2026/06/cat_forestal-1.png HTTP/2" 304 0 "https://arsitec.cl/" "Mozilla/5.0 (Linux; Android 8.0; Pixel 2 Build/OPD3.170816.012) AppleWebKit/537.36 (KHTML, like Gecko) Chrome/41.0.8475.1465 Mobile Safari/537.36"
151.246.205.12 - - [23/Jun/2026:08:13:56 -0400] "GET /wp-content/uploads/2026/06/cat_construccion-1.png HTTP/2" 304 0 "https://arsitec.cl/" "Mozilla/5.0 (Linux; Android 8.0; Pixel 2 Build/OPD3.170816.012) AppleWebKit/537.36 (KHTML, like Gecko) Chrome/41.0.8475.1465 Mobile Safari/537.36"
151.246.205.12 - - [23/Jun/2026:08:13:56 -0400] "GET /wp-content/litespeed/css/ce354cd173e711f330a32e0dc2fec8e9.css?ver=ec8e9 HTTP/2" 200 356 "https://arsitec.cl/" "Mozilla/5.0 (Linux; Android 8.0; Pixel 2 Build/OPD3.170816.012) AppleWebKit/537.36 (KHTML, like Gecko) Chrome/41.0.8475.1465 Mobile Safari/537.36"
151.246.205.12 - - [23/Jun/2026:08:13:56 -0400] "GET /wp-content/uploads/2026/06/cat_energia-1.png HTTP/2" 304 0 "https://arsitec.cl/" "Mozilla/5.0 (Linux; Android 8.0; Pixel 2 Build/OPD3.170816.012) AppleWebKit/537.36 (KHTML, like Gecko) Chrome/41.0.8475.1465 Mobile Safari/537.36"
151.246.205.12 - - [23/Jun/2026:08:13:56 -0400] "GET /wp-content/uploads/2026/06/cat_areas_verdes-1.png HTTP/2" 304 0 "https://arsitec.cl/" "Mozilla/5.0 (Linux; Android 8.0; Pixel 2 Build/OPD3.170816.012) AppleWebKit/537.36 (KHTML, like Gecko) Chrome/41.0.8475.1465 Mobile Safari/537.36"
151.246.205.12 - - [23/Jun/2026:08:13:57 -0400] "GET /wp-content/uploads/2026/06/cat_elevacion-1.png HTTP/2" 206 720500 "https://arsitec.cl/" "Mozilla/5.0 (Linux; Android 8.0; Pixel 2 Build/OPD3.170816.012) AppleWebKit/537.36 (KHTML, like Gecko) Chrome/41.0.8475.1465 Mobile Safari/537.36"
151.246.205.12 - - [23/Jun/2026:08:13:57 -0400] "GET /wp-content/uploads/2026/06/cat_drenaje-1.png HTTP/2" 206 500 "https://arsitec.cl/" "Mozilla/5.0 (Linux; Android 8.0; Pixel 2 Build/OPD3.170816.012) AppleWebKit/537.36 (KHTML, like Gecko) Chrome/41.0.8475.1465 Mobile Safari/537.36"
151.246.205.12 - - [23/Jun/2026:08:13:57 -0400] "GET /wp-content/uploads/2026/06/cat_energia-1.png HTTP/2" 206 888144 "https://arsitec.cl/" "Mozilla/5.0 (Linux; Android 8.0; Pixel 2 Build/OPD3.170816.012) AppleWebKit/537.36 (KHTML, like Gecko) Chrome/41.0.8475.1465 Mobile Safari/537.36"
151.246.205.12 - - [23/Jun/2026:08:13:57 -0400] "GET /wp-content/uploads/2026/06/cat_forestal-1.png HTTP/2" 206 1064447 "https://arsitec.cl/" "Mozilla/5.0 (Linux; Android 8.0; Pixel 2 Build/OPD3.170816.012) AppleWebKit/537.36 (KHTML, like Gecko) Chrome/41.0.8475.1465 Mobile Safari/537.36"
151.246.205.12 - - [23/Jun/2026:08:13:57 -0400] "GET /wp-content/uploads/2026/06/cat_construccion-1.png HTTP/2" 206 933375 "https://arsitec.cl/" "Mozilla/5.0 (Linux; Android 8.0; Pixel 2 Build/OPD3.170816.012) AppleWebKit/537.36 (KHTML, like Gecko) Chrome/41.0.8475.1465 Mobile Safari/537.36"
151.246.205.12 - - [23/Jun/2026:08:13:57 -0400] "GET /wp-content/uploads/2026/06/cat_areas_verdes-1.png HTTP/2" 206 1145372 "https://arsitec.cl/" "Mozilla/5.0 (Linux; Android 8.0; Pixel 2 Build/OPD3.170816.012) AppleWebKit/537.36 (KHTML, like Gecko) Chrome/41.0.8475.1465 Mobile Safari/537.36"
151.246.205.12 - - [23/Jun/2026:08:14:18 -0400] "GET /wp-content/uploads/2026/06/cat_drenaje-1.png HTTP/2" 304 0 "https://arsitec.cl/" "Mozilla/5.0 (Linux; Android 8.0; Pixel 2 Build/OPD3.170816.012) AppleWebKit/537.36 (KHTML, like Gecko) Chrome/41.0.8475.1465 Mobile Safari/537.36"
151.246.205.12 - - [23/Jun/2026:08:14:23 -0400] "GET /wp-content/uploads/2026/06/cat_drenaje-1.png HTTP/2" 206 1144257 "https://arsitec.cl/" "Mozilla/5.0 (Linux; Android 8.0; Pixel 2 Build/OPD3.170816.012) AppleWebKit/537.36 (KHTML, like Gecko) Chrome/41.0.8475.1465 Mobile Safari/537.36"
207.210.83.200 - - [23/Jun/2026:08:15:36 -0400] "POST /wp-cron.php?doing_wp_cron=1782216936.0250110626220703125000 HTTP/1.1" 200 0 "-" "WordPress/7.0; https://arsitec.cl"
202.79.186.150 - - [23/Jun/2026:08:17:19 -0400] "GET /?p=12668 HTTP/1.1" 404 37626 "-" "Mozilla/5.0 (Windows NT 10.0; WOW64) AppleWebKit/537.36 (KHTML, like Gecko) Chrome/69.2.0.1713 Safari/537.36"
40.77.167.116 - - [23/Jun/2026:08:25:48 -0400] "GET /juegos-del-azar/ HTTP/2" 404 32009 "-" "Mozilla/5.0 AppleWebKit/537.36 (KHTML, like Gecko; compatible; bingbot/2.0; +http://www.bing.com/bingbot.htm) Chrome/116.0.1938.76 Safari/537.36"
207.210.83.200 - - [23/Jun/2026:08:06:43 -0400] "POST /wp-cron.php?doing_wp_cron=1782216403.2212560176849365234375 HTTP/1.1" 200 0 "-" "WordPress/7.0; https://arsitec.cl"
207.210.83.200 - - [23/Jun/2026:08:06:43 -0400] "POST /wp-cron.php?doing_wp_cron=1782216403.7852199077606201171875 HTTP/1.1" 200 0 "-" "WordPress/7.0; https://arsitec.cl"
40.77.167.0 - - [23/Jun/2026:08:06:41 -0400] "GET /wp-content/uploads/2021/04/Motobomba-Di%C3%A9sel-SDP100CLE-KRAFTER-4%E2%80%B3x-4%E2%80%B3-768x768.jpeg HTTP/2" 404 32548 "-" "Mozilla/5.0 AppleWebKit/537.36 (KHTML, like Gecko; compatible; bingbot/2.0; +http://www.bing.com/bingbot.htm) Chrome/116.0.1938.76 Safari/537.36"
23.124.250.161 - - [23/Jun/2026:08:13:48 -0400] "GET / HTTP/2" 200 41289 "-" "Mozilla/5.0 (Linux; Android 8.0; Pixel 2 Build/OPD3.170816.012) AppleWebKit/537.36 (KHTML, like Gecko) Chrome/41.0.8475.1465 Mobile Safari/537.36"
23.124.250.161 - - [23/Jun/2026:08:13:52 -0400] "GET / HTTP/2" 200 35342 "https://arsitec.cl/" "Mozilla/5.0 (Linux; Android 8.0; Pixel 2 Build/OPD3.170816.012) AppleWebKit/537.36 (KHTML, like Gecko) Chrome/41.0.8475.1465 Mobile Safari/537.36"
207.210.83.200 - - [23/Jun/2026:08:13:54 -0400] "POST /wp-cron.php?doing_wp_cron=1782216834.3367249965667724609375 HTTP/1.1" 200 0 "-" "WordPress/7.0; https://arsitec.cl"
207.210.83.200 - - [23/Jun/2026:08:17:21 -0400] "POST /wp-cron.php?doing_wp_cron=1782217041.3405959606170654296875 HTTP/1.1" 200 0 "-" "WordPress/7.0; https://arsitec.cl"
207.210.83.200 - - [23/Jun/2026:08:20:53 -0400] "POST /wp-cron.php?doing_wp_cron=1782217253.4544711112976074218750 HTTP/1.1" 200 0 "-" "WordPress/7.0; https://arsitec.cl"
5.162.84.243 - - [23/Jun/2026:08:20:51 -0400] "GET /jugar-a-maquinas-tragamonedas/ HTTP/1.1" 404 37626 "-" "Mozilla/5.0 (Macintosh; Intel Mac OS X 10_15_4) AppleWebKit/537.36 (KHTML, like Gecko) Chrome/87.0.4280.88 Safari/537.36"
105.79.82.56 - - [23/Jun/2026:08:51:15 -0400] "GET /como-reciclar-y-reutilizar-materiales-de-construccion-ahorra-dinero-al-tiempo-que-protege-el-medio-ambiente/feed HTTP/1.1" 301 0 "-" "Mozilla/5.0 (Windows NT 10.0; Win64; x64) AppleWebKit/537.36 (KHTML, like Gecko) Chrome/131.0.0.0 Safari/537.36"
80.1.106.162 - - [23/Jun/2026:08:54:12 -0400] "GET /wp-json/oembed/1.0/embed?url=https%3A%2F%2Farsitec.cl%2Felevador-de-tijeras%2F HTTP/1.1" 200 1157 "-" "Mozilla/5.0 (Windows NT 10.0; Win64; x64) AppleWebKit/537.36 (KHTML, like Gecko) Chrome/133.0.0.0 Safari/537.36"
207.210.83.200 - - [23/Jun/2026:08:10:34 -0400] "POST /wp-cron.php?doing_wp_cron=1782216634.3940320014953613281250 HTTP/1.1" 200 0 "-" "WordPress/7.0; https://arsitec.cl"
154.159.252.232 - - [23/Jun/2026:08:13:51 -0400] "GET /action-casino-codigo-promocional-y-bonus-code-2025/ HTTP/1.1" 404 37626 "-" "Mozilla/5.0 (Macintosh; Intel Mac OS X 11_2_0) AppleWebKit/537.36 (KHTML, like Gecko) Chrome/88.0.4324.96 Safari/537.36"
151.77.97.207 - - [23/Jun/2026:08:15:34 -0400] "GET /extraccion-agua?add-to-cart=1109 HTTP/1.1" 301 0 "-" "Mozilla/5.0 (Windows NT 10.0; Win64; x64) AppleWebKit/537.36 (KHTML, like Gecko) Chrome/104.0.5112.81 Safari/537.36"
207.210.83.200 - - [23/Jun/2026:08:26:04 -0400] "POST /wp-cron.php?doing_wp_cron=1782217563.9872999191284179687500 HTTP/1.1" 200 0 "-" "WordPress/7.0; https://arsitec.cl"
195.8.50.9 - - [23/Jun/2026:08:38:07 -0400] "GET /jugar-juego-de-casino-ruleta-gratis/ HTTP/1.1" 404 37627 "-" "Mozilla/5.0 (Windows NT 6.1) AppleWebKit/537.36 (KHTML, like Gecko) Chrome/73.0.3683.75 Safari/537.36"
41.122.208.253 - - [23/Jun/2026:08:44:46 -0400] "GET /dos-cruzados-casino-codigo-promocional-y-bonus-code-2025/ HTTP/1.1" 404 37627 "-" "Mozilla/5.0 (Macintosh; Intel Mac OS X 10_12_6) AppleWebKit/537.36 (KHTML, like Gecko) Chrome/101.0.4951.54 Safari/537.36"
207.210.83.200 - - [23/Jun/2026:08:44:48 -0400] "POST /wp-cron.php?doing_wp_cron=1782218688.7559669017791748046875 HTTP/1.1" 200 0 "-" "WordPress/7.0; https://arsitec.cl"
31.165.252.188 - - [23/Jun/2026:08:28:13 -0400] "GET / HTTP/1.1" 200 34303 "-" "Mozilla/5.0 (Windows NT 10.0; Win64; x64) AppleWebKit/537.36 (KHTML, like Gecko) Chrome/124.0.0.0 Safari/537.36"
40.77.167.116 - - [23/Jun/2026:08:33:06 -0400] "GET /the-ten-finest-immigration-regulation-corporations-in-istanbul-turkey/ HTTP/2" 404 32013 "-" "Mozilla/5.0 AppleWebKit/537.36 (KHTML, like Gecko; compatible; bingbot/2.0; +http://www.bing.com/bingbot.htm) Chrome/116.0.1938.76 Safari/537.36"
207.210.83.200 - - [23/Jun/2026:08:33:10 -0400] "POST /wp-cron.php?doing_wp_cron=1782217990.0922698974609375000000 HTTP/1.1" 200 0 "-" "WordPress/7.0; https://arsitec.cl"
40.77.167.116 - - [23/Jun/2026:08:33:12 -0400] "GET /post-sitemap8.xml HTTP/2" 404 32010 "-" "Mozilla/5.0 AppleWebKit/537.36 (KHTML, like Gecko; compatible; bingbot/2.0; +http://www.bing.com/bingbot.htm) Chrome/116.0.1938.76 Safari/537.36"
207.210.83.200 - - [23/Jun/2026:08:38:10 -0400] "POST /wp-cron.php?doing_wp_cron=1782218290.1709721088409423828125 HTTP/1.1" 200 0 "-" "WordPress/7.0; https://arsitec.cl"
207.210.83.200 - - [23/Jun/2026:08:51:17 -0400] "POST /wp-cron.php?doing_wp_cron=1782219077.6178689002990722656250 HTTP/1.1" 200 0 "-" "WordPress/7.0; https://arsitec.cl"
207.210.83.200 - - [23/Jun/2026:08:54:15 -0400] "POST /wp-cron.php?doing_wp_cron=1782219255.3941600322723388671875 HTTP/1.1" 200 0 "-" "WordPress/7.0; https://arsitec.cl"
93.158.91.33 - - [23/Jun/2026:08:57:32 -0400] "GET / HTTP/1.1" 200 39789 "http://arsitec.cl/" "Mozilla/5.0 (Windows NT 10.0; Win64; x64) AppleWebKit/537.36 (KHTML, like Gecko) Chrome/120.0.0.0 Safari/537.36 Viewer/99.9.8853.8"
207.210.83.200 - - [23/Jun/2026:08:59:22 -0400] "POST /wp-cron.php?doing_wp_cron=1782219562.5510149002075195312500 HTTP/1.1" 200 0 "-" "WordPress/7.0; https://arsitec.cl"
1.187.164.42 - - [23/Jun/2026:08:59:19 -0400] "GET /wp-json/oembed/1.0/embed?url=https%3A%2F%2Farsitec.cl%2Fproduct%2Fcortadora-con-piola-cub-cadet%2F HTTP/1.1" 200 1182 "-" "Mozilla/5.0 (Windows NT 10.0; Win64; x64) AppleWebKit/537.36 (KHTML, like Gecko) Chrome/106.0.5249.119 Safari/537.36"
216.73.216.64 - - [23/Jun/2026:08:59:47 -0400] "GET /robots.txt HTTP/2" 200 163 "-" "Mozilla/5.0 AppleWebKit/537.36 (KHTML, like Gecko; compatible; ClaudeBot/1.0; +claudebot@anthropic.com)"
216.73.216.64 - - [23/Jun/2026:08:59:47 -0400] "GET /?feed=xmlsitemap1711 HTTP/2" 200 0 "-" "Mozilla/5.0 AppleWebKit/537.36 (KHTML, like Gecko; compatible; ClaudeBot/1.0; +claudebot@anthropic.com)"
207.210.83.200 - - [23/Jun/2026:09:09:42 -0400] "POST /wp-cron.php?doing_wp_cron=1782220182.4729609489440917968750 HTTP/1.1" 200 0 "-" "WordPress/7.0; https://arsitec.cl"
207.210.83.200 - - [23/Jun/2026:09:16:29 -0400] "POST /wp-cron.php?doing_wp_cron=1782220589.3301930427551269531250 HTTP/1.1" 200 0 "-" "WordPress/7.0; https://arsitec.cl"
207.210.83.200 - - [23/Jun/2026:09:42:26 -0400] "POST /wp-cron.php?doing_wp_cron=1782222146.0981519222259521484375 HTTP/1.1" 200 0 "-" "WordPress/7.0; https://arsitec.cl"
207.210.83.200 - - [23/Jun/2026:09:51:02 -0400] "POST /wp-cron.php?doing_wp_cron=1782222661.9973549842834472656250 HTTP/1.1" 200 0 "-" "WordPress/7.0; https://arsitec.cl"
216.73.216.64 - - [23/Jun/2026:09:09:40 -0400] "GET /tragamonedas-en-l%C3%ADnea/sitemap.xml HTTP/2" 404 32009 "-" "Mozilla/5.0 AppleWebKit/537.36 (KHTML, like Gecko; compatible; ClaudeBot/1.0; +claudebot@anthropic.com)"
207.210.83.200 - - [23/Jun/2026:09:09:43 -0400] "POST /wp-cron.php?doing_wp_cron=1782220183.8837420940399169921875 HTTP/1.1" 200 0 "-" "WordPress/7.0; https://arsitec.cl"
179.127.146.247 - - [23/Jun/2026:09:16:27 -0400] "GET /category/sin-categoria/feed HTTP/1.1" 301 0 "-" "Mozilla/5.0 (Windows NT 10.0; Win64; x64) AppleWebKit/537.36 (KHTML, like Gecko) Chrome/124.0.0.0 Safari/537.36"
45.186.93.21 - - [23/Jun/2026:09:42:23 -0400] "GET /?p=12141 HTTP/1.1" 404 37628 "-" "Mozilla/5.0 (Windows NT 10.0; Win64; x64) AppleWebKit/537.36 (KHTML, like Gecko) Chrome/68.0.3440.106 Safari/537.36"
52.167.144.158 - - [23/Jun/2026:09:48:03 -0400] "GET /?p=20525 HTTP/2" 404 32009 "-" "Mozilla/5.0 AppleWebKit/537.36 (KHTML, like Gecko; compatible; bingbot/2.0; +http://www.bing.com/bingbot.htm) Chrome/116.0.1938.76 Safari/537.36"
102.128.89.108 - - [23/Jun/2026:09:51:00 -0400] "GET /tipos-de-materiales-de-construccion/feed HTTP/1.1" 301 0 "-" "Mozilla/5.0 (Windows NT 10.0; Win64; x64) AppleWebKit/537.36 (KHTML, like Gecko) Chrome/103.0.0.0 Safari/537.36"
121.40.43.154 - - [23/Jun/2026:09:55:14 -0400] "GET / HTTP/1.1" 200 48066 "-" "Mozilla/5.0 (Windows NT 10.0; Win64; x64) AppleWebKit/537.36 (KHTML, like Gecko) Chrome/59.0.3071.115 Safari/537.36"
207.210.83.200 - - [23/Jun/2026:09:59:37 -0400] "POST /wp-cron.php?doing_wp_cron=1782223177.2373919486999511718750 HTTP/1.1" 200 0 "-" "WordPress/7.0; https://arsitec.cl"
40.77.167.73 - - [23/Jun/2026:09:59:34 -0400] "GET /vda-legal-partners HTTP/2" 404 32008 "-" "Mozilla/5.0 AppleWebKit/537.36 (KHTML, like Gecko; compatible; bingbot/2.0; +http://www.bing.com/bingbot.htm) Chrome/116.0.1938.76 Safari/537.36"
49.204.230.239 - - [23/Jun/2026:09:16:32 -0400] "GET /category/sin-categoria/feed/ HTTP/1.1" 200 16644 "https://arsitec.cl/category/sin-categoria/feed" "Mozilla/5.0 (Windows NT 10.0; Win64; x64) AppleWebKit/537.36 (KHTML, like Gecko) Chrome/124.0.0.0 Safari/537.36"
207.210.83.200 - - [23/Jun/2026:09:48:05 -0400] "POST /wp-cron.php?doing_wp_cron=1782222485.9690790176391601562500 HTTP/1.1" 200 0 "-" "WordPress/7.0; https://arsitec.cl"
121.40.43.154 - - [23/Jun/2026:09:55:16 -0400] "GET /wp-content/uploads/2021/04/cropped-artisec_favicon-32x32.png HTTP/1.1" 200 1701 "-" "Mozilla/5.0 (Windows NT 10.0; Win64; x64) AppleWebKit/537.36 (KHTML, like Gecko) Chrome/59.0.3071.115 Safari/537.36"
207.210.83.200 - - [23/Jun/2026:10:09:12 -0400] "POST /wp-cron.php?doing_wp_cron=1782223751.9938070774078369140625 HTTP/1.1" 200 0 "-" "WordPress/7.0; https://arsitec.cl"
8.216.38.130 - - [23/Jun/2026:10:09:10 -0400] "GET /category/sin-categoria/page/16 HTTP/1.1" 301 0 "-" "Mozilla/5.0 (Windows NT 10.0; Win64; x64) AppleWebKit/537.36 (KHTML, like Gecko) Chrome/104.0.5112.81 Safari/537.36"
8.216.38.130 - - [23/Jun/2026:10:09:14 -0400] "GET /category/sin-categoria/page/16/ HTTP/1.1" 200 43530 "https://arsitec.cl/category/sin-categoria/page/16" "Mozilla/5.0 (Windows NT 10.0; Win64; x64) AppleWebKit/537.36 (KHTML, like Gecko) Chrome/104.0.5112.81 Safari/537.36"
207.210.83.200 - - [23/Jun/2026:10:13:10 -0400] "POST /wp-cron.php?doing_wp_cron=1782223990.5216140747070312500000 HTTP/1.1" 200 0 "-" "WordPress/7.0; https://arsitec.cl"
207.210.83.200 - - [23/Jun/2026:10:13:14 -0400] "POST /wp-cron.php?doing_wp_cron=1782223994.2275290489196777343750 HTTP/1.1" 200 0 "-" "WordPress/7.0; https://arsitec.cl"
207.210.83.200 - - [23/Jun/2026:10:13:16 -0400] "GET /motobombas-diesel/?LSCWP_CTRL=before_optm HTTP/1.1" 200 28950 "http://arsitec.cl/wp-cron.php?doing_wp_cron=1782223994.2275290489196777343750" "Mozilla/5.0 (Windows NT 6.3; Win64; x64) AppleWebKit/537.36 (KHTML, like Gecko) Chrome/77.0.3865.90 Safari/537.36"
170.80.122.248 - - [23/Jun/2026:10:13:25 -0400] "GET /como-ganar-a-los-tragamonedas/ HTTP/1.1" 404 37626 "-" "Mozilla/5.0 (Windows NT 6.3; Win64; x64) AppleWebKit/537.36 (KHTML, like Gecko) Brave Chrome/88.0.4324.182 Safari/537.36"
207.210.83.200 - - [23/Jun/2026:10:13:26 -0400] "GET /motobombas-diesel/?LSCWP_CTRL=before_optm HTTP/1.1" 200 28950 "http://arsitec.cl/wp-cron.php?doing_wp_cron=1782223994.2275290489196777343750" "Mozilla/5.0 (Windows NT 6.3; Win64; x64) AppleWebKit/537.36 (KHTML, like Gecko) Chrome/77.0.3865.90 Safari/537.36"
86.105.14.232 - - [23/Jun/2026:10:13:29 -0400] "GET /wp-content/uploads/2021/04/cropped-artisec_favicon-32x32.png HTTP/1.1" 200 1701 "-" "Mozilla/5.0 (Windows NT 6.3; Win64; x64) AppleWebKit/537.36 (KHTML, like Gecko) Chrome/77.0.3865.90 Safari/537.36"
207.210.83.200 - - [23/Jun/2026:10:16:19 -0400] "POST /wp-cron.php?doing_wp_cron=1782224179.4074261188507080078125 HTTP/1.1" 200 0 "-" "WordPress/7.0; https://arsitec.cl"
66.249.65.103 - - [23/Jun/2026:10:16:42 -0400] "GET /construya-la-casa-de-sus-suenos-con-un-prestamo-para-construccion/ HTTP/1.1" 200 36497 "-" "Mozilla/5.0 (compatible; Googlebot/2.1; +http://www.google.com/bot.html)"
17.241.219.240 - - [23/Jun/2026:10:22:00 -0400] "GET /robots.txt HTTP/2" 200 182 "-" "Mozilla/5.0 (Macintosh; Intel Mac OS X 10_15_7) AppleWebKit/605.1.15 (KHTML, like Gecko) Version/17.4 Safari/605.1.15 (Applebot/0.1; +http://www.apple.com/go/applebot)"
207.210.83.200 - - [23/Jun/2026:10:22:02 -0400] "POST /wp-cron.php?doing_wp_cron=1782224522.6582779884338378906250 HTTP/1.1" 200 0 "-" "WordPress/7.0; https://arsitec.cl"
17.241.219.240 - - [23/Jun/2026:10:22:00 -0400] "GET /por-que-deberia-unirse-a-un-curso-de-andamios-y-aparejos-esto-es-lo-que-debe-saber/feed/ HTTP/2" 200 513 "-" "Mozilla/5.0 (Macintosh; Intel Mac OS X 10_15_7) AppleWebKit/605.1.15 (KHTML, like Gecko) Version/17.4 Safari/605.1.15 (Applebot/0.1; +http://www.apple.com/go/applebot)"
122.167.96.25 - - [23/Jun/2026:10:29:48 -0400] "GET /variedad-de-materiales-de-construccion-y-sus-usos/ HTTP/2" 200 36674 "-" "Mozilla/5.0 (Linux; Android 8.0; Pixel 2 Build/OPD3.170816.012) AppleWebKit/537.36 (KHTML, like Gecko) Chrome/59.0.3256.1082 Mobile Safari/537.36"
149.102.234.50 - - [23/Jun/2026:10:36:55 -0400] "GET /logs/ HTTP/1.1" 404 37616 "-" "Mozilla/5.0 (Windows NT 10.0; Win64; x64)"
207.210.83.200 - - [23/Jun/2026:10:37:00 -0400] "GET /category/sin-categoria/page/16/?LSCWP_CTRL=before_optm HTTP/1.1" 200 32545 "http://arsitec.cl/wp-cron.php?doing_wp_cron=1782225418.4971549510955810546875" "Mozilla/5.0 (Windows NT 10.0; Win64; x64) AppleWebKit/537.36 (KHTML, like Gecko) Chrome/104.0.5112.81 Safari/537.36"
207.210.83.200 - - [23/Jun/2026:10:07:07 -0400] "POST /wp-cron.php?doing_wp_cron=1782223627.3707909584045410156250 HTTP/1.1" 200 0 "-" "WordPress/7.0; https://arsitec.cl"
102.207.193.222 - - [23/Jun/2026:10:07:04 -0400] "GET /motobombas-diesel/ HTTP/1.1" 200 29553 "-" "Mozilla/5.0 (Windows NT 6.3; Win64; x64) AppleWebKit/537.36 (KHTML, like Gecko) Chrome/77.0.3865.90 Safari/537.36"
86.105.14.232 - - [23/Jun/2026:10:13:28 -0400] "GET /wp-content/uploads/2021/04/cropped-artisec_favicon-1.png HTTP/1.1" 200 71597 "-" "Mozilla/5.0 (Windows NT 6.3; Win64; x64) AppleWebKit/537.36 (KHTML, like Gecko) Chrome/77.0.3865.90 Safari/537.36"
52.167.144.159 - - [23/Jun/2026:10:13:46 -0400] "GET /casinos-en-guatemala/ HTTP/2" 404 32009 "-" "Mozilla/5.0 AppleWebKit/537.36 (KHTML, like Gecko; compatible; bingbot/2.0; +http://www.bing.com/bingbot.htm) Chrome/116.0.1938.76 Safari/537.36"
207.210.83.200 - - [23/Jun/2026:10:13:51 -0400] "POST /wp-cron.php?doing_wp_cron=1782224030.9916899204254150390625 HTTP/1.1" 200 0 "-" "WordPress/7.0; https://arsitec.cl"
47.254.142.11 - - [23/Jun/2026:10:16:16 -0400] "GET /wp-json/oembed/1.0/embed?format=xml&url=https%3A%2F%2Farsitec.cl%2Fmarcas%2F HTTP/1.1" 200 1108 "-" "Mozilla/5.0 (Windows NT 10.0; Win64; x64) AppleWebKit/537.36 (KHTML, like Gecko) Chrome/133.0.0.0 Safari/537.36"
207.210.83.200 - - [23/Jun/2026:10:30:03 -0400] "POST /wp-cron.php?doing_wp_cron=1782225003.4388539791107177734375 HTTP/1.1" 200 0 "-" "WordPress/7.0; https://arsitec.cl"
207.210.83.200 - - [23/Jun/2026:10:36:58 -0400] "POST /wp-cron.php?doing_wp_cron=1782225418.4971549510955810546875 HTTP/1.1" 200 0 "-" "WordPress/7.0; https://arsitec.cl"
65.108.104.232 - - [23/Jun/2026:10:37:08 -0400] "POST /?rest_route=/litespeed/v1/notify_ucss HTTP/1.1" 200 27 "-" "Mozilla/5.0 AppleWebKit/537.36 (KHTML, like Gecko; compatible; qcbot/1.0; +http://quic.cloud/bot.html) Chrome/112.0.0.0 Safari/537.36"
52.167.144.189 - - [23/Jun/2026:10:07:04 -0400] "GET /italian-citizenship-immigration-regulation/ HTTP/2" 404 32009 "-" "Mozilla/5.0 AppleWebKit/537.36 (KHTML, like Gecko; compatible; bingbot/2.0; +http://www.bing.com/bingbot.htm) Chrome/116.0.1938.76 Safari/537.36"
52.167.144.189 - - [23/Jun/2026:10:13:08 -0400] "GET /ciftci-legislation HTTP/2" 404 32009 "-" "Mozilla/5.0 AppleWebKit/537.36 (KHTML, like Gecko; compatible; bingbot/2.0; +http://www.bing.com/bingbot.htm) Chrome/116.0.1938.76 Safari/537.36"
86.105.14.232 - - [23/Jun/2026:10:13:31 -0400] "POST /?rest_route=/litespeed/v1/notify_ccss HTTP/1.1" 200 27 "-" "Mozilla/5.0 AppleWebKit/537.36 (KHTML, like Gecko; compatible; qcbot/1.0; +http://quic.cloud/bot.html) Chrome/112.0.0.0 Safari/537.36"
176.9.114.118 - - [23/Jun/2026:10:13:33 -0400] "POST /?rest_route=/litespeed/v1/notify_ucss HTTP/1.1" 200 27 "-" "Mozilla/5.0 AppleWebKit/537.36 (KHTML, like Gecko; compatible; qcbot/1.0; +http://quic.cloud/bot.html) Chrome/112.0.0.0 Safari/537.36"
208.84.103.199 - - [23/Jun/2026:10:15:07 -0400] "GET / HTTP/1.1" 200 48066 "-" "Mozilla/5.0 (Windows NT 10.0; Win64; x64; rv:109.0) Gecko/20100101 Firefox/117.0"
208.84.103.199 - - [23/Jun/2026:10:15:08 -0400] "GET /wp-login.php HTTP/1.1" 200 3453 "-" "Mozilla/5.0 (Windows NT 6.1; Win64; x64) Chrome/115.0.0.0 Safari/537.36"
207.210.83.200 - - [23/Jun/2026:10:44:04 -0400] "POST /wp-cron.php?doing_wp_cron=1782225844.1090691089630126953125 HTTP/1.1" 200 0 "-" "WordPress/7.0; https://arsitec.cl"
207.210.83.200 - - [23/Jun/2026:10:44:07 -0400] "GET /construya-la-casa-de-sus-suenos-con-un-prestamo-para-construccion/?LSCWP_CTRL=before_optm HTTP/1.1" 200 34588 "http://arsitec.cl/wp-cron.php?doing_wp_cron=1782225844.1090691089630126953125" "Mozilla/5.0 (compatible; Googlebot/2.1; +http://www.google.com/bot.html)"
8.216.47.86 - - [23/Jun/2026:10:53:45 -0400] "GET /wp-json/oembed/1.0/embed?format=xml&url=https%3A%2F%2Farsitec.cl%2Ftipos-de-materiales-de-construccion%2F HTTP/1.1" 200 1144 "-" "Mozilla/5.0 (Windows NT 10.0; Win64; x64) AppleWebKit/537.36 (KHTML, like Gecko) Chrome/116.0.0.0 Safari/537.36"
207.210.83.200 - - [23/Jun/2026:10:56:21 -0400] "POST /wp-cron.php?doing_wp_cron=1782226581.8379280567169189453125 HTTP/1.1" 200 0 "-" "WordPress/7.0; https://arsitec.cl"
143.198.64.10 - - [23/Jun/2026:11:02:21 -0400] "GET / HTTP/2" 200 40703 "https://www.google.com/search?q=arsitec" "Mozilla/5.0 (Macintosh; Intel Mac OS X 10_15_7) AppleWebKit/605.1.15 (KHTML, like Gecko) Version/16.5 Safari/605.1.15"
207.210.83.200 - - [23/Jun/2026:11:35:13 -0400] "POST /wp-cron.php?doing_wp_cron=1782228913.2841410636901855468750 HTTP/1.1" 200 0 "-" "WordPress/7.0; https://arsitec.cl"
194.246.91.238 - - [23/Jun/2026:11:36:48 -0400] "GET /?p=12953 HTTP/1.1" 200 0 "-" "Mozilla/5.0 (Windows NT 6.1; Win64; x64) AppleWebKit/537.36 (KHTML, like Gecko) Chrome/79.0.3945.117 Safari/537.36"
193.186.4.216 - - [23/Jun/2026:11:41:27 -0400] "GET / HTTP/2" 200 41289 "https://www.google.com/" "Mozilla/5.0 (Linux; Android 10; K) AppleWebKit/537.36 (KHTML, like Gecko) Chrome/149.0.0.0 Mobile Safari/537.36"
66.249.88.164 - - [23/Jun/2026:11:41:27 -0400] "GET /.well-known/traffic-advice HTTP/1.1" 404 37626 "-" "Chrome Privacy Preserving Prefetch Proxy"
157.167.18.180 - - [23/Jun/2026:11:56:34 -0400] "GET / HTTP/1.1" 200 48066 "-" "Mozilla/5.0 (Windows NT 10.0; Win64; x64) AppleWebKit/537.36 (KHTML, like Gecko) Chrome/148.0.0.0 Safari/537.36 Edg/148.0.0.0"
157.167.18.180 - - [23/Jun/2026:11:56:35 -0400] "GET /wp-content/litespeed/ucss/df6264305e6e951234aab6a1f5763a0c.css?ver=e701f HTTP/1.1" 200 11077 "https://arsitec.cl/" "Mozilla/5.0 (Windows NT 10.0; Win64; x64) AppleWebKit/537.36 (KHTML, like Gecko) Chrome/148.0.0.0 Safari/537.36 Edg/148.0.0.0"
157.167.18.180 - - [23/Jun/2026:11:56:35 -0400] "POST /wp-content/plugins/litespeed-cache/guest.vary.php HTTP/1.1" 200 36 "https://arsitec.cl/" "Mozilla/5.0 (Windows NT 10.0; Win64; x64) AppleWebKit/537.36 (KHTML, like Gecko) Chrome/148.0.0.0 Safari/537.36 Edg/148.0.0.0"
157.167.18.180 - - [23/Jun/2026:11:56:35 -0400] "GET /wp-content/plugins/elementor/assets/lib/font-awesome/webfonts/fa-brands-400.woff2 HTTP/1.1" 200 81612 "https://arsitec.cl/wp-content/litespeed/ucss/df6264305e6e951234aab6a1f5763a0c.css?ver=e701f" "Mozilla/5.0 (Windows NT 10.0; Win64; x64) AppleWebKit/537.36 (KHTML, like Gecko) Chrome/148.0.0.0 Safari/537.36 Edg/148.0.0.0"
157.167.18.180 - - [23/Jun/2026:11:56:36 -0400] "GET / HTTP/1.1" 200 40734 "https://arsitec.cl/" "Mozilla/5.0 (Windows NT 10.0; Win64; x64) AppleWebKit/537.36 (KHTML, like Gecko) Chrome/148.0.0.0 Safari/537.36 Edg/148.0.0.0"
157.167.18.180 - - [23/Jun/2026:11:56:36 -0400] "GET /wp-content/litespeed/css/c3a9a86c48186e38dccb7a19ffc51c06.css?ver=51c06 HTTP/1.1" 200 8650 "https://arsitec.cl/" "Mozilla/5.0 (Windows NT 10.0; Win64; x64) AppleWebKit/537.36 (KHTML, like Gecko) Chrome/148.0.0.0 Safari/537.36 Edg/148.0.0.0"
157.167.18.180 - - [23/Jun/2026:11:56:36 -0400] "GET /wp-content/litespeed/css/2e4afe2c8f9d26dae105044a12bc6fbe.css?ver=c6fbe HTTP/1.1" 200 29987 "https://arsitec.cl/" "Mozilla/5.0 (Windows NT 10.0; Win64; x64) AppleWebKit/537.36 (KHTML, like Gecko) Chrome/148.0.0.0 Safari/537.36 Edg/148.0.0.0"
146.190.227.29 - - [23/Jun/2026:10:39:20 -0400] "GET / HTTP/1.1" 200 48066 "-" "Mozilla/5.0 (X11; Linux x86_64) AppleWebKit/537.36 (KHTML, like Gecko) Chrome/142.0.0.0 Safari/537.36"
146.190.227.29 - - [23/Jun/2026:10:39:25 -0400] "GET /wp-content/uploads/2021/04/cropped-artisec_favicon-32x32.png HTTP/1.1" 200 1701 "https://arsitec.cl/" "Mozilla/5.0 (X11; Linux x86_64) AppleWebKit/537.36 (KHTML, like Gecko) Chrome/142.0.0.0 Safari/537.36"
207.210.83.200 - - [23/Jun/2026:10:52:26 -0400] "POST /wp-cron.php?doing_wp_cron=1782226346.6974930763244628906250 HTTP/1.1" 200 0 "-" "WordPress/7.0; https://arsitec.cl"
40.77.167.77 - - [23/Jun/2026:11:03:06 -0400] "GET /post-sitemap8.xml HTTP/2" 404 32009 "-" "Mozilla/5.0 AppleWebKit/537.36 (KHTML, like Gecko; compatible; bingbot/2.0; +http://www.bing.com/bingbot.htm) Chrome/116.0.1938.76 Safari/537.36"
207.210.83.200 - - [23/Jun/2026:11:03:11 -0400] "POST /wp-cron.php?doing_wp_cron=1782226991.9529440402984619140625 HTTP/1.1" 200 0 "-" "WordPress/7.0; https://arsitec.cl"
207.210.83.200 - - [23/Jun/2026:11:35:15 -0400] "POST /wp-cron.php?doing_wp_cron=1782228915.7682020664215087890625 HTTP/1.1" 200 0 "-" "WordPress/7.0; https://arsitec.cl"
207.210.83.200 - - [23/Jun/2026:11:44:07 -0400] "POST /wp-cron.php?doing_wp_cron=1782229447.5006260871887207031250 HTTP/1.1" 200 0 "-" "WordPress/7.0; https://arsitec.cl"
207.210.83.200 - - [23/Jun/2026:11:55:34 -0400] "POST /wp-cron.php?doing_wp_cron=1782230134.9413180351257324218750 HTTP/1.1" 200 0 "-" "WordPress/7.0; https://arsitec.cl"
157.167.18.180 - - [23/Jun/2026:11:56:35 -0400] "GET /wp-content/plugins/elementor/assets/lib/font-awesome/webfonts/fa-solid-900.woff2 HTTP/1.1" 200 78196 "https://arsitec.cl/wp-content/litespeed/ucss/df6264305e6e951234aab6a1f5763a0c.css?ver=e701f" "Mozilla/5.0 (Windows NT 10.0; Win64; x64) AppleWebKit/537.36 (KHTML, like Gecko) Chrome/148.0.0.0 Safari/537.36 Edg/148.0.0.0"
157.167.18.180 - - [23/Jun/2026:11:56:36 -0400] "GET /wp-content/litespeed/css/cca2b5415556e6ec2a3325797aa85461.css?ver=85461 HTTP/1.1" 200 12886 "https://arsitec.cl/" "Mozilla/5.0 (Windows NT 10.0; Win64; x64) AppleWebKit/537.36 (KHTML, like Gecko) Chrome/148.0.0.0 Safari/537.36 Edg/148.0.0.0"
157.167.18.180 - - [23/Jun/2026:11:56:36 -0400] "GET /wp-content/litespeed/css/097909222e24eae1d65bb579a393d039.css?ver=3d039 HTTP/1.1" 200 5391 "https://arsitec.cl/" "Mozilla/5.0 (Windows NT 10.0; Win64; x64) AppleWebKit/537.36 (KHTML, like Gecko) Chrome/148.0.0.0 Safari/537.36 Edg/148.0.0.0"
157.167.18.180 - - [23/Jun/2026:11:56:36 -0400] "GET /wp-content/litespeed/css/e2dd6d287c7ac13c1c74d522ac64da9a.css?ver=4da9a HTTP/1.1" 200 16430 "https://arsitec.cl/" "Mozilla/5.0 (Windows NT 10.0; Win64; x64) AppleWebKit/537.36 (KHTML, like Gecko) Chrome/148.0.0.0 Safari/537.36 Edg/148.0.0.0"
157.167.18.180 - - [23/Jun/2026:11:56:37 -0400] "GET /wp-content/litespeed/css/3ea5b3db9efb576c78e7a971050a8854.css?ver=a8854 HTTP/1.1" 200 372 "https://arsitec.cl/" "Mozilla/5.0 (Windows NT 10.0; Win64; x64) AppleWebKit/537.36 (KHTML, like Gecko) Chrome/148.0.0.0 Safari/537.36 Edg/148.0.0.0"
157.167.18.180 - - [23/Jun/2026:11:56:37 -0400] "GET /wp-content/litespeed/css/bbb48d317fcbd7522bc7978fc5afa98b.css?ver=fa98b HTTP/1.1" 200 134 "https://arsitec.cl/" "Mozilla/5.0 (Windows NT 10.0; Win64; x64) AppleWebKit/537.36 (KHTML, like Gecko) Chrome/148.0.0.0 Safari/537.36 Edg/148.0.0.0"
157.167.18.180 - - [23/Jun/2026:11:56:37 -0400] "GET /wp-content/litespeed/css/840c9225d53cc9c54dfd1dc98bbef8e5.css?ver=ef8e5 HTTP/1.1" 200 586 "https://arsitec.cl/" "Mozilla/5.0 (Windows NT 10.0; Win64; x64) AppleWebKit/537.36 (KHTML, like Gecko) Chrome/148.0.0.0 Safari/537.36 Edg/148.0.0.0"
157.167.18.180 - - [23/Jun/2026:11:56:37 -0400] "GET /wp-content/litespeed/css/6f688d492c4b180545d98a95e003922e.css?ver=3922e HTTP/1.1" 200 12587 "https://arsitec.cl/" "Mozilla/5.0 (Windows NT 10.0; Win64; x64) AppleWebKit/537.36 (KHTML, like Gecko) Chrome/148.0.0.0 Safari/537.36 Edg/148.0.0.0"
52.167.144.222 - - [23/Jun/2026:10:44:01 -0400] "GET /como-se-juega-jackpot-loto-argentina/ HTTP/2" 404 32011 "-" "Mozilla/5.0 AppleWebKit/537.36 (KHTML, like Gecko; compatible; bingbot/2.0; +http://www.bing.com/bingbot.htm) Chrome/116.0.1938.76 Safari/537.36"
66.249.65.102 - - [23/Jun/2026:10:52:21 -0400] "GET /juegos-online-dinero/ HTTP/1.1" 404 25603 "-" "Mozilla/5.0 (Linux; Android 6.0.1; Nexus 5X Build/MMB29P) AppleWebKit/537.36 (KHTML, like Gecko) Chrome/148.0.7778.96 Mobile Safari/537.36 (compatible; Googlebot/2.1; +http://www.google.com/bot.html)"
207.210.83.200 - - [23/Jun/2026:10:53:48 -0400] "POST /wp-cron.php?doing_wp_cron=1782226428.7199759483337402343750 HTTP/1.1" 200 0 "-" "WordPress/7.0; https://arsitec.cl"
156.206.48.169 - - [23/Jun/2026:10:56:19 -0400] "GET /reglas-para-jugar-al-baccarat/ HTTP/1.1" 404 37626 "-" "Mozilla/5.0 (Windows NT 10.0; Win64; x64) AppleWebKit/537.36 (KHTML, like Gecko) Chrome/66.0.3359.139 Safari/537.36"
192.241.133.155 - - [23/Jun/2026:11:02:05 -0400] "GET /wp-content/uploads/2021/04/Motobomba-Die%CC%81sel-SDP100CLE-KRAFTER-4%E2%80%B3x-4%E2%80%B3-300x300.jpeg HTTP/1.1" 200 12669 "https://arsitec.cl/" "Mozilla/5.0 (Windows NT 10.0; Win64; x64) AppleWebKit/537.36 (KHTML, like Gecko) Chrome/107.0.0.0 Safari/537.36"
40.77.167.60 - - [23/Jun/2026:11:35:04 -0400] "GET /cual-es-el-truco-de-la-ruleta-para-ganar-dinero/ HTTP/2" 404 32009 "-" "Mozilla/5.0 AppleWebKit/537.36 (KHTML, like Gecko; compatible; bingbot/2.0; +http://www.bing.com/bingbot.htm) Chrome/116.0.1938.76 Safari/537.36"
72.14.201.216 - - [23/Jun/2026:11:41:29 -0400] "GET /quienes-somos/ HTTP/2" 200 0 "https://www.google.com/" "Mozilla/5.0 (Linux; Android 10; K) AppleWebKit/537.36 (KHTML, like Gecko) Chrome/149.0.0.0 Mobile Safari/537.36"
207.210.83.200 - - [23/Jun/2026:11:41:29 -0400] "POST /wp-cron.php?doing_wp_cron=1782229289.6127760410308837890625 HTTP/1.1" 200 0 "-" "WordPress/7.0; https://arsitec.cl"
113.15.120.87 - - [23/Jun/2026:11:44:04 -0400] "POST /wp-comments-post.php HTTP/1.1" 200 0 "-" "Mozilla/5.0 (Windows NT 10.0; Win64; x64) AppleWebKit/537.36 (KHTML, like Gecko) Chrome/108.0.0.0 Safari/537.36 Edg/108.0.1462.46"
165.50.24.197 - - [23/Jun/2026:11:55:32 -0400] "GET /wp-json/oembed/1.0/embed?format=xml&url=https%3A%2F%2Farsitec.cl%2Fpor-que-las-carpas-de-construccion-son-su-mejor-opcion%2F HTTP/1.1" 200 1182 "-" "Mozilla/5.0 (Windows NT 10.0; Win64; x64) AppleWebKit/537.36 (KHTML, like Gecko) Chrome/116.0.0.0 Safari/537.36"
157.167.18.180 - - [23/Jun/2026:11:56:36 -0400] "GET /wp-content/litespeed/css/0443bbabf16d6f02fd4b36b7a9307bca.css?ver=07bca HTTP/1.1" 200 6478 "https://arsitec.cl/" "Mozilla/5.0 (Windows NT 10.0; Win64; x64) AppleWebKit/537.36 (KHTML, like Gecko) Chrome/148.0.0.0 Safari/537.36 Edg/148.0.0.0"
157.167.18.180 - - [23/Jun/2026:11:56:36 -0400] "GET /wp-content/litespeed/css/889edcb473a5f3351ae57d9de8ca72a8.css?ver=a72a8 HTTP/1.1" 200 4476 "https://arsitec.cl/" "Mozilla/5.0 (Windows NT 10.0; Win64; x64) AppleWebKit/537.36 (KHTML, like Gecko) Chrome/148.0.0.0 Safari/537.36 Edg/148.0.0.0"
157.167.18.180 - - [23/Jun/2026:11:56:37 -0400] "GET /wp-content/litespeed/css/2f3174a0451011cc76608104d8531426.css?ver=31426 HTTP/1.1" 200 1215 "https://arsitec.cl/" "Mozilla/5.0 (Windows NT 10.0; Win64; x64) AppleWebKit/537.36 (KHTML, like Gecko) Chrome/148.0.0.0 Safari/537.36 Edg/148.0.0.0"
157.167.18.180 - - [23/Jun/2026:11:56:37 -0400] "GET /wp-content/litespeed/css/850c8d4c377637148e931605a0951b84.css?ver=51b84 HTTP/1.1" 200 734 "https://arsitec.cl/" "Mozilla/5.0 (Windows NT 10.0; Win64; x64) AppleWebKit/537.36 (KHTML, like Gecko) Chrome/148.0.0.0 Safari/537.36 Edg/148.0.0.0"
157.167.18.180 - - [23/Jun/2026:11:56:37 -0400] "GET /wp-content/litespeed/js/dd5d49ff0dcde108cb8fe3383f6a15aa.js?ver=a15aa HTTP/1.1" 200 3542 "https://arsitec.cl/" "Mozilla/5.0 (Windows NT 10.0; Win64; x64) AppleWebKit/537.36 (KHTML, like Gecko) Chrome/148.0.0.0 Safari/537.36 Edg/148.0.0.0"
157.167.18.180 - - [23/Jun/2026:11:56:36 -0400] "GET /wp-content/litespeed/css/bf0db43cf408ad2fa44362e9df2eb828.css?ver=eb828 HTTP/1.1" 200 1130 "https://arsitec.cl/" "Mozilla/5.0 (Windows NT 10.0; Win64; x64) AppleWebKit/537.36 (KHTML, like Gecko) Chrome/148.0.0.0 Safari/537.36 Edg/148.0.0.0"
157.167.18.180 - - [23/Jun/2026:11:56:36 -0400] "GET /wp-content/litespeed/css/6b2d3f545d7dda59e609024a1edb5557.css?ver=b5557 HTTP/1.1" 200 1997 "https://arsitec.cl/" "Mozilla/5.0 (Windows NT 10.0; Win64; x64) AppleWebKit/537.36 (KHTML, like Gecko) Chrome/148.0.0.0 Safari/537.36 Edg/148.0.0.0"
157.167.18.180 - - [23/Jun/2026:11:56:36 -0400] "GET /wp-content/litespeed/css/a806ad6f9b4c9c6c49f55f4b1f44c31a.css?ver=4c31a HTTP/1.1" 200 2454 "https://arsitec.cl/" "Mozilla/5.0 (Windows NT 10.0; Win64; x64) AppleWebKit/537.36 (KHTML, like Gecko) Chrome/148.0.0.0 Safari/537.36 Edg/148.0.0.0"
157.167.18.180 - - [23/Jun/2026:11:56:36 -0400] "GET /wp-content/litespeed/css/69cb44c11b651dc17fc4a3fd3cf50948.css?ver=50948 HTTP/1.1" 200 404 "https://arsitec.cl/" "Mozilla/5.0 (Windows NT 10.0; Win64; x64) AppleWebKit/537.36 (KHTML, like Gecko) Chrome/148.0.0.0 Safari/537.36 Edg/148.0.0.0"
157.167.18.180 - - [23/Jun/2026:11:56:36 -0400] "GET /wp-content/litespeed/css/a427274399759dbacec2e3de72be8702.css?ver=e8702 HTTP/1.1" 200 7269 "https://arsitec.cl/" "Mozilla/5.0 (Windows NT 10.0; Win64; x64) AppleWebKit/537.36 (KHTML, like Gecko) Chrome/148.0.0.0 Safari/537.36 Edg/148.0.0.0"
157.167.18.180 - - [23/Jun/2026:11:56:36 -0400] "GET /wp-content/litespeed/css/0bcb623f869fbf22de9fbacf675099a1.css?ver=099a1 HTTP/1.1" 200 160 "https://arsitec.cl/" "Mozilla/5.0 (Windows NT 10.0; Win64; x64) AppleWebKit/537.36 (KHTML, like Gecko) Chrome/148.0.0.0 Safari/537.36 Edg/148.0.0.0"
157.167.18.180 - - [23/Jun/2026:11:56:37 -0400] "GET /wp-content/litespeed/css/791aec0d82c5a5776ebbae24fab9e7af.css?ver=9e7af HTTP/1.1" 200 331 "https://arsitec.cl/" "Mozilla/5.0 (Windows NT 10.0; Win64; x64) AppleWebKit/537.36 (KHTML, like Gecko) Chrome/148.0.0.0 Safari/537.36 Edg/148.0.0.0"
157.167.18.180 - - [23/Jun/2026:11:56:37 -0400] "GET /wp-content/litespeed/css/5b37292e291cd49e617f1580cd18d0e2.css?ver=8d0e2 HTTP/1.1" 200 771 "https://arsitec.cl/" "Mozilla/5.0 (Windows NT 10.0; Win64; x64) AppleWebKit/537.36 (KHTML, like Gecko) Chrome/148.0.0.0 Safari/537.36 Edg/148.0.0.0"
157.167.18.180 - - [23/Jun/2026:11:56:37 -0400] "GET /wp-content/litespeed/css/34cfb5be9c776f72d003ae457a3fceb4.css?ver=fceb4 HTTP/1.1" 200 0 "https://arsitec.cl/" "Mozilla/5.0 (Windows NT 10.0; Win64; x64) AppleWebKit/537.36 (KHTML, like Gecko) Chrome/148.0.0.0 Safari/537.36 Edg/148.0.0.0"
157.167.18.180 - - [23/Jun/2026:11:56:37 -0400] "GET /wp-content/litespeed/css/84b040346ce5103a0c41b910186b6dfb.css?ver=b6dfb HTTP/1.1" 200 8135 "https://arsitec.cl/" "Mozilla/5.0 (Windows NT 10.0; Win64; x64) AppleWebKit/537.36 (KHTML, like Gecko) Chrome/148.0.0.0 Safari/537.36 Edg/148.0.0.0"
157.167.18.180 - - [23/Jun/2026:11:56:37 -0400] "GET /wp-content/litespeed/css/25926e580fa193e0b003da5b42587955.css?ver=87955 HTTP/1.1" 200 346 "https://arsitec.cl/" "Mozilla/5.0 (Windows NT 10.0; Win64; x64) AppleWebKit/537.36 (KHTML, like Gecko) Chrome/148.0.0.0 Safari/537.36 Edg/148.0.0.0"
157.167.18.180 - - [23/Jun/2026:11:56:37 -0400] "GET /wp-content/litespeed/css/586d569a8a8092363ea0c7347f968d21.css?ver=68d21 HTTP/1.1" 200 345 "https://arsitec.cl/" "Mozilla/5.0 (Windows NT 10.0; Win64; x64) AppleWebKit/537.36 (KHTML, like Gecko) Chrome/148.0.0.0 Safari/537.36 Edg/148.0.0.0"
157.167.18.180 - - [23/Jun/2026:11:56:37 -0400] "GET /wp-content/uploads/2026/06/cat_construccion-1.png HTTP/1.1" 200 1113039 "https://arsitec.cl/" "Mozilla/5.0 (Windows NT 10.0; Win64; x64) AppleWebKit/537.36 (KHTML, like Gecko) Chrome/148.0.0.0 Safari/537.36 Edg/148.0.0.0"
157.167.18.180 - - [23/Jun/2026:11:56:37 -0400] "GET /wp-content/uploads/2026/06/cat_forestal-1.png HTTP/1.1" 200 1192002 "https://arsitec.cl/" "Mozilla/5.0 (Windows NT 10.0; Win64; x64) AppleWebKit/537.36 (KHTML, like Gecko) Chrome/148.0.0.0 Safari/537.36 Edg/148.0.0.0"
157.167.18.180 - - [23/Jun/2026:11:56:37 -0400] "GET /wp-content/plugins/elementor/assets/lib/font-awesome/webfonts/fa-solid-900.woff2 HTTP/1.1" 206 1 "https://arsitec.cl/wp-content/litespeed/css/cca2b5415556e6ec2a3325797aa85461.css?ver=85461" "Mozilla/5.0 (Windows NT 10.0; Win64; x64) AppleWebKit/537.36 (KHTML, like Gecko) Chrome/148.0.0.0 Safari/537.36 Edg/148.0.0.0"
157.167.18.180 - - [23/Jun/2026:11:56:38 -0400] "GET /wp-content/litespeed/css/d284da9186d398a7ed006c00f3d7e7dd.css?ver=7e7dd HTTP/1.1" 200 1022 "https://arsitec.cl/" "Mozilla/5.0 (Windows NT 10.0; Win64; x64) AppleWebKit/537.36 (KHTML, like Gecko) Chrome/148.0.0.0 Safari/537.36 Edg/148.0.0.0"
157.167.18.180 - - [23/Jun/2026:11:56:37 -0400] "GET /wp-content/uploads/2026/06/cat_elevacion-1.png HTTP/1.1" 200 989090 "https://arsitec.cl/" "Mozilla/5.0 (Windows NT 10.0; Win64; x64) AppleWebKit/537.36 (KHTML, like Gecko) Chrome/148.0.0.0 Safari/537.36 Edg/148.0.0.0"
157.167.18.180 - - [23/Jun/2026:11:56:38 -0400] "GET /wp-content/plugins/elementor/assets/lib/font-awesome/webfonts/fa-brands-400.woff2 HTTP/1.1" 206 32913 "https://arsitec.cl/wp-content/litespeed/css/cca2b5415556e6ec2a3325797aa85461.css?ver=85461" "Mozilla/5.0 (Windows NT 10.0; Win64; x64) AppleWebKit/537.36 (KHTML, like Gecko) Chrome/148.0.0.0 Safari/537.36 Edg/148.0.0.0"
157.167.18.180 - - [23/Jun/2026:11:56:38 -0400] "GET /wp-content/litespeed/css/ce354cd173e711f330a32e0dc2fec8e9.css?ver=ec8e9 HTTP/1.1" 200 434 "https://arsitec.cl/" "Mozilla/5.0 (Windows NT 10.0; Win64; x64) AppleWebKit/537.36 (KHTML, like Gecko) Chrome/148.0.0.0 Safari/537.36 Edg/148.0.0.0"
157.167.18.180 - - [23/Jun/2026:11:56:38 -0400] "GET /wp-content/litespeed/js/3879f30cdf00e2a21b10463862a6293d.js?ver=6293d HTTP/1.1" 200 4871 "https://arsitec.cl/" "Mozilla/5.0 (Windows NT 10.0; Win64; x64) AppleWebKit/537.36 (KHTML, like Gecko) Chrome/148.0.0.0 Safari/537.36 Edg/148.0.0.0"
157.167.18.180 - - [23/Jun/2026:11:56:38 -0400] "GET /wp-content/uploads/2026/06/cat_drenaje-1.png HTTP/1.1" 200 1144757 "https://arsitec.cl/" "Mozilla/5.0 (Windows NT 10.0; Win64; x64) AppleWebKit/537.36 (KHTML, like Gecko) Chrome/148.0.0.0 Safari/537.36 Edg/148.0.0.0"
157.167.18.180 - - [23/Jun/2026:11:56:38 -0400] "GET /wp-content/litespeed/js/c48de76923525a238c5ed093dda76dda.js?ver=76dda HTTP/1.1" 200 15905 "https://arsitec.cl/" "Mozilla/5.0 (Windows NT 10.0; Win64; x64) AppleWebKit/537.36 (KHTML, like Gecko) Chrome/148.0.0.0 Safari/537.36 Edg/148.0.0.0"
157.167.18.180 - - [23/Jun/2026:11:56:38 -0400] "GET /wp-content/litespeed/js/37e04c7a5e095099ce71a1bc82cf72f3.js?ver=f72f3 HTTP/1.1" 200 2551 "https://arsitec.cl/" "Mozilla/5.0 (Windows NT 10.0; Win64; x64) AppleWebKit/537.36 (KHTML, like Gecko) Chrome/148.0.0.0 Safari/537.36 Edg/148.0.0.0"
157.167.18.180 - - [23/Jun/2026:11:56:38 -0400] "GET /wp-content/litespeed/js/2828f4a0cbc6cce68392488f47599d38.js?ver=99d38 HTTP/1.1" 200 7106 "https://arsitec.cl/" "Mozilla/5.0 (Windows NT 10.0; Win64; x64) AppleWebKit/537.36 (KHTML, like Gecko) Chrome/148.0.0.0 Safari/537.36 Edg/148.0.0.0"
157.167.18.180 - - [23/Jun/2026:11:56:38 -0400] "GET /wp-content/litespeed/js/04b6c9a7364c4149177d1900dbaaeaa9.js?ver=aeaa9 HTTP/1.1" 200 4818 "https://arsitec.cl/" "Mozilla/5.0 (Windows NT 10.0; Win64; x64) AppleWebKit/537.36 (KHTML, like Gecko) Chrome/148.0.0.0 Safari/537.36 Edg/148.0.0.0"
157.167.18.180 - - [23/Jun/2026:11:56:38 -0400] "GET /wp-content/litespeed/js/c2ee4e6293c0ddb8fa49131325731f4b.js?ver=31f4b HTTP/1.1" 200 1145 "https://arsitec.cl/" "Mozilla/5.0 (Windows NT 10.0; Win64; x64) AppleWebKit/537.36 (KHTML, like Gecko) Chrome/148.0.0.0 Safari/537.36 Edg/148.0.0.0"
157.167.18.180 - - [23/Jun/2026:11:56:38 -0400] "GET /wp-content/litespeed/js/83b6726f2dae32b977c67d32e371ae30.js?ver=1ae30 HTTP/1.1" 200 7086 "https://arsitec.cl/" "Mozilla/5.0 (Windows NT 10.0; Win64; x64) AppleWebKit/537.36 (KHTML, like Gecko) Chrome/148.0.0.0 Safari/537.36 Edg/148.0.0.0"
157.167.18.180 - - [23/Jun/2026:11:56:37 -0400] "GET /wp-includes/js/jquery/jquery.min.js HTTP/1.1" 200 30412 "https://arsitec.cl/" "Mozilla/5.0 (Windows NT 10.0; Win64; x64) AppleWebKit/537.36 (KHTML, like Gecko) Chrome/148.0.0.0 Safari/537.36 Edg/148.0.0.0"
157.167.18.180 - - [23/Jun/2026:11:56:37 -0400] "GET /wp-content/litespeed/js/13a475fcec2662ea3a0b3273716bedf0.js?ver=bedf0 HTTP/1.1" 200 834 "https://arsitec.cl/" "Mozilla/5.0 (Windows NT 10.0; Win64; x64) AppleWebKit/537.36 (KHTML, like Gecko) Chrome/148.0.0.0 Safari/537.36 Edg/148.0.0.0"
157.167.18.180 - - [23/Jun/2026:11:56:37 -0400] "GET /wp-content/uploads/2026/06/cat_energia-1.png HTTP/1.1" 200 888644 "https://arsitec.cl/" "Mozilla/5.0 (Windows NT 10.0; Win64; x64) AppleWebKit/537.36 (KHTML, like Gecko) Chrome/148.0.0.0 Safari/537.36 Edg/148.0.0.0"
