File: /home/ascacl/access-logs/elpapiro.asca.cl
207.210.83.200 - - [15/Jun/2026:08:34:25 -0400] "POST /wp-cron.php?doing_wp_cron=1781526865.7639400959014892578125 HTTP/1.1" 200 0 "-" "WordPress/7.0; https://elpapiro.cl"
216.244.66.250 - - [15/Jun/2026:08:34:23 -0400] "GET /page/2/?add-to-cart=147 HTTP/1.1" 301 0 "-" "Mozilla/5.0 (compatible; DotBot/1.2; +https://opensiteexplorer.org/dotbot; help@moz.com)"
216.244.66.250 - - [15/Jun/2026:08:34:45 -0400] "GET /tienda/product/marcos-diplomas-licenciaturas/?add-to-cart=6101 HTTP/1.1" 301 795 "-" "Mozilla/5.0 (compatible; DotBot/1.2; +https://opensiteexplorer.org/dotbot; help@moz.com)"
216.244.66.250 - - [15/Jun/2026:08:34:52 -0400] "GET /tienda/product/vinilo-de-corte-blanco-mt-061/?add-to-cart=6223 HTTP/1.1" 301 795 "-" "Mozilla/5.0 (compatible; DotBot/1.2; +https://opensiteexplorer.org/dotbot; help@moz.com)"
207.210.83.200 - - [15/Jun/2026:09:17:57 -0400] "POST /wp-cron.php?doing_wp_cron=1781529477.6297399997711181640625 HTTP/1.1" 200 0 "-" "WordPress/7.0; https://elpapiro.cl"
216.244.66.250 - - [15/Jun/2026:09:17:55 -0400] "GET /page/3/?add-to-cart=2988 HTTP/1.1" 301 0 "-" "Mozilla/5.0 (compatible; DotBot/1.2; +https://opensiteexplorer.org/dotbot; help@moz.com)"
207.210.83.200 - - [15/Jun/2026:10:01:22 -0400] "POST /wp-cron.php?doing_wp_cron=1781532082.7831718921661376953125 HTTP/1.1" 200 0 "-" "WordPress/7.0; https://elpapiro.cl"
207.210.83.200 - - [15/Jun/2026:10:31:21 -0400] "GET /.well-known/acme-challenge/WOSUNE488-442FAUT15QUCA5JO_ESMLP HTTP/1.1" 200 64 "-" "Cpanel-HTTP-Client/1.0"
207.210.83.200 - - [15/Jun/2026:10:31:22 -0400] "GET /.well-known/acme-challenge/46M-4DHR7XMG_V1EMC2INDBGCNQURLXK HTTP/1.1" 200 64 "-" "Cpanel-HTTP-Client/1.0"
108.53.51.127 - - [15/Jun/2026:10:31:49 -0400] "GET /wp-json/wp/v2/posts HTTP/1.1" 200 36587 "-" "Mozilla/5.0 (Windows NT 10.0; Win64; x64) AppleWebKit/537.36 (KHTML, like Gecko) Chrome/120.0.0.0 Safari/537.36"
216.244.66.250 - - [15/Jun/2026:08:23:28 -0400] "GET /robots.txt HTTP/1.1" 200 115 "-" "Mozilla/5.0 (compatible; DotBot/1.2; +https://opensiteexplorer.org/dotbot; help@moz.com)"
216.244.66.250 - - [15/Jun/2026:08:38:24 -0400] "GET /tienda/product-category/insumos-graficos/?add-to-cart=6223 HTTP/1.1" 301 795 "-" "Mozilla/5.0 (compatible; DotBot/1.2; +https://opensiteexplorer.org/dotbot; help@moz.com)"
216.244.66.250 - - [15/Jun/2026:08:38:30 -0400] "GET /tienda/product-category/marcos/?add-to-cart=6100 HTTP/1.1" 301 795 "-" "Mozilla/5.0 (compatible; DotBot/1.2; +https://opensiteexplorer.org/dotbot; help@moz.com)"
216.244.66.250 - - [15/Jun/2026:08:38:35 -0400] "GET /tienda/product/campana-de-mail-marketing/?add-to-cart=6523 HTTP/1.1" 301 795 "-" "Mozilla/5.0 (compatible; DotBot/1.2; +https://opensiteexplorer.org/dotbot; help@moz.com)"
216.244.66.250 - - [15/Jun/2026:09:07:03 -0400] "GET /robots.txt HTTP/1.1" 200 115 "-" "Mozilla/5.0 (compatible; DotBot/1.2; +https://opensiteexplorer.org/dotbot; help@moz.com)"
43.157.38.228 - - [15/Jun/2026:10:01:20 -0400] "GET / HTTP/1.1" 301 0 "-" "Mozilla/5.0 (iPhone; CPU iPhone OS 13_2_3 like Mac OS X) AppleWebKit/605.1.15 (KHTML, like Gecko) Version/13.0.3 Mobile/15E148 Safari/604.1"
207.210.83.200 - - [15/Jun/2026:10:31:22 -0400] "GET /.well-known/acme-challenge/R2FVGON1UQHELRN_AN8JBX9E5S4NIMYH HTTP/1.1" 200 64 "-" "Cpanel-HTTP-Client/1.0"
207.210.83.200 - - [15/Jun/2026:10:31:51 -0400] "POST /wp-cron.php?doing_wp_cron=1781533911.4317960739135742187500 HTTP/1.1" 200 0 "-" "WordPress/7.0; https://elpapiro.cl"
172.69.24.4 - - [15/Jun/2026:11:23:59 -0400] "GET /.well-known/acme-challenge/jY9dQmu0eX50m9EBhru4ypshWDxHPoAywf9yHkDppZ4 HTTP/1.1" 404 1251 "-" "bushbaby/2026.6.5"
207.210.83.200 - - [15/Jun/2026:11:54:49 -0400] "POST /wp-cron.php?doing_wp_cron=1781538889.2259399890899658203125 HTTP/1.1" 200 0 "-" "WordPress/7.0; https://elpapiro.cl"
207.210.83.200 - - [15/Jun/2026:12:23:35 -0400] "POST /wp-cron.php?doing_wp_cron=1781540615.7558479309082031250000 HTTP/1.1" 200 0 "-" "WordPress/7.0; https://elpapiro.cl"
84.252.113.52 - - [15/Jun/2026:12:23:34 -0400] "GET / HTTP/1.1" 301 0 "-" "Mozilla/5.0 (Windows NT 10.0; Win64; x64) AppleWebKit/537.36 (KHTML, like Gecko) Chrome/110.0.0.0 Safari/537.36"
85.208.98.23 - - [15/Jun/2026:12:23:38 -0400] "GET /robots.txt HTTP/1.1" 200 109 "-" "Mozilla/5.0 (compatible; SemrushBot-BA; +http://www.semrush.com/bot.html)"
66.249.74.135 - - [15/Jun/2026:11:21:15 -0400] "GET /robots.txt HTTP/1.1" 301 0 "-" "Mozilla/5.0 (compatible; Googlebot/2.1; +http://www.google.com/bot.html)"
66.249.74.74 - - [15/Jun/2026:11:21:15 -0400] "GET /robots.txt HTTP/1.1" 200 93 "-" "Mozilla/5.0 (compatible; Googlebot/2.1; +http://www.google.com/bot.html)"
172.69.24.4 - - [15/Jun/2026:11:23:59 -0400] "GET /.well-known/acme-challenge/jY9dQmu0eX50m9EBhru4ypshWDxHPoAywf9yHkDppZ4 HTTP/1.1" 404 1251 "-" "bushbaby/2026.6.5"
66.249.74.74 - - [15/Jun/2026:11:54:03 -0400] "GET /robots.txt HTTP/1.1" 200 93 "-" "Mozilla/5.0 (compatible; Googlebot/2.1; +http://www.google.com/bot.html)"
66.249.74.73 - - [15/Jun/2026:11:54:44 -0400] "GET /Juego-en-linea/casinos-con-dep%C3%B3sito.html HTTP/1.1" 404 33253 "-" "Mozilla/5.0 (Linux; Android 6.0.1; Nexus 5X Build/MMB29P) AppleWebKit/537.36 (KHTML, like Gecko) Chrome/148.0.7778.96 Mobile Safari/537.36 (compatible; Googlebot/2.1; +http://www.google.com/bot.html)"
207.210.83.200 - - [15/Jun/2026:12:52:13 -0400] "POST /wp-cron.php?doing_wp_cron=1781542333.8664939403533935546875 HTTP/1.1" 200 0 "-" "WordPress/7.0; https://elpapiro.cl"
66.249.74.74 - - [15/Jun/2026:12:52:07 -0400] "GET /Juego-en-linea/descargar-aplicaci%C3%B3n-de-ruleta.html HTTP/1.1" 404 33282 "-" "Mozilla/5.0 (Linux; Android 6.0.1; Nexus 5X Build/MMB29P) AppleWebKit/537.36 (KHTML, like Gecko) Chrome/148.0.7778.96 Mobile Safari/537.36 (compatible; Googlebot/2.1; +http://www.google.com/bot.html)"
186.106.27.40 - - [15/Jun/2026:12:59:06 -0400] "GET / HTTP/1.1" 301 0 "-" "Mozilla/5.0 (X11; Linux x86_64) AppleWebKit/537.36 (KHTML, like Gecko) Chrome/120.0.0.0 Safari/537.36"
43.153.74.75 - - [15/Jun/2026:13:20:20 -0400] "GET / HTTP/1.1" 301 0 "-" "Mozilla/5.0 (iPhone; CPU iPhone OS 13_2_3 like Mac OS X) AppleWebKit/605.1.15 (KHTML, like Gecko) Version/13.0.3 Mobile/15E148 Safari/604.1"
207.210.83.200 - - [15/Jun/2026:13:22:56 -0400] "POST /wp-cron.php?doing_wp_cron=1781544176.6896979808807373046875 HTTP/1.1" 200 0 "-" "WordPress/7.0; https://elpapiro.cl"
216.244.66.250 - - [15/Jun/2026:13:26:40 -0400] "GET /robots.txt HTTP/1.1" 200 115 "-" "Mozilla/5.0 (compatible; DotBot/1.2; +https://opensiteexplorer.org/dotbot; help@moz.com)"
207.210.83.200 - - [15/Jun/2026:13:20:22 -0400] "POST /wp-cron.php?doing_wp_cron=1781544022.6483170986175537109375 HTTP/1.1" 200 0 "-" "WordPress/7.0; https://elpapiro.cl"
216.24.212.75 - - [15/Jun/2026:13:22:52 -0400] "GET /por-que-utilizar-un-dominio-co-para-su-publicidad/ HTTP/1.0" 404 173868 "http://elpapiro.cl/por-que-utilizar-un-dominio-co-para-su-publicidad/" "Mozilla/5.0 (Windows NT 10.0; Win64; x64) AppleWebKit/537.36 (KHTML, like Gecko) Chrome/130.0.0.0 Safari/537.36 CCleaner/130.0.0.0"
207.210.83.200 - - [15/Jun/2026:13:31:14 -0400] "GET /.well-known/acme-challenge/0IGES39T1CQQ2E-HHUM61GQ8Z_MUE2JT HTTP/1.1" 200 64 "-" "Cpanel-HTTP-Client/1.0"
216.244.66.250 - - [15/Jun/2026:13:34:11 -0400] "GET /product-tag/impresion-valdivia/feed/ HTTP/1.1" 301 0 "-" "Mozilla/5.0 (compatible; DotBot/1.2; +https://opensiteexplorer.org/dotbot; help@moz.com)"
216.244.66.250 - - [15/Jun/2026:13:35:10 -0400] "GET /?add-to-cart=477 HTTP/1.1" 301 0 "-" "Mozilla/5.0 (compatible; DotBot/1.2; +https://opensiteexplorer.org/dotbot; help@moz.com)"
207.210.83.200 - - [15/Jun/2026:13:31:13 -0400] "GET /.well-known/acme-challenge/TLP3N8YWN7CFEC51910XBCJY2TNACKBV HTTP/1.1" 200 64 "-" "Cpanel-HTTP-Client/1.0"
207.210.83.200 - - [15/Jun/2026:13:31:14 -0400] "GET /.well-known/acme-challenge/WN5-6DF_RMSJPTQN2JIEKEQZ4S0421OK HTTP/1.1" 200 64 "-" "Cpanel-HTTP-Client/1.0"
207.210.83.200 - - [15/Jun/2026:13:52:44 -0400] "POST /wp-cron.php?doing_wp_cron=1781545964.7955789566040039062500 HTTP/1.1" 200 0 "-" "WordPress/7.0; https://elpapiro.cl"
66.249.74.73 - - [15/Jun/2026:13:52:37 -0400] "GET /robots.txt HTTP/1.1" 200 93 "-" "Mozilla/5.0 (compatible; Googlebot/2.1; +http://www.google.com/bot.html)"
66.249.74.74 - - [15/Jun/2026:13:52:40 -0400] "GET /Juego-en-linea/casino-criptomonedas-legal.html HTTP/1.1" 404 33245 "-" "Mozilla/5.0 (Linux; Android 6.0.1; Nexus 5X Build/MMB29P) AppleWebKit/537.36 (KHTML, like Gecko) Chrome/148.0.7778.96 Mobile Safari/537.36 (compatible; Googlebot/2.1; +http://www.google.com/bot.html)"
207.210.83.200 - - [15/Jun/2026:14:10:49 -0400] "POST /wp-cron.php?doing_wp_cron=1781547049.3463859558105468750000 HTTP/1.1" 200 0 "-" "WordPress/7.0; https://elpapiro.cl"
170.106.152.218 - - [15/Jun/2026:14:10:47 -0400] "GET / HTTP/1.1" 301 0 "-" "Mozilla/5.0 (iPhone; CPU iPhone OS 13_2_3 like Mac OS X) AppleWebKit/605.1.15 (KHTML, like Gecko) Version/13.0.3 Mobile/15E148 Safari/604.1"
66.249.74.75 - - [15/Jun/2026:14:23:08 -0400] "GET /Juego-en-linea/jugar-monopoly-live-gratis.html HTTP/1.1" 404 33249 "-" "Mozilla/5.0 (Linux; Android 6.0.1; Nexus 5X Build/MMB29P) AppleWebKit/537.36 (KHTML, like Gecko) Chrome/148.0.7778.96 Mobile Safari/537.36 (compatible; Googlebot/2.1; +http://www.google.com/bot.html)"
66.249.74.74 - - [15/Jun/2026:14:23:27 -0400] "GET /Juego-en-linea/spinrollz-casino-giros-gratis-sin-deposito-hoy.html HTTP/1.1" 404 33254 "-" "Mozilla/5.0 (Linux; Android 6.0.1; Nexus 5X Build/MMB29P) AppleWebKit/537.36 (KHTML, like Gecko) Chrome/148.0.7778.96 Mobile Safari/537.36 (compatible; Googlebot/2.1; +http://www.google.com/bot.html)"
207.210.83.200 - - [15/Jun/2026:14:24:19 -0400] "POST /wp-cron.php?doing_wp_cron=1781547859.8368151187896728515625 HTTP/1.1" 200 0 "-" "WordPress/7.0; https://elpapiro.cl"
34.162.28.167 - - [15/Jun/2026:14:24:18 -0400] "HEAD /wp/ HTTP/1.1" 404 0 "-" "Mozilla/5.0 (Linux; Android 13; Nokia G42 5G) AppleWebKit/537.36 (KHTML, like Gecko) Chrome/126.0.6478.41 Mobile Safari/537.36"
34.162.28.167 - - [15/Jun/2026:14:24:20 -0400] "HEAD /new/ HTTP/1.1" 404 0 "-" "Mozilla/5.0 (Linux; Android 14; Xiaomi 14 Pro) AppleWebKit/537.36 (KHTML, like Gecko) Chrome/126.0.6478.33 Mobile Safari/537.36"
34.162.28.167 - - [15/Jun/2026:14:24:21 -0400] "HEAD / HTTP/1.1" 301 0 "-" "Mozilla/5.0 (Linux; Android 12; Redmi Note 11) AppleWebKit/537.36 (KHTML, like Gecko) Chrome/123.0.6312.112 Mobile Safari/537.36"
34.162.28.167 - - [15/Jun/2026:14:24:25 -0400] "HEAD /wordpress/ HTTP/1.1" 404 0 "-" "Mozilla/5.0 (Linux; Android 10; vivo 1904) AppleWebKit/537.36 (KHTML, like Gecko) Chrome/117.0.5938.60 Mobile Safari/537.36"
34.162.28.167 - - [15/Jun/2026:14:24:26 -0400] "HEAD /old/ HTTP/1.1" 404 0 "-" "Mozilla/5.0 (Linux; Android 11; moto g31) AppleWebKit/537.36 (KHTML, like Gecko) Chrome/122.0.6261.96 Mobile Safari/537.36"
34.162.28.167 - - [15/Jun/2026:14:24:28 -0400] "HEAD /backup/ HTTP/1.1" 404 0 "-" "Mozilla/5.0 (Macintosh; Intel Mac OS X 14_5) AppleWebKit/605.1.15 (KHTML, like Gecko) Version/17.5 Safari/605.1.15"
34.162.28.167 - - [15/Jun/2026:14:24:30 -0400] "HEAD /blog/ HTTP/1.1" 200 0 "-" "Mozilla/5.0 (Linux; Android 10; vivo 1904) AppleWebKit/537.36 (KHTML, like Gecko) Chrome/117.0.5938.60 Mobile Safari/537.36"
207.210.83.200 - - [15/Jun/2026:14:23:13 -0400] "POST /wp-cron.php?doing_wp_cron=1781547793.7115800380706787109375 HTTP/1.1" 200 0 "-" "WordPress/7.0; https://elpapiro.cl"
66.249.74.75 - - [15/Jun/2026:14:54:17 -0400] "GET /robots.txt HTTP/1.1" 200 93 "-" "Mozilla/5.0 (compatible; Googlebot/2.1; +http://www.google.com/bot.html)"
66.249.74.73 - - [15/Jun/2026:14:55:26 -0400] "GET /robots.txt HTTP/1.1" 200 93 "-" "Mozilla/5.0 (compatible; Googlebot/2.1; +http://www.google.com/bot.html)"
207.210.83.200 - - [15/Jun/2026:14:56:17 -0400] "POST /wp-cron.php?doing_wp_cron=1781549777.7483980655670166015625 HTTP/1.1" 200 0 "-" "WordPress/7.0; https://elpapiro.cl"
66.249.74.75 - - [15/Jun/2026:14:56:11 -0400] "GET /Juego-en-linea/jefe-casino-bono-de-bienvenida-primer-deposito-y-giros-gratis.html HTTP/1.1" 404 33263 "-" "Mozilla/5.0 (Linux; Android 6.0.1; Nexus 5X Build/MMB29P) AppleWebKit/537.36 (KHTML, like Gecko) Chrome/148.0.7778.96 Mobile Safari/537.36 (compatible; Googlebot/2.1; +http://www.google.com/bot.html)"
66.249.74.73 - - [15/Jun/2026:14:56:18 -0400] "GET /Juego-en-linea/blackjack-online-con-neosurf.html HTTP/1.1" 404 33276 "-" "Mozilla/5.0 (Linux; Android 6.0.1; Nexus 5X Build/MMB29P) AppleWebKit/537.36 (KHTML, like Gecko) Chrome/148.0.7778.96 Mobile Safari/537.36 (compatible; Googlebot/2.1; +http://www.google.com/bot.html)"
66.249.74.73 - - [15/Jun/2026:14:56:34 -0400] "GET /Juego-en-linea/bondibet-casino-bono-sin-deposito-codigo-exclusivo-2026.html HTTP/1.1" 404 33277 "-" "Mozilla/5.0 (Linux; Android 6.0.1; Nexus 5X Build/MMB29P) AppleWebKit/537.36 (KHTML, like Gecko) Chrome/148.0.7778.96 Mobile Safari/537.36 (compatible; Googlebot/2.1; +http://www.google.com/bot.html)"
172.69.24.71 - - [15/Jun/2026:15:24:08 -0400] "GET /.well-known/acme-challenge/jY9dQmu0eX50m9EBhru4ypshWDxHPoAywf9yHkDppZ4 HTTP/1.1" 404 1251 "-" "bushbaby/2026.6.5"
172.69.24.71 - - [15/Jun/2026:15:24:08 -0400] "GET /.well-known/acme-challenge/jY9dQmu0eX50m9EBhru4ypshWDxHPoAywf9yHkDppZ4 HTTP/1.1" 404 1251 "-" "bushbaby/2026.6.5"
216.244.66.250 - - [15/Jun/2026:15:34:46 -0400] "GET /robots.txt HTTP/1.1" 200 115 "-" "Mozilla/5.0 (compatible; DotBot/1.2; +https://opensiteexplorer.org/dotbot; help@moz.com)"
207.210.83.200 - - [15/Jun/2026:15:44:05 -0400] "POST /wp-cron.php?doing_wp_cron=1781552645.3206019401550292968750 HTTP/1.1" 200 0 "-" "WordPress/7.0; https://elpapiro.cl"
216.244.66.250 - - [15/Jun/2026:15:44:03 -0400] "GET /page/3/ HTTP/1.1" 301 0 "-" "Mozilla/5.0 (compatible; DotBot/1.2; +https://opensiteexplorer.org/dotbot; help@moz.com)"
216.244.66.250 - - [15/Jun/2026:15:42:45 -0400] "GET /product/growler-1-9-lt-cerveza-artesanal/?add-to-cart=6109 HTTP/1.1" 200 0 "-" "Mozilla/5.0 (compatible; DotBot/1.2; +https://opensiteexplorer.org/dotbot; help@moz.com)"
216.244.66.250 - - [15/Jun/2026:15:43:15 -0400] "GET /?add-to-cart=1410 HTTP/1.1" 301 0 "-" "Mozilla/5.0 (compatible; DotBot/1.2; +https://opensiteexplorer.org/dotbot; help@moz.com)"
207.210.83.200 - - [15/Jun/2026:15:44:47 -0400] "POST /wp-cron.php?doing_wp_cron=1781552687.8323678970336914062500 HTTP/1.1" 200 0 "-" "WordPress/7.0; https://elpapiro.cl"
216.244.66.250 - - [15/Jun/2026:15:44:45 -0400] "GET /page/2/?add-to-cart=160 HTTP/1.1" 301 0 "-" "Mozilla/5.0 (compatible; DotBot/1.2; +https://opensiteexplorer.org/dotbot; help@moz.com)"
207.210.83.200 - - [15/Jun/2026:15:53:00 -0400] "POST /wp-cron.php?doing_wp_cron=1781553180.2878239154815673828125 HTTP/1.1" 200 0 "-" "WordPress/7.0; https://elpapiro.cl"
66.249.74.74 - - [15/Jun/2026:15:52:55 -0400] "GET /Juego-en-linea/jugar-tragamonedas-gratis-sin-descargar-ni-registrarse-online.html HTTP/1.1" 404 33260 "-" "Mozilla/5.0 (Linux; Android 6.0.1; Nexus 5X Build/MMB29P) AppleWebKit/537.36 (KHTML, like Gecko) Chrome/148.0.7778.96 Mobile Safari/537.36 (compatible; Googlebot/2.1; +http://www.google.com/bot.html)"
216.244.66.250 - - [15/Jun/2026:16:17:40 -0400] "GET /robots.txt HTTP/1.1" 200 115 "-" "Mozilla/5.0 (compatible; DotBot/1.2; +https://opensiteexplorer.org/dotbot; help@moz.com)"
207.210.83.200 - - [15/Jun/2026:16:24:38 -0400] "POST /wp-cron.php?doing_wp_cron=1781555078.0142669677734375000000 HTTP/1.1" 200 0 "-" "WordPress/7.0; https://elpapiro.cl"
216.244.66.250 - - [15/Jun/2026:16:24:36 -0400] "GET / HTTP/1.1" 301 0 "-" "Mozilla/5.0 (compatible; DotBot/1.2; +https://opensiteexplorer.org/dotbot; help@moz.com)"
207.210.83.200 - - [15/Jun/2026:16:25:52 -0400] "POST /wp-cron.php?doing_wp_cron=1781555152.5083711147308349609375 HTTP/1.1" 200 0 "-" "WordPress/7.0; https://elpapiro.cl"
207.210.83.200 - - [15/Jun/2026:16:23:55 -0400] "POST /wp-cron.php?doing_wp_cron=1781555035.6300299167633056640625 HTTP/1.1" 200 0 "-" "WordPress/7.0; https://elpapiro.cl"
66.249.74.73 - - [15/Jun/2026:16:23:50 -0400] "GET /Juego-en-linea/bono-casino-deposito-1-euro.html HTTP/1.1" 404 33271 "-" "Mozilla/5.0 (Linux; Android 6.0.1; Nexus 5X Build/MMB29P) AppleWebKit/537.36 (KHTML, like Gecko) Chrome/148.0.7778.96 Mobile Safari/537.36 (compatible; Googlebot/2.1; +http://www.google.com/bot.html)"
216.244.66.250 - - [15/Jun/2026:16:25:49 -0400] "GET /page/4/ HTTP/1.1" 301 0 "-" "Mozilla/5.0 (compatible; DotBot/1.2; +https://opensiteexplorer.org/dotbot; help@moz.com)"
66.249.74.74 - - [15/Jun/2026:16:23:29 -0400] "GET /robots.txt HTTP/1.1" 200 93 "-" "Mozilla/5.0 (compatible; Googlebot/2.1; +http://www.google.com/bot.html)"
207.210.83.200 - - [15/Jun/2026:16:31:18 -0400] "GET /.well-known/acme-challenge/KZHKYEHF7OPNH3OP7URQPUBBTRJ6SBIR HTTP/1.1" 200 64 "-" "Cpanel-HTTP-Client/1.0"
195.96.139.177 - - [15/Jun/2026:16:32:33 -0400] "GET / HTTP/1.1" 301 0 "-" "Mozilla/5.0 (compatible; InternetMeasurement/1.0; +https://internet-measurement.com/)"
207.210.83.200 - - [15/Jun/2026:16:31:16 -0400] "GET /.well-known/acme-challenge/SXXM_XLQWLST3WGN0LC4_A_J6QJXW5N3 HTTP/1.1" 200 64 "-" "Cpanel-HTTP-Client/1.0"
207.210.83.200 - - [15/Jun/2026:16:31:18 -0400] "GET /.well-known/acme-challenge/9D0NC8QJN-5BNN4DQ6572YXRF3Q2-9HX HTTP/1.1" 200 64 "-" "Cpanel-HTTP-Client/1.0"
207.210.83.200 - - [15/Jun/2026:16:32:35 -0400] "POST /wp-cron.php?doing_wp_cron=1781555555.6976549625396728515625 HTTP/1.1" 200 0 "-" "WordPress/7.0; https://elpapiro.cl"
207.210.83.200 - - [15/Jun/2026:16:55:59 -0400] "POST /wp-cron.php?doing_wp_cron=1781556959.0418059825897216796875 HTTP/1.1" 200 0 "-" "WordPress/7.0; https://elpapiro.cl"
66.249.74.75 - - [15/Jun/2026:16:55:53 -0400] "GET /Juego-en-linea/fortunejack-casino-bono-de-bienvenida-primer-deposito-y-giros-gratis.html HTTP/1.1" 404 33378 "-" "Mozilla/5.0 (Linux; Android 6.0.1; Nexus 5X Build/MMB29P) AppleWebKit/537.36 (KHTML, like Gecko) Chrome/148.0.7778.96 Mobile Safari/537.36 (compatible; Googlebot/2.1; +http://www.google.com/bot.html)"
207.210.83.200 - - [15/Jun/2026:16:59:58 -0400] "POST /wp-cron.php?doing_wp_cron=1781557198.5994219779968261718750 HTTP/1.1" 200 0 "-" "WordPress/7.0; https://elpapiro.cl"
34.123.170.104 - - [15/Jun/2026:16:59:57 -0400] "GET / HTTP/1.1" 301 0 "-" "Mozilla/5.0 (X11; Linux x86_64) AppleWebKit/537.36 (KHTML, like Gecko) Chrome/125.0.0.0 Safari/537.36"
66.249.74.75 - - [15/Jun/2026:17:23:58 -0400] "GET /robots.txt HTTP/1.1" 200 93 "-" "Mozilla/5.0 (compatible; Googlebot/2.1; +http://www.google.com/bot.html)"
207.210.83.200 - - [15/Jun/2026:17:24:14 -0400] "POST /wp-cron.php?doing_wp_cron=1781558654.8678500652313232421875 HTTP/1.1" 200 0 "-" "WordPress/7.0; https://elpapiro.cl"
66.249.74.74 - - [15/Jun/2026:17:24:10 -0400] "GET /Juego-en-linea/descargar-casino-tablet.html HTTP/1.1" 404 33201 "-" "Mozilla/5.0 (Linux; Android 6.0.1; Nexus 5X Build/MMB29P) AppleWebKit/537.36 (KHTML, like Gecko) Chrome/148.0.7778.96 Mobile Safari/537.36 (compatible; Googlebot/2.1; +http://www.google.com/bot.html)"
66.249.74.73 - - [15/Jun/2026:17:24:21 -0400] "GET /Juego-en-linea/jugar-slots-3-rodillos.html HTTP/1.1" 404 33235 "-" "Mozilla/5.0 (Linux; Android 6.0.1; Nexus 5X Build/MMB29P) AppleWebKit/537.36 (KHTML, like Gecko) Chrome/148.0.7778.96 Mobile Safari/537.36 (compatible; Googlebot/2.1; +http://www.google.com/bot.html)"
66.249.74.75 - - [15/Jun/2026:17:53:18 -0400] "GET /Juego-en-linea/el-casino-de-l-arrabassada.html HTTP/1.1" 404 33248 "-" "Mozilla/5.0 (Linux; Android 6.0.1; Nexus 5X Build/MMB29P) AppleWebKit/537.36 (KHTML, like Gecko) Chrome/148.0.7778.96 Mobile Safari/537.36 (compatible; Googlebot/2.1; +http://www.google.com/bot.html)"
216.244.66.250 - - [15/Jun/2026:17:54:47 -0400] "GET /product-category/marketing-digital/page/2/?add-to-cart=6513 HTTP/1.1" 404 173884 "-" "Mozilla/5.0 (compatible; DotBot/1.2; +https://opensiteexplorer.org/dotbot; help@moz.com)"
216.244.66.250 - - [15/Jun/2026:17:52:23 -0400] "GET /?add-to-cart=203 HTTP/1.1" 301 0 "-" "Mozilla/5.0 (compatible; DotBot/1.2; +https://opensiteexplorer.org/dotbot; help@moz.com)"
66.249.74.74 - - [15/Jun/2026:17:53:33 -0400] "GET /Juego-en-linea/m%C3%A1quinas-tragamonedas-cl%C3%A1sicas-para-jugar-gratis-en-espa%C3%B1ol.html HTTP/1.1" 404 33341 "-" "Mozilla/5.0 (Linux; Android 6.0.1; Nexus 5X Build/MMB29P) AppleWebKit/537.36 (KHTML, like Gecko) Chrome/148.0.7778.96 Mobile Safari/537.36 (compatible; Googlebot/2.1; +http://www.google.com/bot.html)"
216.244.66.250 - - [15/Jun/2026:17:44:15 -0400] "GET /robots.txt HTTP/1.1" 200 115 "-" "Mozilla/5.0 (compatible; DotBot/1.2; +https://opensiteexplorer.org/dotbot; help@moz.com)"
207.210.83.200 - - [15/Jun/2026:17:52:24 -0400] "POST /wp-cron.php?doing_wp_cron=1781560344.7877130508422851562500 HTTP/1.1" 200 0 "-" "WordPress/7.0; https://elpapiro.cl"
207.210.83.200 - - [15/Jun/2026:17:53:23 -0400] "POST /wp-cron.php?doing_wp_cron=1781560403.3030281066894531250000 HTTP/1.1" 200 0 "-" "WordPress/7.0; https://elpapiro.cl"
66.249.74.74 - - [15/Jun/2026:18:23:30 -0400] "GET /Juego-en-linea/casino-sant-cugat.html HTTP/1.1" 404 33195 "-" "Mozilla/5.0 (Linux; Android 6.0.1; Nexus 5X Build/MMB29P) AppleWebKit/537.36 (KHTML, like Gecko) Chrome/148.0.7778.96 Mobile Safari/537.36 (compatible; Googlebot/2.1; +http://www.google.com/bot.html)"
207.210.83.200 - - [15/Jun/2026:18:24:20 -0400] "POST /wp-cron.php?doing_wp_cron=1781562260.2098329067230224609375 HTTP/1.1" 200 0 "-" "WordPress/7.0; https://elpapiro.cl"
207.210.83.200 - - [15/Jun/2026:18:28:59 -0400] "POST /wp-cron.php?doing_wp_cron=1781562539.6221449375152587890625 HTTP/1.1" 200 0 "-" "WordPress/7.0; https://elpapiro.cl"
207.210.83.200 - - [15/Jun/2026:18:23:35 -0400] "POST /wp-cron.php?doing_wp_cron=1781562215.5957250595092773437500 HTTP/1.1" 200 0 "-" "WordPress/7.0; https://elpapiro.cl"
66.249.74.73 - - [15/Jun/2026:18:24:02 -0400] "GET /robots.txt HTTP/1.1" 200 93 "-" "Mozilla/5.0 (compatible; Googlebot/2.1; +http://www.google.com/bot.html)"
66.249.74.73 - - [15/Jun/2026:18:24:02 -0400] "GET /Juego-en-linea/jugar-ruleta-americana-online-bitcoin.html HTTP/1.1" 404 33229 "-" "Mozilla/5.0 (Linux; Android 6.0.1; Nexus 5X Build/MMB29P) AppleWebKit/537.36 (KHTML, like Gecko) Chrome/148.0.7778.96 Mobile Safari/537.36 (compatible; Googlebot/2.1; +http://www.google.com/bot.html)"
216.244.66.250 - - [15/Jun/2026:18:27:29 -0400] "GET /robots.txt HTTP/1.1" 200 115 "-" "Mozilla/5.0 (compatible; DotBot/1.2; +https://opensiteexplorer.org/dotbot; help@moz.com)"
93.56.140.144 - - [15/Jun/2026:18:28:58 -0400] "GET / HTTP/1.1" 301 0 "-" "Mozilla/5.0 (Windows NT 10.0; Win64; x64) AppleWebKit/537.36 (KHTML, like Gecko) Chrome/133.0.0.0 Safari/537.36"
66.249.74.74 - - [15/Jun/2026:18:24:15 -0400] "GET /Juego-en-linea/slots-gratis-bizum.html HTTP/1.1" 404 33182 "-" "Mozilla/5.0 (Linux; Android 6.0.1; Nexus 5X Build/MMB29P) AppleWebKit/537.36 (KHTML, like Gecko) Chrome/148.0.7778.96 Mobile Safari/537.36 (compatible; Googlebot/2.1; +http://www.google.com/bot.html)"
216.244.66.250 - - [15/Jun/2026:18:35:42 -0400] "GET /?add-to-cart=3047 HTTP/1.1" 301 0 "-" "Mozilla/5.0 (compatible; DotBot/1.2; +https://opensiteexplorer.org/dotbot; help@moz.com)"
207.210.83.200 - - [15/Jun/2026:18:35:44 -0400] "POST /wp-cron.php?doing_wp_cron=1781562944.4513690471649169921875 HTTP/1.1" 200 0 "-" "WordPress/7.0; https://elpapiro.cl"
66.249.74.75 - - [15/Jun/2026:18:55:12 -0400] "GET /Juego-en-linea/casino-online-sin-cuenta.html HTTP/1.1" 404 33210 "-" "Mozilla/5.0 (Linux; Android 6.0.1; Nexus 5X Build/MMB29P) AppleWebKit/537.36 (KHTML, like Gecko) Chrome/148.0.7778.96 Mobile Safari/537.36 (compatible; Googlebot/2.1; +http://www.google.com/bot.html)"
207.210.83.200 - - [15/Jun/2026:18:56:46 -0400] "POST /wp-cron.php?doing_wp_cron=1781564206.4295010566711425781250 HTTP/1.1" 200 0 "-" "WordPress/7.0; https://elpapiro.cl"
207.210.83.200 - - [15/Jun/2026:18:55:18 -0400] "POST /wp-cron.php?doing_wp_cron=1781564118.5936069488525390625000 HTTP/1.1" 200 0 "-" "WordPress/7.0; https://elpapiro.cl"
66.249.74.73 - - [15/Jun/2026:18:56:41 -0400] "GET /Juego-en-linea/juegos-gratis-sin-registrarse-21-blackjack.html HTTP/1.1" 404 33230 "-" "Mozilla/5.0 (Linux; Android 6.0.1; Nexus 5X Build/MMB29P) AppleWebKit/537.36 (KHTML, like Gecko) Chrome/148.0.7778.96 Mobile Safari/537.36 (compatible; Googlebot/2.1; +http://www.google.com/bot.html)"
216.244.66.250 - - [15/Jun/2026:19:10:36 -0400] "GET /robots.txt HTTP/1.1" 200 115 "-" "Mozilla/5.0 (compatible; DotBot/1.2; +https://opensiteexplorer.org/dotbot; help@moz.com)"
207.210.83.200 - - [15/Jun/2026:19:18:29 -0400] "POST /wp-cron.php?doing_wp_cron=1781565509.4960970878601074218750 HTTP/1.1" 200 0 "-" "WordPress/7.0; https://elpapiro.cl"
216.244.66.250 - - [15/Jun/2026:19:18:27 -0400] "GET /?add-to-cart=6730 HTTP/1.1" 301 0 "-" "Mozilla/5.0 (compatible; DotBot/1.2; +https://opensiteexplorer.org/dotbot; help@moz.com)"
172.69.24.71 - - [15/Jun/2026:19:24:18 -0400] "GET /.well-known/acme-challenge/jY9dQmu0eX50m9EBhru4ypshWDxHPoAywf9yHkDppZ4 HTTP/1.1" 404 1251 "-" "bushbaby/2026.6.5"
172.69.24.71 - - [15/Jun/2026:19:24:18 -0400] "GET /.well-known/acme-challenge/jY9dQmu0eX50m9EBhru4ypshWDxHPoAywf9yHkDppZ4 HTTP/1.1" 404 1251 "-" "bushbaby/2026.6.5"
66.249.74.74 - - [15/Jun/2026:19:26:59 -0400] "GET /Juego-en-linea/mejor-casino-online-litecoin.html HTTP/1.1" 404 33280 "-" "Mozilla/5.0 (Linux; Android 6.0.1; Nexus 5X Build/MMB29P) AppleWebKit/537.36 (KHTML, like Gecko) Chrome/148.0.7778.96 Mobile Safari/537.36 (compatible; Googlebot/2.1; +http://www.google.com/bot.html)"
66.249.74.74 - - [15/Jun/2026:19:28:42 -0400] "GET /robots.txt HTTP/1.1" 200 93 "-" "Mozilla/5.0 (compatible; Googlebot/2.1; +http://www.google.com/bot.html)"
207.210.83.200 - - [15/Jun/2026:19:31:15 -0400] "GET /.well-known/acme-challenge/QQ35ZU908T_4W31RVL7USJP_E-IWXUZE HTTP/1.1" 200 64 "-" "Cpanel-HTTP-Client/1.0"
66.249.74.75 - - [15/Jun/2026:19:26:35 -0400] "GET /robots.txt HTTP/1.1" 200 93 "-" "Mozilla/5.0 (compatible; Googlebot/2.1; +http://www.google.com/bot.html)"
207.210.83.200 - - [15/Jun/2026:19:27:04 -0400] "POST /wp-cron.php?doing_wp_cron=1781566024.4721019268035888671875 HTTP/1.1" 200 0 "-" "WordPress/7.0; https://elpapiro.cl"
207.210.83.200 - - [15/Jun/2026:19:28:48 -0400] "POST /wp-cron.php?doing_wp_cron=1781566128.5891230106353759765625 HTTP/1.1" 200 0 "-" "WordPress/7.0; https://elpapiro.cl"
66.249.74.73 - - [15/Jun/2026:19:28:43 -0400] "GET /Juego-en-linea/casino-las-higueras.html HTTP/1.1" 404 33183 "-" "Mozilla/5.0 (Linux; Android 6.0.1; Nexus 5X Build/MMB29P) AppleWebKit/537.36 (KHTML, like Gecko) Chrome/148.0.7778.96 Mobile Safari/537.36 (compatible; Googlebot/2.1; +http://www.google.com/bot.html)"
207.210.83.200 - - [15/Jun/2026:19:31:14 -0400] "GET /.well-known/acme-challenge/-4SWWUB90ILP9BICF8NGEF4IQX0EXCS9 HTTP/1.1" 200 64 "-" "Cpanel-HTTP-Client/1.0"
207.210.83.200 - - [15/Jun/2026:19:31:15 -0400] "GET /.well-known/acme-challenge/Y9G09CRICVM_-5KLL9N0-EGB18JE-DV8 HTTP/1.1" 200 64 "-" "Cpanel-HTTP-Client/1.0"
207.210.83.200 - - [15/Jun/2026:19:59:42 -0400] "POST /wp-cron.php?doing_wp_cron=1781567982.4939379692077636718750 HTTP/1.1" 200 0 "-" "WordPress/7.0; https://elpapiro.cl"
66.249.74.74 - - [15/Jun/2026:19:59:37 -0400] "GET /Juego-en-linea/casino-con-bitcoin-retiro-transferencia.html HTTP/1.1" 404 33268 "-" "Mozilla/5.0 (Linux; Android 6.0.1; Nexus 5X Build/MMB29P) AppleWebKit/537.36 (KHTML, like Gecko) Chrome/148.0.7778.96 Mobile Safari/537.36 (compatible; Googlebot/2.1; +http://www.google.com/bot.html)"
66.249.74.74 - - [15/Jun/2026:20:25:34 -0400] "GET /Juego-en-linea/giros-gratis-casino.html HTTP/1.1" 404 33177 "-" "Mozilla/5.0 (Linux; Android 6.0.1; Nexus 5X Build/MMB29P) AppleWebKit/537.36 (KHTML, like Gecko) Chrome/148.0.7778.96 Mobile Safari/537.36 (compatible; Googlebot/2.1; +http://www.google.com/bot.html)"
207.210.83.200 - - [15/Jun/2026:20:25:38 -0400] "POST /wp-cron.php?doing_wp_cron=1781569538.9384849071502685546875 HTTP/1.1" 200 0 "-" "WordPress/7.0; https://elpapiro.cl"
216.244.66.250 - - [15/Jun/2026:20:36:31 -0400] "GET /robots.txt HTTP/1.1" 200 115 "-" "Mozilla/5.0 (compatible; DotBot/1.2; +https://opensiteexplorer.org/dotbot; help@moz.com)"
207.210.83.200 - - [15/Jun/2026:20:43:24 -0400] "POST /wp-cron.php?doing_wp_cron=1781570604.6552629470825195312500 HTTP/1.1" 200 0 "-" "WordPress/7.0; https://elpapiro.cl"
66.249.74.73 - - [15/Jun/2026:20:43:15 -0400] "GET /robots.txt HTTP/1.1" 200 93 "-" "Mozilla/5.0 (compatible; Googlebot/2.1; +http://www.google.com/bot.html)"
66.249.74.74 - - [15/Jun/2026:20:43:20 -0400] "GET /Juego-en-linea/jugar-crupier-en-espa%C3%B1ol-movil.html HTTP/1.1" 404 33283 "-" "Mozilla/5.0 (Linux; Android 6.0.1; Nexus 5X Build/MMB29P) AppleWebKit/537.36 (KHTML, like Gecko) Chrome/148.0.7778.96 Mobile Safari/537.36 (compatible; Googlebot/2.1; +http://www.google.com/bot.html)"
207.210.83.200 - - [15/Jun/2026:20:46:24 -0400] "POST /wp-cron.php?doing_wp_cron=1781570784.7348599433898925781250 HTTP/1.1" 200 0 "-" "WordPress/7.0; https://elpapiro.cl"
216.244.66.250 - - [15/Jun/2026:20:46:23 -0400] "GET /page/2/?add-to-cart=2994 HTTP/1.1" 301 0 "-" "Mozilla/5.0 (compatible; DotBot/1.2; +https://opensiteexplorer.org/dotbot; help@moz.com)"
216.244.66.250 - - [15/Jun/2026:20:46:29 -0400] "GET /tienda/product/pad-mouse/?add-to-cart=6116 HTTP/1.1" 301 795 "-" "Mozilla/5.0 (compatible; DotBot/1.2; +https://opensiteexplorer.org/dotbot; help@moz.com)"
207.210.83.200 - - [15/Jun/2026:21:11:41 -0400] "POST /wp-cron.php?doing_wp_cron=1781572301.9369239807128906250000 HTTP/1.1" 200 0 "-" "WordPress/7.0; https://elpapiro.cl"
66.249.74.73 - - [15/Jun/2026:21:11:37 -0400] "GET /Juego-en-linea/jackpot-en-euros-casino-online-espa%C3%B1a.html HTTP/1.1" 404 33234 "-" "Mozilla/5.0 (Linux; Android 6.0.1; Nexus 5X Build/MMB29P) AppleWebKit/537.36 (KHTML, like Gecko) Chrome/148.0.7778.96 Mobile Safari/537.36 (compatible; Googlebot/2.1; +http://www.google.com/bot.html)"
216.244.66.250 - - [15/Jun/2026:21:19:40 -0400] "GET /robots.txt HTTP/1.1" 200 115 "-" "Mozilla/5.0 (compatible; DotBot/1.2; +https://opensiteexplorer.org/dotbot; help@moz.com)"
216.244.66.250 - - [15/Jun/2026:21:29:33 -0400] "GET /tienda/product/tazones-color-personalizados/?add-to-cart=6093 HTTP/1.1" 301 795 "-" "Mozilla/5.0 (compatible; DotBot/1.2; +https://opensiteexplorer.org/dotbot; help@moz.com)"
216.244.66.250 - - [15/Jun/2026:21:29:24 -0400] "GET /tienda/product/pad-mouse/?add-to-cart=6103 HTTP/1.1" 301 795 "-" "Mozilla/5.0 (compatible; DotBot/1.2; +https://opensiteexplorer.org/dotbot; help@moz.com)"
66.249.74.74 - - [15/Jun/2026:21:33:29 -0400] "GET /Juego-en-linea/demo-ruleta-europea.html HTTP/1.1" 404 33178 "-" "Mozilla/5.0 (Linux; Android 6.0.1; Nexus 5X Build/MMB29P) AppleWebKit/537.36 (KHTML, like Gecko) Chrome/148.0.7778.96 Mobile Safari/537.36 (compatible; Googlebot/2.1; +http://www.google.com/bot.html)"
216.244.66.250 - - [15/Jun/2026:21:29:29 -0400] "GET /tienda/product/pantuflas-personalizadas/?add-to-cart=6097 HTTP/1.1" 301 795 "-" "Mozilla/5.0 (compatible; DotBot/1.2; +https://opensiteexplorer.org/dotbot; help@moz.com)"
207.210.83.200 - - [15/Jun/2026:21:33:34 -0400] "POST /wp-cron.php?doing_wp_cron=1781573614.6360380649566650390625 HTTP/1.1" 200 0 "-" "WordPress/7.0; https://elpapiro.cl"